000
CXUS55 KRIW 011110
CF6BYG
PRELIMINARY LOCAL CLIMATOLOGICAL DATA (WS FORM: F-6)
STATION: BUFFALO WY
MONTH: NOVEMBER
YEAR: 2020
LATITUDE: 44 22 N
LONGITUDE: 106 43 W
TEMPERATURE IN F: :PCPN: SNOW: WIND :SUNSHINE: SKY :PK WND
================================================================================
1 2 3 4 5 6A 6B 7 8 9 10 11 12 13 14 15 16 17 18
12Z AVG MX 2MIN
DY MAX MIN AVG DEP HDD CDD WTR SNW DPTH SPD SPD DIR MIN PSBL S-S WX SPD DR
================================================================================
1 62 28 45 4 20 0 0.00 M M 5.7 14 170 M M 0 17 170
2 71 41 56 16 9 0 0.00 M M 8.2 16 150 M M 0 20 150
3 75 47 61 21 4 0 0.00 M M 7.9 14 150 M M 0 19 150
4 68 44 56 16 9 0 0.00 M M 6.2 21 260 M M 0 31 260
5 72 41 57 18 8 0 0.00 M M 5.9 21 240 M M 0 29 250
6 67 41 54 15 11 0 0.00 M M 7.2 24 250 M M 0 34 250
7 69 48 59 21 6 0 T M M 13.5 30 280 M M 0 42 270
8 56 17 37 -1 28 0 T M M 17.9 36 330 M M 10 12 46 330
9 29 11 20 -17 45 0 T M M 6.4 17 330 M M 6 23 330
10 39 18 29 -8 36 0 0.00 M M 5.1 16 350 M M 3 22 320
11 34 17 26 -10 39 0 T M M 7.3 21 360 M M 5 1 27 350
12 32 13 23 -13 42 0 0.00 M M 5.5 16 150 M M 2 21 160
13 56 20 38 3 27 0 0.00 M M 11.1 37 250 M M 0 51 240
14 46 28 37 2 28 0 T M M 17.9 37 280 M M 5 1 53 330
15 47 20 34 0 31 0 0.00 M M 4.9 24 290 M M 1 34 290
16 49 26 38 4 27 0 0.00 M M 5.6 17 300 M M 2 23 300
17 73 33 53 20 12 0 0.00 M M 8.0 22 120 M M 0 8 29 140
18 70 43 57 24 8 0 0.00 M M 10.2 26 260 M M 0 43 250
19 50 26 38 6 27 0 0.00 M M 8.4 24 350 M M 3 31 350
20 41 19 30 -2 35 0 0.00 M M 5.4 13 140 M M 2 16 120
21 46 18 32 1 33 0 0.00 M M 9.4 24 330 M M 0 36 360
22 42 22 32 1 33 0 0.00 M M 6.4 14 140 M M 0 17 140
23 48 23 36 6 29 0 0.00 M M 7.6 14 330 M M 0 19 340
24 41 20 31 1 34 0 0.00 M M 5.2 16 140 M M 0 20 170
25 50 23 37 7 28 0 0.00 M M 8.3 24 330 M M 3 31 340
26 39 21 30 1 35 0 T M M 7.6 18 340 M M 5 1 27 330
27 49 23 36 7 29 0 0.00 M M 6.6 13 260 M M 0 15 270
28 58 33 46 18 19 0 0.00 M M 10.5 24 330 M M 0 34 340
29 40 18 29 1 36 0 0.00 M M 9.6 21 330 M M 1 28 330
30 64 27 46 18 19 0 0.00 M M 7.4 36 350 M M 0 48 350
================================================================================
SM 1583 809 747 0 T M 246.9 M 48
================================================================================
AV 52.8 27.0 8.2 FASTST M M 2 MAX(MPH)
MISC ----> # 37 280 53 330
================================================================================
NOTES:
# LAST OF SEVERAL OCCURRENCES
COLUMN 17 PEAK WIND IN M.P.H.
PRELIMINARY LOCAL CLIMATOLOGICAL DATA (WS FORM: F-6) , PAGE 2
STATION: BUFFALO WY
MONTH: NOVEMBER
YEAR: 2020
LATITUDE: 44 22 N
LONGITUDE: 106 43 W
[TEMPERATURE DATA] [PRECIPITATION DATA] SYMBOLS USED IN COLUMN 16
AVERAGE MONTHLY: 39.9 TOTAL FOR MONTH: T 1 = FOG OR MIST
DPTR FM NORMAL: 5.9 DPTR FM NORMAL: -0.54 2 = FOG REDUCING VISIBILITY
HIGHEST: 75 ON 3 GRTST 24HR T ON 7- 7 TO 1/4 MILE OR LESS
LOWEST: 11 ON 9 3 = THUNDER
SNOW, ICE PELLETS, HAIL 4 = ICE PELLETS
TOTAL MONTH: M 5 = HAIL
GRTST 24HR M ON M 6 = FREEZING RAIN OR DRIZZLE
GRTST DEPTH: M ON M 7 = DUSTSTORM OR SANDSTORM:
VSBY 1/2 MILE OR LESS
8 = SMOKE OR HAZE
[NO. OF DAYS WITH] [WEATHER - DAYS WITH] 9 = BLOWING SNOW
X = TORNADO
MAX 32 OR BELOW: 2 0.01 INCH OR MORE: 0
MAX 90 OR ABOVE: 0 0.10 INCH OR MORE: 0
MIN 32 OR BELOW: 21 0.50 INCH OR MORE: 0
MIN 0 OR BELOW: 0 1.00 INCH OR MORE: 0
[HDD (BASE 65) ]
TOTAL THIS MO. 747 CLEAR (SCALE 0-3) 25
DPTR FM NORMAL -181 PTCLDY (SCALE 4-7) 4
TOTAL FM JUL 1 1598 CLOUDY (SCALE 8-10) 1
DPTR FM NORMAL -236
[CDD (BASE 65) ]
TOTAL THIS MO. 0
DPTR FM NORMAL 0 [PRESSURE DATA]
TOTAL FM JAN 1 711 HIGHEST SLP 30.54 ON 20
DPTR FM NORMAL 219 LOWEST SLP 29.05 ON 8
[REMARKS]
#FINAL-11-20#