000
CXUS55 KPIH 011206
CF6BYI
PRELIMINARY LOCAL CLIMATOLOGICAL DATA (WS FORM: F-6)
STATION: BURLEY ID
MONTH: JANUARY
YEAR: 2021
LATITUDE: 42 32 N
LONGITUDE: 113 46 W
TEMPERATURE IN F: :PCPN: SNOW: WIND :SUNSHINE: SKY :PK WND
================================================================================
1 2 3 4 5 6A 6B 7 8 9 10 11 12 13 14 15 16 17 18
12Z AVG MX 2MIN
DY MAX MIN AVG DEP HDD CDD WTR SNW DPTH SPD SPD DIR MIN PSBL S-S WX SPD DR
================================================================================
1 41 28 35 9 30 0 0.00 M M 6.7 14 60 M M 5 20 60
2 43 29 36 10 29 0 0.01 M M 7.9 20 210 M M 8 1 26 200
3 47 33 40 14 25 0 0.17 M M 10.2 25 250 M M 7 1 36 270
4 46 29 38 12 27 0 0.16 M M 12.0 38 270 M M 7 58 260
5 42 27 35 9 30 0 0.01 M M 10.5 30 240 M M 2 43 270
6 40 23 32 6 33 0 0.00 M M 8.0 18 60 M M 2 25 50
7 43 28 36 10 29 0 T M M 6.6 22 250 M M 8 29 250
8 37 25 31 5 34 0 T M M 8.3 16 70 M M 5 1 21 60
9 34 30 32 6 33 0 T M M 6.6 14 270 M M 10 1 20 310
10 38 25 32 6 33 0 0.00 M M 6.4 14 60 M M 4 19 60
11 40 20 30 4 35 0 0.00 M M 8.2 18 50 M M 0 23 40
12 46 22 34 8 31 0 T M M 7.0 17 190 M M 4 8 24 200
13 52 32 42 16 23 0 0.03 M M 15.6 28 210 M M 6 49 270
14 43 27 35 8 30 0 0.00 M M 8.2 18 260 M M 0 24 250
15 47 21 34 7 31 0 T M M 4.7 12 340 M M 2 15 330
16 44 26 35 8 30 0 0.00 M M 4.7 12 290 M M 5 18 16 260
17 47 25 36 9 29 0 0.00 M M 8.9 26 240 M M 5 1 33 250
18 37 23 30 3 35 0 0.00 M M 6.0 14 270 M M 6 23 270
19 40 18 29 2 36 0 0.00 M M 5.5 16 60 M M 0 23 80
20 44 16 30 3 35 0 0.00 M M 2.3 9 350 M M 0 12 360
21 41 25 33 6 32 0 T M M 1.6 9 110 M M 8 12 120
22 42 29 36 9 29 0 T M M 7.6 16 60 M M 8 21 60
23 33 15 24 -3 41 0 0.08 M M 6.2 15 270 M M 8 12 24 290
24 34 7 21 -6 44 0 0.00 M M 2.6 10 60 M M 0 13 60
25 36 16 26 -1 39 0 0.00 M M 8.9 18 70 M M 4 26 50
26 34 18 26 -1 39 0 T M M 4.0 12 250 M M 8 1 14 250
27 39 17 28 0 37 0 T M M 12.3 30 200 M M 7 18 43 190
28 48 35 42 14 23 0 0.00 M M 7.1 20 210 M M 9 27 220
29 47 32 40 12 25 0 0.13 M M 7.5 20 250 M M 10 1 30 250
30 42 25 34 6 31 0 0.00 M M 8.6 20 250 M M 3 28 260
31 48 21 35 7 30 0 0.00 M M 5.0 13 70 M M 0 15 70
================================================================================
SM 1295 747 988 0 0.59 M 225.7 M 151
================================================================================
AV 41.8 24.1 7.3 FASTST M M 5 MAX(MPH)
MISC ----> 38 270 58 260
================================================================================
NOTES:
# LAST OF SEVERAL OCCURRENCES
COLUMN 17 PEAK WIND IN M.P.H.
PRELIMINARY LOCAL CLIMATOLOGICAL DATA (WS FORM: F-6) , PAGE 2
STATION: BURLEY ID
MONTH: JANUARY
YEAR: 2021
LATITUDE: 42 32 N
LONGITUDE: 113 46 W
[TEMPERATURE DATA] [PRECIPITATION DATA] SYMBOLS USED IN COLUMN 16
AVERAGE MONTHLY: 32.9 TOTAL FOR MONTH: 0.59 1 = FOG OR MIST
DPTR FM NORMAL: 6.1 DPTR FM NORMAL: -0.32 2 = FOG REDUCING VISIBILITY
HIGHEST: 52 ON 13 GRTST 24HR 0.29 ON 29-29 TO 1/4 MILE OR LESS
LOWEST: 7 ON 24 3 = THUNDER
SNOW, ICE PELLETS, HAIL 4 = ICE PELLETS
TOTAL MONTH: M 5 = HAIL
GRTST 24HR M ON M 6 = FREEZING RAIN OR DRIZZLE
GRTST DEPTH: M ON M 7 = DUSTSTORM OR SANDSTORM:
VSBY 1/2 MILE OR LESS
8 = SMOKE OR HAZE
[NO. OF DAYS WITH] [WEATHER - DAYS WITH] 9 = BLOWING SNOW
X = TORNADO
MAX 32 OR BELOW: 0 0.01 INCH OR MORE: 7
MAX 90 OR ABOVE: 0 0.10 INCH OR MORE: 3
MIN 32 OR BELOW: 29 0.50 INCH OR MORE: 0
MIN 0 OR BELOW: 0 1.00 INCH OR MORE: 0
[HDD (BASE 65) ]
TOTAL THIS MO. 988 CLEAR (SCALE 0-3) 10
DPTR FM NORMAL -198 PTCLDY (SCALE 4-7) 17
TOTAL FM JUL 1 3392 CLOUDY (SCALE 8-10) 4
DPTR FM NORMAL -673
[CDD (BASE 65) ]
TOTAL THIS MO. 0
DPTR FM NORMAL 0 [PRESSURE DATA]
TOTAL FM JAN 1 0 HIGHEST SLP 30.58 ON 15
DPTR FM NORMAL 0 LOWEST SLP 29.58 ON 29
[REMARKS]
#FINAL-01-21#