000
CXUS55 KPIH 011100
CF6BYI
PRELIMINARY LOCAL CLIMATOLOGICAL DATA (WS FORM: F-6)
STATION: BURLEY
MONTH: AUGUST
YEAR: 2023
LATITUDE: 42 32 N
LONGITUDE: 113 46 W
TEMPERATURE IN F: :PCPN: SNOW: WIND :SUNSHINE: SKY :PK WND
================================================================================
1 2 3 4 5 6A 6B 7 8 9 10 11 12 13 14 15 16 17 18
12Z AVG MX 2MIN
DY MAX MIN AVG DEP HDD CDD WTR SNW DPTH SPD SPD DIR MIN PSBL S-S WX SPD DR
================================================================================
1 92 58 75 2 0 10 0.01 M M 7.5 32 200 M M 2 38 46 180
2 74 63 69 -4 0 4 T M M 9.7 20 60 M M 7 1 26 50
3 76 62 69 -4 0 4 T M M 6.7 18 250 M M 6 26 260
4 81 58 70 -3 0 5 0.00 M M 4.5 15 20 M M 3 3 22 20
5 85 55 70 -2 0 5 T M M 8.2 28 180 M M 0 3 36 200
6 83 51 67 -5 0 2 T M M 5.2 22 230 M M 1 3 28 230
7 77 55 66 -6 0 1 T M M 8.9 24 240 M M 1 3 33 240
8 75 52 64 -8 1 0 T M M 8.9 21 260 M M 1 29 250
9 88 49 69 -3 0 4 0.00 M M 5.0 15 220 M M 0 22 210
10 84 56 70 -2 0 5 0.00 M M 8.4 16 280 M M 0 26 290
11 89 54 72 1 0 7 0.00 M M 5.4 12 220 M M 0 16 270
12 87 57 72 1 0 7 0.00 M M 9.3 17 250 M M 0 25 270
13 87 49 68 -3 0 3 0.00 M M 4.0 12 60 M M 0 17 90
14 90 60 75 4 0 10 0.00 M M 6.7 16 50 M M 0 23 50
15 95 53 74 4 0 9 0.00 M M 4.4 14 210 M M 0 19 210
16 94 62 78 8 0 13 0.00 M M 5.4 15 200 M M 0 22 200
17 94 59 77 7 0 12 0.08 M M 4.6 22 120 M M 2 3 43 160
18 87 61 74 4 0 9 0.03 M M 5.5 15 160 M M 0 3 21 280
19 84 60 72 3 0 7 T M M 3.3 13 200 M M 2 17 200
20 71 62 67 -2 0 2 0.09 M M 6.8 23 200 M M 10 33 180
21 83 63 73 4 0 8 0.02 M M 13.3 35 200 M M 3 50 210
22 80 58 69 1 0 4 T M M 8.4 25 250 M M 3 35 190
23 84 54 69 1 0 4 T M M 2.8 8 360 M M 1 3 12 350
24 86 52 69 1 0 4 0.00 M M 2.7 15 250 M M 2 8 22 260
25 91 55 73 5 0 8 0.01 M M 3.0 25 240 M M 1 3 35 290
26 85 60 73 6 0 8 T M M 8.1 20 210 M M 2 3 26 210
27 88 60 74 7 0 9 0.01 M M 7.5 21 20 M M 1 13 34 290
28 91 58 75 8 0 10 0.00 M M 7.7 15 80 M M 0 20 80
29 94 56 75 9 0 10 0.00 M M 10.2 24 250 M M 0 37 260
30 71 50 61 -5 4 0 0.00 M M 11.7 20 250 M M 0 32 270
31 85 45 65 -1 0 0 0.00 M M 6.2 16 70 M M 0 22 70
================================================================================
SM 2631 1747 5 184 0.25 M 210.0 M 48
================================================================================
AV 84.9 56.4 6.8 FASTST M M 2 MAX(MPH)
MISC ----> 35 200 50 210
================================================================================
NOTES:
# LAST OF SEVERAL OCCURRENCES
COLUMN 17 PEAK WIND IN M.P.H.
PRELIMINARY LOCAL CLIMATOLOGICAL DATA (WS FORM: F-6) , PAGE 2
STATION: BURLEY
MONTH: AUGUST
YEAR: 2023
LATITUDE: 42 32 N
LONGITUDE: 113 46 W
[TEMPERATURE DATA] [PRECIPITATION DATA] SYMBOLS USED IN COLUMN 16
AVERAGE MONTHLY: 70.6 TOTAL FOR MONTH: 0.25 1 = FOG OR MIST
DPTR FM NORMAL: 0.7 DPTR FM NORMAL: -0.15 2 = FOG REDUCING VISIBILITY
HIGHEST: 95 ON 15 GRTST 24HR 0.11 ON 17-18 TO 1/4 MILE OR LESS
LOWEST: 45 ON 31 3 = THUNDER
SNOW, ICE PELLETS, HAIL 4 = ICE PELLETS
TOTAL MONTH: M 5 = HAIL
GRTST 24HR M ON M 6 = FREEZING RAIN OR DRIZZLE
GRTST DEPTH: M ON M 7 = DUSTSTORM OR SANDSTORM:
VSBY 1/2 MILE OR LESS
8 = SMOKE OR HAZE
[NO. OF DAYS WITH] [WEATHER - DAYS WITH] 9 = BLOWING SNOW
X = TORNADO
MAX 32 OR BELOW: 0 0.01 INCH OR MORE: 7
MAX 90 OR ABOVE: 8 0.10 INCH OR MORE: 0
MIN 32 OR BELOW: 0 0.50 INCH OR MORE: 0
MIN 0 OR BELOW: 0 1.00 INCH OR MORE: 0
[HDD (BASE 65) ]
TOTAL THIS MO. 5 CLEAR (SCALE 0-3) 28
DPTR FM NORMAL -17 PTCLDY (SCALE 4-7) 2
TOTAL FM JUL 1 6 CLOUDY (SCALE 8-10) 1
DPTR FM NORMAL -23
[CDD (BASE 65) ]
TOTAL THIS MO. 184
DPTR FM NORMAL 10 [PRESSURE DATA]
TOTAL FM JAN 1 457 HIGHEST SLP 30.13 ON 26
DPTR FM NORMAL 0 LOWEST SLP 29.59 ON 31
[REMARKS]
#FINAL-08-23#