000
CXUS54 KHGX 011410
CF6BYY
PRELIMINARY LOCAL CLIMATOLOGICAL DATA (WS FORM: F-6)
STATION: Bay City
MONTH: JULY
YEAR: 2023
LATITUDE: 28 58 N
LONGITUDE: 95 52 W
TEMPERATURE IN F: :PCPN: SNOW: WIND :SUNSHINE: SKY :PK WND
================================================================================
1 2 3 4 5 6A 6B 7 8 9 10 11 12 13 14 15 16 17 18
12Z AVG MX 2MIN
DY MAX MIN AVG DEP HDD CDD WTR SNW DPTH SPD SPD DIR MIN PSBL S-S WX SPD DR
================================================================================
1 94 74 84 M 0 19 0.00 0.0 0 5.6 13 170 M M 2 1 18 170
2 96 78 87 M 0 22 M 0.0 0 3.9 10 160 M M 3 20 230
3 92 75 84 M 0 19 M 0.0 0 4.6 12 180 M M 2 1 15 220
4 93 78 86 M 0 21 M 0.0 M 8.7 16 180 M M 3 21 180
5 93 77 85 M 0 20 M 0.0 M 8.2 16 160 M M 4 33 150
6 85 76 81 M 0 16 0.03 0.0 0 4.3 9 210 M M 3 M M
7 90 76 83 M 0 18 M 0.0 M 6.5 16 180 M M 5 1 24 210
8 93 75 84 M 0 19 M 0.0 M 6.7 16 200 M M 4 1 20 220
9 95 78 87 M 0 22 M 0.0 M 8.6 16 190 M M 3 22 220
10 96 77 87 M 0 22 0.00 0.0 0 7.2 15 200 M M 2 1 18 180
11 95 79 87 M 0 22 M 0.0 0 9.4 16 220 M M 3 21 200
12 95 82 89 M 0 24 0.00 0.0 0 12.1 16 170 M M 6 24 210
13 96 81 89 M 0 24 0.00 0.0 0 11.0 17 210 M M 4 8 22 210
14 95 81 88 M 0 23 0.00 0.0 0 10.9 20 180 M M 6 24 180
15 98 79 89 M 0 24 0.00 0.0 0 8.4 16 190 M M 3 20 210
16 98 77 88 M 0 23 0.00 0.0 0 7.1 15 190 M M 2 1 18 210
17 99 77 88 M 0 23 M 0.0 0 7.8 13 220 M M 2 1 17 230
18 96 79 88 M 0 23 M 0.0 0 7.9 14 190 M M 2 20 250
19 98 79 89 M 0 24 M 0.0 0 7.7 13 220 M M 3 18 210
20 96 75 86 M 0 21 M 0.0 0 6.0 14 170 M M 2 1 17 230
21 98 75 87 M 0 22 M 0.0 0 5.3 14 200 M M 3 20 200
22 102 75 89 M 0 24 0.00 0.0 0 5.6 15 220 M M 2 1 18 230
23 101 75 88 M 0 23 0.84 0.0 0 4.6 16 180 M M 3 29 170
24 97 74 86 M 0 21 0.00 0.0 0 4.7 18 160 M M 1 1 25 160
25 99 75 87 M 0 22 0.00 0.0 0 5.1 14 170 M M 2 23 200
26 96 75 86 M 0 21 0.05 0.0 0 5.5 14 250 M M 2 18 180
27 97 75 86 M 0 21 0.00 0.0 0 4.6 10 180 M M 2 18 170
28 98 73 86 M 0 21 0.00 0.0 0 4.7 15 170 M M 2 1 23 180
29 97 73 85 M 0 20 0.16 0.0 0 4.1 16 130 M M 2 1 17 200
30 101 74 88 M 0 23 0.00 0.0 0 4.1 13 180 M M 1 20 220
31 103 73 88 M 0 23 0.00 0.0 0 4.0 13 180 M M 2 22 160
================================================================================
SM 2982 2370 0 670 1.08 0.0 204.9 M 86
================================================================================
AV 96.2 76.5 6.6 FASTST M M 3 MAX(MPH)
MISC ----> 20 180 33 150
================================================================================
NOTES:
# LAST OF SEVERAL OCCURRENCES
COLUMN 17 PEAK WIND IN M.P.H.
PRELIMINARY LOCAL CLIMATOLOGICAL DATA (WS FORM: F-6) , PAGE 2
STATION: Bay City
MONTH: JULY
YEAR: 2023
LATITUDE: 28 58 N
LONGITUDE: 95 52 W
[TEMPERATURE DATA] [PRECIPITATION DATA] SYMBOLS USED IN COLUMN 16
AVERAGE MONTHLY: 86.3 TOTAL FOR MONTH: 1.08 1 = FOG OR MIST
DPTR FM NORMAL: 0.0 DPTR FM NORMAL: M 2 = FOG REDUCING VISIBILITY
HIGHEST: 103 ON 31 GRTST 24HR 0.84 ON 23-23 TO 1/4 MILE OR LESS
LOWEST: 73 ON 31,29 3 = THUNDER
SNOW, ICE PELLETS, HAIL 4 = ICE PELLETS
TOTAL MONTH: 0.0 INCH 5 = HAIL
GRTST 24HR 0.0 6 = FREEZING RAIN OR DRIZZLE
GRTST DEPTH: 0 7 = DUSTSTORM OR SANDSTORM:
VSBY 1/2 MILE OR LESS
8 = SMOKE OR HAZE
[NO. OF DAYS WITH] [WEATHER - DAYS WITH] 9 = BLOWING SNOW
X = TORNADO
MAX 32 OR BELOW: 0 0.01 INCH OR MORE: 4
MAX 90 OR ABOVE: 30 0.10 INCH OR MORE: 2
MIN 32 OR BELOW: 0 0.50 INCH OR MORE: 1
MIN 0 OR BELOW: 0 1.00 INCH OR MORE: 0
[HDD (BASE 65) ]
TOTAL THIS MO. 0 CLEAR (SCALE 0-3) 21
DPTR FM NORMAL M PTCLDY (SCALE 4-7) 10
TOTAL FM JUL 1 0 CLOUDY (SCALE 8-10) 0
DPTR FM NORMAL M
[CDD (BASE 65) ]
TOTAL THIS MO. 670
DPTR FM NORMAL M [PRESSURE DATA]
TOTAL FM JAN 1 1974 HIGHEST SLP M ON M
DPTR FM NORMAL M LOWEST SLP M ON M
[REMARKS]
#FINAL-07-23#