000
CXUS54 KHGX 011510
CF6BYY
PRELIMINARY LOCAL CLIMATOLOGICAL DATA (WS FORM: F-6)
STATION: Bay City
MONTH: JANUARY
YEAR: 2023
LATITUDE: 28 58 N
LONGITUDE: 95 52 W
TEMPERATURE IN F: :PCPN: SNOW: WIND :SUNSHINE: SKY :PK WND
================================================================================
1 2 3 4 5 6A 6B 7 8 9 10 11 12 13 14 15 16 17 18
12Z AVG MX 2MIN
DY MAX MIN AVG DEP HDD CDD WTR SNW DPTH SPD SPD DIR MIN PSBL S-S WX SPD DR
================================================================================
1 79 58 69 M 0 4 0.00 0.0 0 7.5 14 210 M M 9 12 21 210
2 76 71 74 M 0 9 0.00 0.0 0 13.0 20 180 M M 10 1 29 180
3 80 55 68 M 0 3 0.02 0.0 0 7.3 13 180 M M 4 1 17 180
4 75 47 61 M 4 0 0.00 0.0 0 4.4 13 310 M M 0 20 310
5 79 43 61 M 4 0 0.00 0.0 0 3.1 10 320 M M 0 M M
6 78 48 63 M 2 0 0.00 0.0 0 8.5 18 180 M M 3 12 24 180
7 80 63 72 M 0 7 0.04 0.0 0 6.9 15 180 M M 5 1 24 190
8 71 52 62 M 3 0 0.08 0.0 0 7.0 15 360 M M 3 1 25 0
9 70 52 61 M 4 0 0.00 0.0 0 5.4 10 130 M M 7 1 M M
10 78 56 67 M 0 2 0.00 0.0 0 4.8 14 220 M M 7 12 16 260
11 78 65 72 M 0 7 0.00 0.0 0 15.5 23 210 M M 9 1 30 220
12 71 48 60 M 5 0 0.00 0.0 0 12.1 20 330 M M 2 28 340
13 62 38 50 M 15 0 0.00 0.0 0 7.2 14 10 M M 0 20 360
14 65 34 50 M 15 0 0.00 0.0 0 5.6 10 120 M M 0 18 120
15 73 52 63 M 2 0 0.00 0.0 0 10.8 17 190 M M 7 23 190
16 74 60 67 M 0 2 0.00 0.0 0 8.6 17 180 M M 9 12 24 180
17 79 61 70 M 0 5 0.00 0.0 0 5.8 13 170 M M 9 12 17 170
18 78 52 65 M 0 0 M 0.0 0 7.6 15 220 M M 7 1 21 220
19 72 49 61 M 4 0 0.00 0.0 0 7.1 17 360 M M 0 25 360
20 58 50 54 M 11 0 0.04 0.0 0 10.6 18 90 M M 9 27 70
21 59 48 54 M 11 0 0.33 0.0 0 8.9 14 70 M M 10 12 20 70
22 62 42 52 M 13 0 0.00 0.0 0 8.4 16 360 M M 3 12 24 360
23 60 37 49 M 16 0 0.00 0.0 0 8.6 21 70 M M 4 27 70
24 73 45 59 M 6 0 0.35 0.0 0 16.1 30 250 M M 7 1 45 250
25 55 38 47 M 18 0 0.00 0.0 0 9.3 17 360 M M 1 25 360
26 57 34 46 M 19 0 M M M 4.1 13 20 M M 1 16 20
27 62 34 48 M 17 0 0.00 0.0 0 3.7 9 140 M M 7 M M
28 71 57 64 M 1 0 0.17 0.0 0 9.0 18 170 M M 10 1 27 170
29 76 62 69 M 0 4 0.05 0.0 0 10.7 21 220 M M 10 1 27 220
30 61 38 50 M 15 0 M 0.0 0 11.5 15 10 M M 10 1 22 360
31 44 37 41 M 24 0 0.10 0.0 0 12.2 15 10 M M 10 1 23 10
================================================================================
SM 2156 1526 209 43 1.18 0.0 261.3 M 173
================================================================================
AV 69.5 49.2 8.4 FASTST M M 6 MAX(MPH)
MISC ----> 30 250 45 250
================================================================================
NOTES:
# LAST OF SEVERAL OCCURRENCES
COLUMN 17 PEAK WIND IN M.P.H.
PRELIMINARY LOCAL CLIMATOLOGICAL DATA (WS FORM: F-6) , PAGE 2
STATION: Bay City
MONTH: JANUARY
YEAR: 2023
LATITUDE: 28 58 N
LONGITUDE: 95 52 W
[TEMPERATURE DATA] [PRECIPITATION DATA] SYMBOLS USED IN COLUMN 16
AVERAGE MONTHLY: 59.4 TOTAL FOR MONTH: 1.18 1 = FOG OR MIST
DPTR FM NORMAL: 0.0 DPTR FM NORMAL: M 2 = FOG REDUCING VISIBILITY
HIGHEST: 80 ON 7, 3 GRTST 24HR 0.60 ON 2- 3 TO 1/4 MILE OR LESS
LOWEST: 34 ON 27,26 3 = THUNDER
SNOW, ICE PELLETS, HAIL 4 = ICE PELLETS
TOTAL MONTH: 0.0 INCH 5 = HAIL
GRTST 24HR 0.0 6 = FREEZING RAIN OR DRIZZLE
GRTST DEPTH: 0 7 = DUSTSTORM OR SANDSTORM:
VSBY 1/2 MILE OR LESS
8 = SMOKE OR HAZE
[NO. OF DAYS WITH] [WEATHER - DAYS WITH] 9 = BLOWING SNOW
X = TORNADO
MAX 32 OR BELOW: 0 0.01 INCH OR MORE: 9
MAX 90 OR ABOVE: 0 0.10 INCH OR MORE: 3
MIN 32 OR BELOW: 0 0.50 INCH OR MORE: 0
MIN 0 OR BELOW: 0 1.00 INCH OR MORE: 0
[HDD (BASE 65) ]
TOTAL THIS MO. 209 CLEAR (SCALE 0-3) 10
DPTR FM NORMAL M PTCLDY (SCALE 4-7) 10
TOTAL FM JUL 1 706 CLOUDY (SCALE 8-10) 11
DPTR FM NORMAL M
[CDD (BASE 65) ]
TOTAL THIS MO. 43
DPTR FM NORMAL M [PRESSURE DATA]
TOTAL FM JAN 1 43 HIGHEST SLP M ON M
DPTR FM NORMAL M LOWEST SLP M ON M
[REMARKS]
#FINAL-01-23#