000
CXUS54 KHGX 020714
CF6BYY
PRELIMINARY LOCAL CLIMATOLOGICAL DATA (WS FORM: F-6)
STATION: Bay City
MONTH: MAY
YEAR: 2022
LATITUDE: 28 58 N
LONGITUDE: 95 52 W
TEMPERATURE IN F: :PCPN: SNOW: WIND :SUNSHINE: SKY :PK WND
================================================================================
1 2 3 4 5 6A 6B 7 8 9 10 11 12 13 14 15 16 17 18
12Z AVG MX 2MIN
DY MAX MIN AVG DEP HDD CDD WTR SNW DPTH SPD SPD DIR MIN PSBL S-S WX SPD DR
================================================================================
1 87 68 78 M 0 13 M 0.0 0 9.1 16 180 M M 6 12 22 150
2 84 75 80 M 0 15 M 0.0 0 15.1 22 190 M M 6 29 180
3 86 75 81 M 0 16 M 0.0 0 10.5 15 180 M M 9 22 160
4 85 76 81 M 0 16 M 0.0 0 13.5 21 160 M M 9 29 160
5 86 74 80 M 0 15 M 0.0 0 14.3 28 210 M M 6 35 170
6 90 71 81 M 0 16 0.00 0.0 0 7.6 15 180 M M 6 1 21 200
7 88 72 80 M 0 15 0.00 0.0 0 8.4 14 200 M M 8 1 18 180
8 89 74 82 M 0 17 0.00 0.0 0 11.4 17 170 M M 5 24 170
9 89 77 83 M 0 18 0.00 0.0 0 13.3 18 170 M M 7 24 150
10 89 76 83 M 0 18 0.00 0.0 0 11.4 16 130 M M 5 23 140
11 86 70 78 M 0 13 0.00 0.0 0 7.2 14 150 M M 3 1 18 150
12 87 66 77 M 0 12 M 0.0 M 6.7 14 180 M M 1 1 25 160
13 88 64 76 M 0 11 M 0.0 M 6.7 13 200 M M 3 1 20 180
14 87 66 77 M 0 12 M 0.0 M 6.0 13 190 M M 4 1 18 210
15 89 64 77 M 0 12 M 0.0 M 5.9 13 190 M M 4 1 18 200
16 91 69 80 M 0 15 M 0.0 0 7.0 16 250 M M 1 22 250
17 89 65 77 M 0 12 M 0.0 0 7.9 16 170 M M 4 12 25 190
18 90 74 82 M 0 17 M 0.0 0 12.4 20 180 M M 2 25 180
19 88 76 82 M 0 17 M 0.0 0 12.8 20 170 M M 5 25 170
20 91 77 84 M 0 19 M 0.0 0 16.6 24 140 M M 5 36 140
21 91 79 85 M 0 20 M 0.0 0 11.0 17 180 M M 9 1 24 190
22 85 68 77 M 0 12 0.98 0.0 0 6.8 17 80 M M 4 30 80
23 87 70 79 M 0 14 M 0.0 0 8.8 15 140 M M 4 21 130
24 83 70 77 M 0 12 0.08 0.0 0 8.3 20 180 M M 3 24 180
25 82 63 73 M 0 8 1.11 0.0 0 8.5 17 350 M M 3 41 240
26 91 60 76 M 0 11 0.00 0.0 0 4.4 12 180 M M 0 M M
27 93 69 81 M 0 16 0.00 0.0 0 4.3 10 230 M M 2 1 M M
28 90 69 80 M 0 15 0.00 0.0 0 5.8 12 180 M M 5 12 17 190
29 87 75 81 M 0 16 0.00 0.0 0 12.2 20 180 M M 6 25 180
30 88 78 83 M 0 18 0.00 0.0 0 14.0 20 170 M M 7 28 170
31 89 78 84 M 0 19 0.04 0.0 0 10.6 14 120 M M 6 27 140
================================================================================
SM 2725 2208 0 460 2.21 0.0 298.5 M 148
================================================================================
AV 87.9 71.2 9.6 FASTST M M 5 MAX(MPH)
MISC ----> 28 210 41 240
================================================================================
NOTES:
# LAST OF SEVERAL OCCURRENCES
COLUMN 17 PEAK WIND IN M.P.H.
PRELIMINARY LOCAL CLIMATOLOGICAL DATA (WS FORM: F-6) , PAGE 2
STATION: Bay City
MONTH: MAY
YEAR: 2022
LATITUDE: 28 58 N
LONGITUDE: 95 52 W
[TEMPERATURE DATA] [PRECIPITATION DATA] SYMBOLS USED IN COLUMN 16
AVERAGE MONTHLY: 79.6 TOTAL FOR MONTH: 2.21 1 = FOG OR MIST
DPTR FM NORMAL: 0.0 DPTR FM NORMAL: M 2 = FOG REDUCING VISIBILITY
HIGHEST: 93 ON 27 GRTST 24HR 1.11 ON 25-25 TO 1/4 MILE OR LESS
LOWEST: 60 ON 26 3 = THUNDER
SNOW, ICE PELLETS, HAIL 4 = ICE PELLETS
TOTAL MONTH: 0.0 INCH 5 = HAIL
GRTST 24HR 0.0 6 = FREEZING RAIN OR DRIZZLE
GRTST DEPTH: 0 7 = DUSTSTORM OR SANDSTORM:
VSBY 1/2 MILE OR LESS
8 = SMOKE OR HAZE
[NO. OF DAYS WITH] [WEATHER - DAYS WITH] 9 = BLOWING SNOW
X = TORNADO
MAX 32 OR BELOW: 0 0.01 INCH OR MORE: 4
MAX 90 OR ABOVE: 8 0.10 INCH OR MORE: 2
MIN 32 OR BELOW: 0 0.50 INCH OR MORE: 2
MIN 0 OR BELOW: 0 1.00 INCH OR MORE: 1
[HDD (BASE 65) ]
TOTAL THIS MO. 0 CLEAR (SCALE 0-3) 8
DPTR FM NORMAL M PTCLDY (SCALE 4-7) 19
TOTAL FM JUL 1 1137 CLOUDY (SCALE 8-10) 4
DPTR FM NORMAL M
[CDD (BASE 65) ]
TOTAL THIS MO. 460
DPTR FM NORMAL M [PRESSURE DATA]
TOTAL FM JAN 1 786 HIGHEST SLP M ON M
DPTR FM NORMAL M LOWEST SLP M ON M
[REMARKS]
#FINAL-05-22#