000
CXUS54 KHGX 020623
CF6BYY
PRELIMINARY LOCAL CLIMATOLOGICAL DATA (WS FORM: F-6)
STATION: Bay City
MONTH: JANUARY
YEAR: 2022
LATITUDE: 28 58 N
LONGITUDE: 95 52 W
TEMPERATURE IN F: :PCPN: SNOW: WIND :SUNSHINE: SKY :PK WND
================================================================================
1 2 3 4 5 6A 6B 7 8 9 10 11 12 13 14 15 16 17 18
12Z AVG MX 2MIN
DY MAX MIN AVG DEP HDD CDD WTR SNW DPTH SPD SPD DIR MIN PSBL S-S WX SPD DR
================================================================================
1 81 67 74 M 0 9 M 0.0 0 10.5 25 210 M M 8 12 31 210
2 71 33 52 M 13 0 M 0.0 0 16.9 24 350 M M 4 2 38 340
3 53 28 41 M 24 0 0.00 0.0 0 2.3 9 30 M M 0 M M
4 67 33 50 M 15 0 0.00 0.0 0 5.6 13 200 M M 4 22 210
5 76 47 62 M 3 0 0.00 0.0 0 5.2 16 220 M M 6 12 25 220
6 74 44 59 M 6 0 M M M 6.6 13 10 M M 6 12 20 10
7 60 38 49 M 16 0 M M 0 9.5 14 100 M M 8 1 18 60
8 76 61 69 M 0 4 0.28 0.0 M 14.5 22 170 M M 10 1 26 170
9 80 54 67 M 0 2 0.08 0.0 M 12.7 21 10 M M 8 1 26 360
10 63 47 55 M 10 0 0.00 0.0 0 13.4 21 20 M M 3 28 20
11 60 38 49 M 16 0 M M M 7.5 10 60 M M 4 17 60
12 60 46 53 M 12 0 M M M 3.4 8 70 M M 9 M M
13 72 40 56 M 9 0 0.00 0.0 0 3.9 10 290 M M 0 1 17 290
14 73 42 58 M 7 0 0.00 0.0 0 4.6 14 220 M M 6 12 21 220
15 59 40 50 M 15 0 M 0.0 0 15.2 29 330 M M 1 1 43 330
16 58 32 45 M 20 0 0.00 0.0 0 7.2 15 310 M M 0 22 320
17 68 32 50 M 15 0 0.00 0.0 0 2.6 9 180 M M 0 M M
18 72 42 57 M 8 0 0.00 0.0 0 8.2 18 180 M M 6 24 210
19 77 60 69 M 0 4 0.27 0.0 0 10.1 21 200 M M 6 27 190
20 57 36 47 M 18 0 0.16 M M 16.2 23 10 M M 9 33 10
21 49 33 41 M 24 0 0.02 0.0 0 8.5 14 30 M M 5 21 10
22 56 31 44 M 21 0 0.00 0.0 0 6.2 12 70 M M 2 18 80
23 55 40 48 M 17 0 0.00 0.0 0 2.6 9 60 M M 10 M M
24 56 48 52 M 13 0 0.24 0.0 0 6.2 13 360 M M 10 1 20 360
25 58 45 52 M 13 0 0.00 0.0 0 7.4 13 30 M M 10 12 16 340
26 57 45 51 M 14 0 0.00 0.0 0 7.5 12 70 M M 8 20 60
27 64 45 55 M 10 0 0.00 0.0 0 4.7 8 40 M M 8 M M
28 59 38 49 M 16 0 T 0.0 0 7.4 15 360 M M 5 21 360
29 62 32 47 M 18 0 0.00 0.0 0 3.7 12 180 M M 0 17 180
30 69 35 52 M 13 0 0.00 0.0 0 4.8 12 180 M M 3 2 18 240
31 63 57 60 M 5 0 1.90 0.0 0 10.3 17 130 M M 10 24 130
================================================================================
SM 2005 1309 371 19 2.95 0.0 245.4 M 169
================================================================================
AV 64.7 42.2 7.9 FASTST M M 5 MAX(MPH)
MISC ----> 29 330 43 330
================================================================================
NOTES:
# LAST OF SEVERAL OCCURRENCES
COLUMN 17 PEAK WIND IN M.P.H.
PRELIMINARY LOCAL CLIMATOLOGICAL DATA (WS FORM: F-6) , PAGE 2
STATION: Bay City
MONTH: JANUARY
YEAR: 2022
LATITUDE: 28 58 N
LONGITUDE: 95 52 W
[TEMPERATURE DATA] [PRECIPITATION DATA] SYMBOLS USED IN COLUMN 16
AVERAGE MONTHLY: 53.5 TOTAL FOR MONTH: 2.95 1 = FOG OR MIST
DPTR FM NORMAL: 0.0 DPTR FM NORMAL: M 2 = FOG REDUCING VISIBILITY
HIGHEST: 81 ON 1 GRTST 24HR 1.90 ON 31-31 TO 1/4 MILE OR LESS
LOWEST: 28 ON 3 3 = THUNDER
SNOW, ICE PELLETS, HAIL 4 = ICE PELLETS
TOTAL MONTH: 0.0 INCH 5 = HAIL
GRTST 24HR 0.0 6 = FREEZING RAIN OR DRIZZLE
GRTST DEPTH: 0 7 = DUSTSTORM OR SANDSTORM:
VSBY 1/2 MILE OR LESS
8 = SMOKE OR HAZE
[NO. OF DAYS WITH] [WEATHER - DAYS WITH] 9 = BLOWING SNOW
X = TORNADO
MAX 32 OR BELOW: 0 0.01 INCH OR MORE: 7
MAX 90 OR ABOVE: 0 0.10 INCH OR MORE: 5
MIN 32 OR BELOW: 5 0.50 INCH OR MORE: 1
MIN 0 OR BELOW: 0 1.00 INCH OR MORE: 1
[HDD (BASE 65) ]
TOTAL THIS MO. 371 CLEAR (SCALE 0-3) 8
DPTR FM NORMAL M PTCLDY (SCALE 4-7) 15
TOTAL FM JUL 1 580 CLOUDY (SCALE 8-10) 8
DPTR FM NORMAL M
[CDD (BASE 65) ]
TOTAL THIS MO. 19
DPTR FM NORMAL M [PRESSURE DATA]
TOTAL FM JAN 1 19 HIGHEST SLP M ON M
DPTR FM NORMAL M LOWEST SLP M ON M
[REMARKS]
#FINAL-01-22#