000
CXUS54 KHGX 011510
CF6BYY
PRELIMINARY LOCAL CLIMATOLOGICAL DATA (WS FORM: F-6)
STATION: Bay City
MONTH: JANUARY
YEAR: 2024
LATITUDE: 28 58 N
LONGITUDE: 95 52 W
TEMPERATURE IN F: :PCPN: SNOW: WIND :SUNSHINE: SKY :PK WND
================================================================================
1 2 3 4 5 6A 6B 7 8 9 10 11 12 13 14 15 16 17 18
12Z AVG MX 2MIN
DY MAX MIN AVG DEP HDD CDD WTR SNW DPTH SPD SPD DIR MIN PSBL S-S WX SPD DR
================================================================================
1 62 48 55 M 10 0 0.00 0.0 0 5.4 14 20 M M 7 128 17 30
2 55 44 50 M 15 0 1.05 0.0 0 11.9 21 10 M M 9 31 10
3 51 41 46 M 19 0 0.01 0.0 0 8.8 27 30 M M 8 1 33 30
4 61 38 50 M 15 0 T 0.0 0 10.7 20 100 M M 7 1 25 100
5 61 44 53 M 12 0 2.88 0.0 0 9.2 22 130 M M 5 3 29 130
6 64 39 52 M 13 0 0.00 0.0 0 2.6 7 20 M M 1 M M
7 63 41 52 M 13 0 0.00 0.0 0 8.0 16 120 M M 3 8 22 120
8 70 49 60 M 5 0 0.16 0.0 0 16.1 29 200 M M 10 1 39 190
9 55 33 44 M 21 0 0.00 0.0 0 13.0 27 320 M M 1 35 320
10 66 30 48 M 17 0 0.00 0.0 0 6.2 16 220 M M 3 24 210
11 72 53 63 M 2 0 0.00 0.0 0 10.8 21 200 M M 9 12 28 180
12 67 34 51 M 14 0 0.00 0.0 0 16.4 31 320 M M 2 1 43 320
13 62 30 46 M 19 0 0.00 0.0 0 5.3 13 180 M M 0 18 160
14 52 30 41 M 24 0 0.00 0.0 0 9.5 15 10 M M 2 21 10
15 30 23 27 M 38 0 0.00 0.0 0 14.3 21 10 M M 10 1 27 10
16 32 17 25 M 40 0 0.00 0.0 0 13.9 21 360 M M 1 29 360
17 48 18 33 M 32 0 0.00 0.0 0 5.8 10 110 M M 6 18 M M
18 67 44 56 M 9 0 0.03 0.0 0 4.2 15 230 M M 8 12 18 240
19 55 34 45 M 20 0 0.00 0.0 0 10.7 17 30 M M 2 12 25 40
20 49 27 38 M 27 0 0.00 0.0 0 8.1 13 70 M M 4 20 60
21 51 38 45 M 20 0 0.00 0.0 0 14.9 21 80 M M 10 18 27 80
22 63 54 59 M 6 0 0.92 0.0 0 11.8 16 160 M M 10 1 25 160
23 69 62 66 M 0 1 0.07 0.0 0 10.3 14 150 M M 9 1 27 150
24 66 58 62 M 3 0 2.45 0.0 0 11.6 21 90 M M 10 1 28 90
25 70 53 62 M 3 0 0.28 0.0 0 5.7 15 350 M M 3 32 330
26 61 51 56 M 9 0 0.16 0.0 M 5.9 14 90 M M 9 1 M M
27 58 44 51 M 14 0 0.00 0.0 0 10.3 18 330 M M 7 1 24 340
28 61 41 51 M 14 0 0.00 0.0 0 7.9 16 10 M M 0 21 10
29 67 35 51 M 14 0 0.00 0.0 0 2.5 13 180 M M 0 M M
30 67 41 54 M 11 0 0.00 0.0 0 2.3 7 230 M M 0 M M
31 74 41 58 M 7 0 0.00 0.0 0 2.3 10 190 M M 0 18 M M
================================================================================
SM 1849 1235 466 1 8.01 0.0 276.4 M 156
================================================================================
AV 59.6 39.8 8.9 FASTST M M 5 MAX(MPH)
MISC ----> 31 320 43 320
================================================================================
NOTES:
# LAST OF SEVERAL OCCURRENCES
COLUMN 17 PEAK WIND IN M.P.H.
PRELIMINARY LOCAL CLIMATOLOGICAL DATA (WS FORM: F-6) , PAGE 2
STATION: Bay City
MONTH: JANUARY
YEAR: 2024
LATITUDE: 28 58 N
LONGITUDE: 95 52 W
[TEMPERATURE DATA] [PRECIPITATION DATA] SYMBOLS USED IN COLUMN 16
AVERAGE MONTHLY: 49.7 TOTAL FOR MONTH: 8.01 1 = FOG OR MIST
DPTR FM NORMAL: 0.0 DPTR FM NORMAL: M 2 = FOG REDUCING VISIBILITY
HIGHEST: 74 ON 31 GRTST 24HR 2.88 ON 5- 5 TO 1/4 MILE OR LESS
LOWEST: 17 ON 16 3 = THUNDER
SNOW, ICE PELLETS, HAIL 4 = ICE PELLETS
TOTAL MONTH: 0.0 INCH 5 = HAIL
GRTST 24HR 0.0 6 = FREEZING RAIN OR DRIZZLE
GRTST DEPTH: 0 7 = DUSTSTORM OR SANDSTORM:
VSBY 1/2 MILE OR LESS
8 = SMOKE OR HAZE
[NO. OF DAYS WITH] [WEATHER - DAYS WITH] 9 = BLOWING SNOW
X = TORNADO
MAX 32 OR BELOW: 2 0.01 INCH OR MORE: 10
MAX 90 OR ABOVE: 0 0.10 INCH OR MORE: 7
MIN 32 OR BELOW: 7 0.50 INCH OR MORE: 4
MIN 0 OR BELOW: 0 1.00 INCH OR MORE: 3
[HDD (BASE 65) ]
TOTAL THIS MO. 466 CLEAR (SCALE 0-3) 13
DPTR FM NORMAL M PTCLDY (SCALE 4-7) 9
TOTAL FM JUL 1 999 CLOUDY (SCALE 8-10) 9
DPTR FM NORMAL M
[CDD (BASE 65) ]
TOTAL THIS MO. 1
DPTR FM NORMAL M [PRESSURE DATA]
TOTAL FM JAN 1 1 HIGHEST SLP M ON M
DPTR FM NORMAL M LOWEST SLP M ON M
[REMARKS]
#FINAL-01-24#