000
CXUS54 KHGX 011410
CF6BYY
PRELIMINARY LOCAL CLIMATOLOGICAL DATA (WS FORM: F-6)
STATION: Bay City
MONTH: OCTOBER
YEAR: 2021
LATITUDE: 28 58 N
LONGITUDE: 95 52 W
TEMPERATURE IN F: :PCPN: SNOW: WIND :SUNSHINE: SKY :PK WND
================================================================================
1 2 3 4 5 6A 6B 7 8 9 10 11 12 13 14 15 16 17 18
12Z AVG MX 2MIN
DY MAX MIN AVG DEP HDD CDD WTR SNW DPTH SPD SPD DIR MIN PSBL S-S WX SPD DR
================================================================================
1 78 73 76 M 0 11 0.61 0.0 0 3.8 9 240 M M 5 1 M M
2 85 73 79 M 0 14 0.00 0.0 0 3.8 8 140 M M 4 1 M M
3 88 71 80 M 0 15 0.00 0.0 0 2.8 7 340 M M 5 12 M M
4 86 66 76 M 0 11 0.00 0.0 0 4.0 13 10 M M 1 17 350
5 86 62 74 M 0 9 0.00 0.0 0 2.7 8 80 M M 0 M M
6 86 63 75 M 0 10 0.00 0.0 0 2.6 8 90 M M 1 1 M M
7 87 62 75 M 0 10 0.00 0.0 0 1.3 9 180 M M 0 1 M M
8 86 61 74 M 0 9 0.00 0.0 0 1.8 10 190 M M 0 1 M M
9 84 64 74 M 0 9 0.00 0.0 0 4.2 12 180 M M 3 1 M M
10 86 71 79 M 0 14 0.00 0.0 0 12.1 22 170 M M 7 31 160
11 85 71 78 M 0 13 0.31 0.0 0 5.6 13 190 M M 7 1 24 260
12 87 74 81 M 0 16 0.00 0.0 0 9.3 18 170 M M 3 1 23 160
13 87 77 82 M 0 17 0.00 0.0 0 10.7 17 170 M M 5 24 190
14 83 74 79 M 0 14 0.23 0.0 0 6.2 13 180 M M 5 1 20 180
15 89 71 80 M 0 15 0.17 0.0 0 4.7 14 10 M M 6 1 21 10
16 74 55 65 M 0 0 0.00 0.0 0 10.9 18 10 M M 0 29 40
17 74 52 63 M 2 0 0.00 0.0 0 4.7 10 60 M M 0 18 60
18 78 50 64 M 1 0 0.00 0.0 0 4.4 9 120 M M 0 M M
19 82 58 70 M 0 5 0.00 0.0 0 5.1 10 130 M M 3 1 17 170
20 85 67 76 M 0 11 0.00 0.0 0 3.0 9 160 M M 5 12 M M
21 84 64 74 M 0 9 0.00 0.0 0 1.7 7 170 M M 8 12 M M
22 84 64 74 M 0 9 0.00 0.0 0 3.7 8 20 M M 7 12 M M
23 78 69 74 M 0 9 0.35 0.0 0 4.7 12 110 M M 5 1 20 170
24 86 67 77 M 0 12 0.00 0.0 0 5.2 10 190 M M 4 1 22 190
25 88 70 79 M 0 14 0.00 0.0 0 2.4 9 180 M M 7 12 M M
26 83 72 78 M 0 13 0.00 0.0 0 7.8 14 140 M M 6 18 20 160
27 81 62 72 M 0 7 1.24 0.0 0 10.7 20 360 M M 4 1 29 280
28 79 53 66 M 0 1 0.00 0.0 0 12.1 28 320 M M 0 41 320
29 73 50 62 M 3 0 0.00 0.0 0 10.2 22 320 M M 0 31 320
30 75 44 60 M 5 0 0.00 0.0 0 3.1 8 310 M M 0 M M
31 80 49 65 M 0 0 0.00 0.0 0 4.3 10 160 M M 0 M M
================================================================================
SM 2567 1979 11 277 2.91 0.0 169.6 M 101
================================================================================
AV 82.8 63.8 5.5 FASTST M M 3 MAX(MPH)
MISC ----> 28 320 41 320
================================================================================
NOTES:
# LAST OF SEVERAL OCCURRENCES
COLUMN 17 PEAK WIND IN M.P.H.
PRELIMINARY LOCAL CLIMATOLOGICAL DATA (WS FORM: F-6) , PAGE 2
STATION: Bay City
MONTH: OCTOBER
YEAR: 2021
LATITUDE: 28 58 N
LONGITUDE: 95 52 W
[TEMPERATURE DATA] [PRECIPITATION DATA] SYMBOLS USED IN COLUMN 16
AVERAGE MONTHLY: 73.3 TOTAL FOR MONTH: 2.91 1 = FOG OR MIST
DPTR FM NORMAL: 0.0 DPTR FM NORMAL: M 2 = FOG REDUCING VISIBILITY
HIGHEST: 89 ON 15 GRTST 24HR 1.24 ON 27-27 TO 1/4 MILE OR LESS
LOWEST: 44 ON 30 3 = THUNDER
SNOW, ICE PELLETS, HAIL 4 = ICE PELLETS
TOTAL MONTH: 0.0 INCH 5 = HAIL
GRTST 24HR 0.0 6 = FREEZING RAIN OR DRIZZLE
GRTST DEPTH: 0 7 = DUSTSTORM OR SANDSTORM:
VSBY 1/2 MILE OR LESS
8 = SMOKE OR HAZE
[NO. OF DAYS WITH] [WEATHER - DAYS WITH] 9 = BLOWING SNOW
X = TORNADO
MAX 32 OR BELOW: 0 0.01 INCH OR MORE: 6
MAX 90 OR ABOVE: 0 0.10 INCH OR MORE: 6
MIN 32 OR BELOW: 0 0.50 INCH OR MORE: 2
MIN 0 OR BELOW: 0 1.00 INCH OR MORE: 1
[HDD (BASE 65) ]
TOTAL THIS MO. 11 CLEAR (SCALE 0-3) 12
DPTR FM NORMAL M PTCLDY (SCALE 4-7) 19
TOTAL FM JUL 1 11 CLOUDY (SCALE 8-10) 0
DPTR FM NORMAL M
[CDD (BASE 65) ]
TOTAL THIS MO. 277
DPTR FM NORMAL M [PRESSURE DATA]
TOTAL FM JAN 1 2313 HIGHEST SLP M ON M
DPTR FM NORMAL M LOWEST SLP M ON M
[REMARKS]
#FINAL-10-21#