000
CXUS54 KHGX 020547
CF6BYY
PRELIMINARY LOCAL CLIMATOLOGICAL DATA (WS FORM: F-6)
STATION: Bay City
MONTH: NOVEMBER
YEAR: 2020
LATITUDE: 28 58 N
LONGITUDE: 95 52 W
TEMPERATURE IN F: :PCPN: SNOW: WIND :SUNSHINE: SKY :PK WND
================================================================================
1 2 3 4 5 6A 6B 7 8 9 10 11 12 13 14 15 16 17 18
12Z AVG MX 2MIN
DY MAX MIN AVG DEP HDD CDD WTR SNW DPTH SPD SPD DIR MIN PSBL S-S WX SPD DR
================================================================================
1 79 48 64 M 1 0 0.00 0.0 0 5.2 15 20 M M 0 1 21 20
2 73 45 59 M 6 0 0.00 0.0 0 5.2 10 20 M M 0 17 30
3 78 44 61 M 4 0 0.00 0.0 0 1.3 7 110 M M 0 M M
4 79 46 63 M 2 0 0.00 0.0 0 2.7 8 140 M M 1 M M
5 81 55 68 M 0 3 0.00 0.0 0 2.9 9 130 M M 4 12 M M
6 80 56 68 M 0 3 0.00 0.0 0 2.2 9 90 M M 3 1 M M
7 83 56 70 M 0 5 0.00 0.0 0 3.3 12 120 M M 2 12 M M
8 83 59 71 M 0 6 0.00 0.0 0 4.3 12 120 M M 6 12 M M
9 82 64 73 M 0 8 0.00 0.0 0 4.3 13 170 M M 7 12 M M
10 85 68 77 M 0 12 0.01 0.0 0 1.6 10 150 M M 8 12 M M
11 84 63 74 M 0 9 0.00 0.0 0 2.0 6 150 M M 6 12 M M
12 83 61 72 M 0 7 0.00 0.0 0 4.3 10 130 M M 3 12 M M
13 80 71 76 M 0 11 0.00 0.0 0 5.9 15 110 M M 8 12 M M
14 83 69 76 M 0 11 0.00 0.0 0 9.0 18 170 M M 7 1 24 170
15 78 55 67 M 0 2 0.00 0.0 0 7.4 23 10 M M 4 12 35 10
16 74 46 60 M 5 0 0.00 0.0 0 5.1 14 50 M M 0 17 70
17 76 45 61 M 4 0 0.00 0.0 0 5.7 15 60 M M 0 17 90
18 78 48 63 M 2 0 0.00 0.0 0 5.8 12 100 M M 0 17 90
19 80 55 68 M 0 3 0.00 0.0 0 4.9 10 110 M M 5 1 M M
20 80 60 70 M 0 5 0.00 0.0 0 5.3 12 130 M M 5 12 20 130
21 80 63 72 M 0 7 0.00 0.0 0 6.8 14 140 M M 9 12 18 140
22 81 62 72 M 0 7 0.00 0.0 0 1.8 8 130 M M 8 M M
23 74 60 67 M 0 2 0.00 0.0 0 8.7 13 70 M M 8 18 40
24 81 60 71 M 0 6 0.00 0.0 0 11.1 21 160 M M 8 29 170
25 75 56 66 M 0 1 0.02 0.0 0 4.6 13 360 M M 6 16 360
26 81 55 68 M 0 3 0.00 0.0 0 4.0 10 90 M M 4 1 M M
27 81 68 75 M 0 10 0.33 0.0 0 8.4 17 190 M M 8 1 22 190
28 68 63 66 M 0 1 2.36 0.0 0 10.1 16 80 M M 10 22 80
29 63 50 57 M 8 0 0.06 0.0 0 12.2 17 340 M M 7 27 340
30 54 35 45 M 20 0 0.00 0.0 0 8.3 17 360 M M 0 27 350
================================================================================
SM 2337 1686 52 122 2.78 0.0 164.4 M 137
================================================================================
AV 77.9 56.2 5.5 FASTST M M 5 MAX(MPH)
MISC ----> 23 10 35 10
================================================================================
NOTES:
# LAST OF SEVERAL OCCURRENCES
COLUMN 17 PEAK WIND IN M.P.H.
PRELIMINARY LOCAL CLIMATOLOGICAL DATA (WS FORM: F-6) , PAGE 2
STATION: Bay City
MONTH: NOVEMBER
YEAR: 2020
LATITUDE: 28 58 N
LONGITUDE: 95 52 W
[TEMPERATURE DATA] [PRECIPITATION DATA] SYMBOLS USED IN COLUMN 16
AVERAGE MONTHLY: 67.1 TOTAL FOR MONTH: 2.78 1 = FOG OR MIST
DPTR FM NORMAL: 0.0 DPTR FM NORMAL: M 2 = FOG REDUCING VISIBILITY
HIGHEST: 85 ON 10 GRTST 24HR 2.36 ON 28-28 TO 1/4 MILE OR LESS
LOWEST: 35 ON 30 3 = THUNDER
SNOW, ICE PELLETS, HAIL 4 = ICE PELLETS
TOTAL MONTH: 0.0 INCH 5 = HAIL
GRTST 24HR 0.0 6 = FREEZING RAIN OR DRIZZLE
GRTST DEPTH: 0 7 = DUSTSTORM OR SANDSTORM:
VSBY 1/2 MILE OR LESS
8 = SMOKE OR HAZE
[NO. OF DAYS WITH] [WEATHER - DAYS WITH] 9 = BLOWING SNOW
X = TORNADO
MAX 32 OR BELOW: 0 0.01 INCH OR MORE: 5
MAX 90 OR ABOVE: 0 0.10 INCH OR MORE: 2
MIN 32 OR BELOW: 0 0.50 INCH OR MORE: 1
MIN 0 OR BELOW: 0 1.00 INCH OR MORE: 1
[HDD (BASE 65) ]
TOTAL THIS MO. 52 CLEAR (SCALE 0-3) 10
DPTR FM NORMAL M PTCLDY (SCALE 4-7) 16
TOTAL FM JUL 1 97 CLOUDY (SCALE 8-10) 4
DPTR FM NORMAL M
[CDD (BASE 65) ]
TOTAL THIS MO. 122
DPTR FM NORMAL M [PRESSURE DATA]
TOTAL FM JAN 1 3512 HIGHEST SLP M ON M
DPTR FM NORMAL M LOWEST SLP M ON M
[REMARKS]
#FINAL-11-20#