000
CXUS54 KHGX 251637
CF6BYY
PRELIMINARY LOCAL CLIMATOLOGICAL DATA (WS FORM: F-6)
STATION: Bay City
MONTH: SEPTEMBER
YEAR: 2020
LATITUDE: 28 58 N
LONGITUDE: 95 52 W
TEMPERATURE IN F: :PCPN: SNOW: WIND :SUNSHINE: SKY :PK WND
================================================================================
1 2 3 4 5 6A 6B 7 8 9 10 11 12 13 14 15 16 17 18
12Z AVG MX 2MIN
DY MAX MIN AVG DEP HDD CDD WTR SNW DPTH SPD SPD DIR MIN PSBL S-S WX SPD DR
================================================================================
1 92 83 88 M 0 23 0.00 0.0 0 13.1 22 170 M M 7 29 170
2 94 81 88 M 0 23 0.00 0.0 0 10.6 18 180 M M 4 28 170
3 92 78 85 M 0 20 0.00 0.0 0 4.9 12 180 M M 3 17 190
4 92 76 84 M 0 19 0.00 0.0 0 5.6 15 130 M M 2 20 130
5 91 75 83 M 0 18 0.01 0.0 0 6.1 13 160 M M 2 16 160
6 93 74 84 M 0 19 0.02 0.0 0 3.6 13 50 M M 2 17 50
7 89 73 81 M 0 16 0.01 0.0 0 3.1 10 150 M M 2 M M
8 82 74 78 M 0 13 0.32 0.0 0 5.0 9 90 M M 4 M M
9 89 74 82 M 0 17 1.72 0.0 0 7.0 14 140 M M 3 3 23 100
10 90 71 81 M 0 16 0.47 0.0 0 4.6 10 310 M M 5 1 M M
11 89 69 79 M 0 14 0.00 0.0 0 5.5 10 360 M M 6 1 M M
12 92 73 83 M 0 18 0.00 0.0 0 4.5 8 10 M M 2 9 50
13 89 75 82 M 0 17 0.00 0.0 0 6.4 13 60 M M 3 18 60
14 89 75 82 M 0 17 0.00 0.0 0 7.3 13 30 M M 3 18 20
15 92 75 84 M 0 19 0.00 0.0 0 5.9 9 360 M M 2 M M
16 90 74 82 M 0 17 0.04 0.0 0 3.1 9 60 M M 3 M M
17 86 75 81 M 0 16 0.26 0.0 0 4.1 14 140 M M 4 24 140
18 86 69 78 M 0 13 0.00 0.0 0 7.8 15 30 M M 0 21 30
19 86 66 76 M 0 11 0.00 0.0 0 9.0 14 40 M M 4 21 50
20 78 66 72 M 0 7 0.26 0.0 0 11.9 16 20 M M 7 1 25 20
21 77 70 74 M 0 9 2.37 0.0 0 16.4 22 30 M M 10 31 30
22 77 74 76 M 0 11 0.12 0.0 0 9.3 17 170 M M 10 1 23 170
23 78 71 75 M 0 10 0.01 0.0 0 10.1 16 330 M M 10 1 23 330
24 75 68 72 M 0 7 0.00 0.0 0 3.3 9 310 M M 10 M M
25 83 64 74 M 0 9 0.00 0.0 0 1.2 5 90 M M 5 1 M M
26 85 63 74 M 0 9 0.00 0.0 0 3.6 12 180 M M 1 1 16 180
27 87 73 80 M 0 15 0.00 0.0 0 7.6 16 170 M M 4 20 160
28 78 68 73 M 0 8 0.00 0.0 0 9.8 22 360 M M 8 1 29 10
29 79 54 67 M 0 2 0.00 0.0 0 5.2 14 360 M M 1 21 360
30 83 52 68 M 0 3 0.00 0.0 0 1.6 7 200 M M 0 M M
================================================================================
SM 2583 2133 0 416 5.61 0.0 197.2 M 127
================================================================================
AV 86.1 71.1 6.6 FASTST M M 4 MAX(MPH)
MISC ----> # 22 170 31 30
================================================================================
NOTES:
# LAST OF SEVERAL OCCURRENCES
COLUMN 17 PEAK WIND IN M.P.H.
PRELIMINARY LOCAL CLIMATOLOGICAL DATA (WS FORM: F-6) , PAGE 2
STATION: Bay City
MONTH: SEPTEMBER
YEAR: 2020
LATITUDE: 28 58 N
LONGITUDE: 95 52 W
[TEMPERATURE DATA] [PRECIPITATION DATA] SYMBOLS USED IN COLUMN 16
AVERAGE MONTHLY: 78.6 TOTAL FOR MONTH: 5.61 1 = FOG OR MIST
DPTR FM NORMAL: 0.0 DPTR FM NORMAL: M 2 = FOG REDUCING VISIBILITY
HIGHEST: 94 ON 2 GRTST 24HR 2.37 ON 21-21 TO 1/4 MILE OR LESS
LOWEST: 52 ON 30 3 = THUNDER
SNOW, ICE PELLETS, HAIL 4 = ICE PELLETS
TOTAL MONTH: 0.0 INCH 5 = HAIL
GRTST 24HR 0.0 6 = FREEZING RAIN OR DRIZZLE
GRTST DEPTH: 0 7 = DUSTSTORM OR SANDSTORM:
VSBY 1/2 MILE OR LESS
8 = SMOKE OR HAZE
[NO. OF DAYS WITH] [WEATHER - DAYS WITH] 9 = BLOWING SNOW
X = TORNADO
MAX 32 OR BELOW: 0 0.01 INCH OR MORE: 12
MAX 90 OR ABOVE: 10 0.10 INCH OR MORE: 7
MIN 32 OR BELOW: 0 0.50 INCH OR MORE: 2
MIN 0 OR BELOW: 0 1.00 INCH OR MORE: 2
[HDD (BASE 65) ]
TOTAL THIS MO. 0 CLEAR (SCALE 0-3) 15
DPTR FM NORMAL M PTCLDY (SCALE 4-7) 11
TOTAL FM JUL 1 0 CLOUDY (SCALE 8-10) 4
DPTR FM NORMAL M
[CDD (BASE 65) ]
TOTAL THIS MO. 416
DPTR FM NORMAL M [PRESSURE DATA]
TOTAL FM JAN 1 3143 HIGHEST SLP M ON M
DPTR FM NORMAL M LOWEST SLP M ON M
[REMARKS]
#FINAL-09-20#