000
CXUS55 KGJT 010910
CF6CAG
PRELIMINARY LOCAL CLIMATOLOGICAL DATA (WS FORM: F-6)
STATION: CRAIG CO
MONTH: JULY
YEAR: 2022
LATITUDE: 40 30 N
LONGITUDE: 107 32 W
TEMPERATURE IN F: :PCPN: SNOW: WIND :SUNSHINE: SKY :PK WND
================================================================================
1 2 3 4 5 6A 6B 7 8 9 10 11 12 13 14 15 16 17 18
12Z AVG MX 2MIN
DY MAX MIN AVG DEP HDD CDD WTR SNW DPTH SPD SPD DIR MIN PSBL S-S WX SPD DR
================================================================================
1 84 49 67 2 0 2 0.00 M M 6.1 30 360 M M 1 3 42 360
2 88 48 68 2 0 3 T M M 6.3 30 170 M M 1 40 170
3 85 48 67 1 0 2 0.18 M M 5.0 31 260 M M 2 3 43 270
4 88 51 70 4 0 5 T M M 6.7 22 200 M M 2 3 41 240
5 87 51 69 3 0 4 T M M 10.5 31 160 M M 2 3 43 160
6 85 53 69 2 0 4 T M M 3.8 18 210 M M 3 3 23 220
7 90 46 68 1 0 3 0.00 M M 5.2 20 180 M M 1 25 180
8 92 46 69 2 0 4 0.00 M M 5.0 16 200 M M 1 24 200
9 96 43 70 3 0 5 0.00 M M 6.3 22 230 M M 0 34 210
10 96 47 72 4 0 7 T M M 6.9 24 180 M M 0 34 180
11 93 46 70 2 0 5 0.00 M M 3.7 20 290 M M 0 25 310
12 94 45 70 2 0 5 0.00 M M 2.8 14 270 M M 0 23 300
13 93 51 72 4 0 7 T M M 6.7 26 200 M M 2 3 36 200
14 94 61 78 10 0 13 0.08 M M 7.7 30 150 M M 2 8 38 150
15 88 62 75 6 0 10 0.62 M M 5.1 31 270 M M 4 138 51 250
16 89 58 74 5 0 9 0.01 M M 3.2 12 50 M M 2 1 14 60
17 94 50 72 3 0 7 0.00 M M 2.9 8 230 M M 0 12 50
18 95 52 74 5 0 9 T M M 8.2 29 220 M M 1 3 39 220
19 93 58 76 7 0 11 0.02 M M 5.8 30 290 M M 4 3 40 270
20 91 52 72 3 0 7 0.00 M M 3.7 16 300 M M 1 23 290
21 94 44 69 0 0 4 0.00 M M 3.5 17 250 M M 0 25 240
22 96 48 72 3 0 7 0.00 M M 4.1 18 190 M M 0 3 26 170
23 93 58 76 6 0 11 T M M 6.2 35 350 M M 2 3 50 360
24 75 51 63 -7 2 0 0.04 M M 5.5 20 280 M M 6 1 26 280
25 88 47 68 -2 0 3 0.00 M M 2.1 13 260 M M 1 12 20 270
26 92 47 70 0 0 5 0.00 M M 3.0 12 320 M M 1 19 350
27 93 48 71 1 0 6 0.00 M M 3.2 14 340 M M 0 19 330
28 87 51 69 -1 0 4 0.48 M M 6.1 21 160 M M 4 3 34 40
29 86 50 68 -1 0 3 0.20 M M 3.3 17 160 M M 2 3 22 160
30 88 51 70 1 0 5 0.00 M M 5.1 24 190 M M 0 32 200
31 89 52 71 2 0 6 0.00 M M 5.1 25 170 M M 0 33 160
================================================================================
SM 2796 1564 2 176 1.63 M 158.8 M 45
================================================================================
AV 90.2 50.5 5.1 FASTST M M 1 MAX(MPH)
MISC ----> 35 350 51 250
================================================================================
NOTES:
# LAST OF SEVERAL OCCURRENCES
COLUMN 17 PEAK WIND IN M.P.H.
PRELIMINARY LOCAL CLIMATOLOGICAL DATA (WS FORM: F-6) , PAGE 2
STATION: CRAIG CO
MONTH: JULY
YEAR: 2022
LATITUDE: 40 30 N
LONGITUDE: 107 32 W
[TEMPERATURE DATA] [PRECIPITATION DATA] SYMBOLS USED IN COLUMN 16
AVERAGE MONTHLY: 70.3 TOTAL FOR MONTH: 1.63 1 = FOG OR MIST
DPTR FM NORMAL: 2.0 DPTR FM NORMAL: 0.70 2 = FOG REDUCING VISIBILITY
HIGHEST: 96 ON 22,10 GRTST 24HR 0.63 ON 15-16 TO 1/4 MILE OR LESS
LOWEST: 43 ON 9 3 = THUNDER
SNOW, ICE PELLETS, HAIL 4 = ICE PELLETS
TOTAL MONTH: M 5 = HAIL
GRTST 24HR M ON M 6 = FREEZING RAIN OR DRIZZLE
GRTST DEPTH: M ON M 7 = DUSTSTORM OR SANDSTORM:
VSBY 1/2 MILE OR LESS
8 = SMOKE OR HAZE
[NO. OF DAYS WITH] [WEATHER - DAYS WITH] 9 = BLOWING SNOW
X = TORNADO
MAX 32 OR BELOW: 0 0.01 INCH OR MORE: 8
MAX 90 OR ABOVE: 17 0.10 INCH OR MORE: 4
MIN 32 OR BELOW: 0 0.50 INCH OR MORE: 1
MIN 0 OR BELOW: 0 1.00 INCH OR MORE: 0
[HDD (BASE 65) ]
TOTAL THIS MO. 2 CLEAR (SCALE 0-3) 27
DPTR FM NORMAL -13 PTCLDY (SCALE 4-7) 4
TOTAL FM JUL 1 2 CLOUDY (SCALE 8-10) 0
DPTR FM NORMAL -9
[CDD (BASE 65) ]
TOTAL THIS MO. 176
DPTR FM NORMAL 60 [PRESSURE DATA]
TOTAL FM JAN 1 210 HIGHEST SLP M ON M
DPTR FM NORMAL 73 LOWEST SLP 29.78 ON 3
[REMARKS]
#FINAL-07-22#