000
CXUS51 KCLE 031643
CLMCAK
CLIMATE REPORT
NATIONAL WEATHER SERVICE CLEVELAND, OH
1243 PM EDT SAT JUN 03 2023
...................................
...THE AKRON CANTON OH CLIMATE SUMMARY FOR THE MONTH OF MAY 2023...
CLIMATE NORMAL PERIOD 1991 TO 2020
CLIMATE RECORD PERIOD 1887 TO 2023
WEATHER OBSERVED NORMAL DEPART LAST YEAR`S
VALUE DATE(S) VALUE FROM VALUE
NORMAL
..............................................................
TEMPERATURE (F)
RECORD
HIGH 94 05/31/1895
LOW 24 05/10/1966
HIGHEST 84 05/29
LOWEST 32 05/18
AVG. MAXIMUM 70.5 72.3 -1.8 74.5
AVG. MINIMUM 46.8 50.4 -3.6 55.1
MEAN 58.7 61.3 -2.6 64.8
DAYS MAX >= 90 0 0.4 -0.4 1
DAYS MAX <= 32 0 0.0 0.0 0
DAYS MIN <= 32 1 0.4 0.6 0
DAYS MIN <= 0 0 0.0 0.0 0
PRECIPITATION (INCHES)
RECORD
MAXIMUM 9.60 1956
MINIMUM 0.47 1934
TOTALS 1.68 4.13 -2.45 4.47
DAYS >= .01 8 14.1 -6.1 13
DAYS >= .10 6 8.6 -2.6 11
DAYS >= .50 0 2.5 -2.5 3
DAYS >= 1.00 0 0.9 -0.9 0
GREATEST
24 HR. TOTAL 0.47 05/01 TO 05/02 0.89
SNOWFALL (INCHES)
RECORDS
TOTAL 3.2 1966
TOTALS T 0.0 0.0 T
SINCE 7/1 21.3 47.2 -25.9 52.0
DAYS >= 1.0 0 0.0 0.0 0
GREATEST
24 HR TOTAL TR 05/03 TO 05/03
05/02 TO 05/02
DEGREE DAYS
HEATING TOTAL 211 177 34 94
SINCE 7/1 4945 5671 -726 5142
COOLING TOTAL 22 64 -42 95
SINCE 1/1 37 73 -36 113
..............................................................
WIND (MPH)
AVERAGE WIND SPEED 7.7
HIGHEST WIND SPEED/DIRECTION 29/270 DATE 05/01
HIGHEST GUST SPEED/DIRECTION 40/280 DATE 05/01
SKY COVER
AVERAGE SKY COVER 0.51
AVERAGE RH (PERCENT) 60
WEATHER CONDITIONS. NUMBER OF DAYS WITH
THUNDERSTORM 0 MIXED PRECIP 0
HEAVY RAIN 0 RAIN 5
LIGHT RAIN 10 FREEZING RAIN 0
LT FREEZING RAIN 0 HAIL 0
HEAVY SNOW 0 SNOW 0
LIGHT SNOW 2 SLEET 0
FOG 7 FOG W/VIS <= 1/4 MILE 0
HAZE 5
- INDICATES NEGATIVE NUMBERS.
R INDICATES RECORD WAS SET OR TIED.
MM INDICATES DATA IS MISSING.
T INDICATES TRACE AMOUNT.
$$