000
CXUS51 KCLE 041928
CLSCAK
CLIMATE REPORT
NATIONAL WEATHER SERVICE CLEVELAND, OH
228 PM EST THU MAR 04 2021
...................................
...THE AKRON CANTON OH CLIMATE SUMMARY FOR THE SEASON, FROM
12/1/2020 TO 2/28/2021...
CLIMATE NORMAL PERIOD 1981 TO 2010
CLIMATE RECORD PERIOD 1887 TO 2021
WEATHER OBSERVED NORMAL DEPART
VALUE DATE(S) VALUE FROM
NORMAL
................................................
TEMPERATURE (F)
RECORD
HIGH 76 12/03/1982
LOW -25 01/19/1994
HIGHEST 61 12/11
LOWEST 3 02/17
AVG. MAXIMUM 36.0 35.6 0.4
AVG. MINIMUM 24.6 21.4 3.2
MEAN 30.3 28.5 1.8
DAYS MAX >= 90 0 0.0
DAYS MAX <= 32 30 35.1
DAYS MIN <= 32 73 75.3
DAYS MIN <= 0 0 3.4
PRECIPITATION (INCHES)
RECORD
MAXIMUM 15.09 1950
MINIMUM 2.96 1906
TOTALS 6.48 7.76 -1.28
DAYS >= .01 50 47.4
DAYS >= .10 19 20.6
DAYS >= .50 3 3.8
DAYS >= 1.00 0 0.8
SNOWFALL (INCHES)
RECORDS
TOTAL 65.9 1978
TOTALS 43.8 33.1
DAYS >= TRACE 59
DAYS >= 1.0 13 11.4
DEGREE DAYS
HEATING TOTAL 3085 3284 -199
COOLING TOTAL 0 0 0
................................................
WIND (MPH)
HIGHEST GUST SPEED/DIRECTION 52/220 DATE 12/28
SKY COVER
POSSIBLE SUNSHINE (PERCENT) MM
NUMBER OF DAYS FAIR 1
NUMBER OF DAYS PC 22
NUMBER OF DAYS CLOUDY 67
WEATHER CONDITIONS. NUMBER OF DAYS WITH
THUNDERSTORM 0 MIXED PRECIP 2
HEAVY RAIN 0 RAIN 3
LIGHT RAIN 23 FREEZING RAIN 0
LT FREEZING RAIN 5 HAIL 0
HEAVY SNOW 0 SNOW 5
LIGHT SNOW 59 SLEET 1
FOG 55 FOG W/VIS <= 1/4 MILE 3
HAZE 58
- INDICATES NEGATIVE NUMBERS.
R INDICATES RECORD WAS SET OR TIED.
MM INDICATES DATA IS MISSING.
T INDICATES TRACE AMOUNT.
$$