000
CXUS55 KABQ 011438
CF6CAO
PRELIMINARY LOCAL CLIMATOLOGICAL DATA (WS FORM: F-6)
STATION: CLAYTON NM
MONTH: AUGUST
YEAR: 2022
LATITUDE: 36 27 N
LONGITUDE: 103 9 W
TEMPERATURE IN F: :PCPN: SNOW: WIND :SUNSHINE: SKY :PK WND
================================================================================
1 2 3 4 5 6A 6B 7 8 9 10 11 12 13 14 15 16 17 18
12Z AVG MX 2MIN
DY MAX MIN AVG DEP HDD CDD WTR SNW DPTH SPD SPD DIR MIN PSBL S-S WX SPD DR
================================================================================
1 89 64 77 2 0 12 0.00 0.0 0 8.2 21 170 M M 0 30 170
2 92 63 78 3 0 13 0.00 0.0 0 9.0 16 210 M M 0 21 190
3 91 69 80 5 0 15 0.00 0.0 0 15.6 29 300 M M 1 36 300
4 88 68 78 3 0 13 0.00 0.0 0 8.8 18 50 M M 2 3 32 60
5 92 66 79 5 0 14 0.00 0.0 0 15.0 29 200 M M 0 37 200
6 92 63 78 4 0 13 0.00 0.0 0 12.6 28 200 M M 1 35 180
7 92 65 79 5 0 14 0.00 0.0 0 12.8 25 320 M M 1 3 33 320
8 84 64 74 0 0 9 0.03 0.0 0 9.6 26 290 M M 4 3 40 290
9 87 58 73 -1 0 8 0.60 0.0 0 8.9 26 40 M M 1 38 38 40
10 84 60 72 -2 0 7 0.00 0.0 0 6.3 14 140 M M 1 20 130
11 86 60 73 -1 0 8 0.00 0.0 0 7.1 15 180 M M 1 21 180
12 88 60 74 0 0 9 0.00 0.0 0 8.2 18 200 M M 0 25 200
13 90 60 75 1 0 10 0.00 0.0 0 11.9 22 210 M M 0 30 220
14 92 63 78 4 0 13 0.00 0.0 0 12.3 22 170 M M 0 30 190
15 92 63 78 5 0 13 0.00 0.0 0 10.2 24 320 M M 0 33 300
16 84 60 72 -1 0 7 0.02 0.0 0 9.5 25 320 M M 4 3 36 310
17 72 61 67 -6 0 2 0.58 0.0 0 5.2 17 290 M M 8 13 28 280
18 82 57 70 -3 0 5 0.04 0.0 0 3.4 12 40 M M 2 12 16 40
19 85 59 72 -1 0 7 0.00 0.0 0 10.2 17 210 M M 0 26 250
20 72 59 66 -7 0 1 0.33 0.0 0 7.5 24 220 M M 4 13 32 210
21 71 56 64 -9 1 0 0.05 0.0 0 7.7 17 60 M M 8 1 22 60
22 77 55 66 -6 0 1 0.00 0.0 0 6.8 13 70 M M 0 17 30
23 81 57 69 -3 0 4 0.00 0.0 0 6.7 14 70 M M 0 18 50
24 83 54 69 -3 0 4 0.00 0.0 0 7.4 15 130 M M 1 21 170
25 83 58 71 -1 0 6 0.00 0.0 0 8.8 17 180 M M 0 22 180
26 85 60 73 1 0 8 0.03 0.0 0 14.7 25 190 M M 2 3 33 180
27 89 61 75 3 0 10 0.01 0.0 0 7.1 18 200 M M 2 29 290
28 93 62 78 6 0 13 0.00 0.0 0 9.4 23 340 M M 1 34 330
29 91 58 75 4 0 10 T 0.0 0 8.5 25 30 M M 1 32 20
30 86 63 75 4 0 10 0.00 0.0 0 11.3 23 10 M M 1 3 31 10
31 85 61 73 2 0 8 0.00 0.0 0 8.8 21 150 M M 1 25 140
================================================================================
SM 2658 1887 1 267 1.69 0.0 289.5 M 47
================================================================================
AV 85.7 60.9 9.3 FASTST M M 2 MAX(MPH)
MISC ----> # 29 300 40 290
================================================================================
NOTES:
# LAST OF SEVERAL OCCURRENCES
COLUMN 17 PEAK WIND IN M.P.H.
PRELIMINARY LOCAL CLIMATOLOGICAL DATA (WS FORM: F-6) , PAGE 2
STATION: CLAYTON NM
MONTH: AUGUST
YEAR: 2022
LATITUDE: 36 27 N
LONGITUDE: 103 9 W
[TEMPERATURE DATA] [PRECIPITATION DATA] SYMBOLS USED IN COLUMN 16
AVERAGE MONTHLY: 73.3 TOTAL FOR MONTH: 1.69 1 = FOG OR MIST
DPTR FM NORMAL: 0.2 DPTR FM NORMAL: -1.39 2 = FOG REDUCING VISIBILITY
HIGHEST: 93 ON 28 GRTST 24HR 0.62 ON 17-18 TO 1/4 MILE OR LESS
LOWEST: 54 ON 24 3 = THUNDER
SNOW, ICE PELLETS, HAIL 4 = ICE PELLETS
TOTAL MONTH: 0.0 INCH 5 = HAIL
GRTST 24HR 0.0 6 = FREEZING RAIN OR DRIZZLE
GRTST DEPTH: 0 7 = DUSTSTORM OR SANDSTORM:
VSBY 1/2 MILE OR LESS
8 = SMOKE OR HAZE
[NO. OF DAYS WITH] [WEATHER - DAYS WITH] 9 = BLOWING SNOW
X = TORNADO
MAX 32 OR BELOW: 0 0.01 INCH OR MORE: 9
MAX 90 OR ABOVE: 10 0.10 INCH OR MORE: 3
MIN 32 OR BELOW: 0 0.50 INCH OR MORE: 2
MIN 0 OR BELOW: 0 1.00 INCH OR MORE: 0
[HDD (BASE 65) ]
TOTAL THIS MO. 1 CLEAR (SCALE 0-3) 26
DPTR FM NORMAL -4 PTCLDY (SCALE 4-7) 3
TOTAL FM JUL 1 1 CLOUDY (SCALE 8-10) 2
DPTR FM NORMAL -1
[CDD (BASE 65) ]
TOTAL THIS MO. 267
DPTR FM NORMAL 10 [PRESSURE DATA]
TOTAL FM JAN 1 1063 HIGHEST SLP 30.19 ON 10
DPTR FM NORMAL 218 LOWEST SLP 29.63 ON 28
[REMARKS]
#FINAL-08-22#