000
CXUS55 KABQ 011115
CF6CAO
PRELIMINARY LOCAL CLIMATOLOGICAL DATA (WS FORM: F-6)
STATION: CLAYTON NM
MONTH: AUGUST
YEAR: 2021
LATITUDE: 36 27 N
LONGITUDE: 103 9 W
TEMPERATURE IN F: :PCPN: SNOW: WIND :SUNSHINE: SKY :PK WND
================================================================================
1 2 3 4 5 6A 6B 7 8 9 10 11 12 13 14 15 16 17 18
12Z AVG MX 2MIN
DY MAX MIN AVG DEP HDD CDD WTR SNW DPTH SPD SPD DIR MIN PSBL S-S WX SPD DR
================================================================================
1 72 57 65 -10 0 0 0.05 0.0 0 9.8 20 70 M M 6 138 27 10
2 79 56 68 -7 0 3 0.00 0.0 0 7.8 14 180 M M 1 18 19 160
3 82 57 70 -5 0 5 0.00 0.0 0 14.2 25 180 M M 3 36 190
4 66 58 62 -13 3 0 0.13 0.0 0 9.4 16 170 M M 7 1 22 170
5 88 58 73 -1 0 8 0.00 0.0 0 8.5 16 270 M M 0 8 25 270
6 95 62 79 5 0 14 0.00 0.0 0 12.0 22 190 M M 0 35 160
7 94 64 79 5 0 14 0.00 0.0 0 11.8 23 170 M M 0 29 170
8 90 61 76 2 0 11 0.00 0.0 0 8.0 17 130 M M 0 8 23 140
9 99 55 77 3 0 12 0.00 0.0 0 7.7 18 190 M M 0 25 240
10 98 68 83 9 0 18 0.00 0.0 0 8.5 23 170 M M 0 32 150
11 96 63 80 6 0 15 T 0.0 0 9.0 21 260 M M 1 3 29 250
12 89 63 76 2 0 11 0.14 0.0 0 8.5 45 140 M M 1 3 59 140
13 80 60 70 -4 0 5 T 0.0 0 8.4 21 180 M M 2 29 160
14 85 60 73 -1 0 8 0.00 0.0 0 10.1 18 150 M M 1 31 140
15 88 60 74 1 0 9 0.00 0.0 0 10.9 22 180 M M 1 34 200
16 85 60 73 0 0 8 0.00 0.0 0 10.1 26 140 M M 2 3 36 130
17 88 57 73 0 0 8 0.00 0.0 0 13.6 25 150 M M 0 8 34 160
18 91 60 76 3 0 11 0.00 0.0 0 17.0 29 150 M M 0 1 39 170
19 93 63 78 5 0 13 0.00 0.0 0 15.0 28 210 M M 3 12 37 200
20 92 62 77 4 0 12 0.00 0.0 0 11.3 23 220 M M 0 32 220
21 87 60 74 1 0 9 0.00 0.0 0 14.4 28 40 M M 1 37 40
22 94 60 77 5 0 12 0.00 0.0 0 17.1 29 190 M M 1 1 37 180
23 97 67 82 10 0 17 0.00 0.0 0 14.0 29 200 M M 0 37 240
24 96 68 82 10 0 17 0.00 0.0 0 10.5 18 160 M M 0 25 160
25 96 65 81 9 0 16 0.00 0.0 0 12.6 26 150 M M 0 34 130
26 93 63 78 6 0 13 0.00 0.0 0 16.4 29 190 M M 0 40 170
27 92 63 78 6 0 13 0.49 0.0 0 15.0 30 10 M M 2 3 45 280
28 90 60 75 3 0 10 0.00 0.0 0 13.1 24 190 M M 0 32 190
29 81 62 72 1 0 7 0.00 0.0 0 12.3 25 190 M M 0 33 350
30 87 61 74 3 0 9 0.00 0.0 0 11.3 22 190 M M 1 31 190
31 94 61 78 7 0 13 0.00 0.0 0 10.5 20 130 M M 0 25 230
================================================================================
SM 2757 1894 3 321 0.81 0.0 358.8 M 33
================================================================================
AV 88.9 61.1 11.6 FASTST M M 1 MAX(MPH)
MISC ----> 45 140 59 140
================================================================================
NOTES:
# LAST OF SEVERAL OCCURRENCES
COLUMN 17 PEAK WIND IN M.P.H.
PRELIMINARY LOCAL CLIMATOLOGICAL DATA (WS FORM: F-6) , PAGE 2
STATION: CLAYTON NM
MONTH: AUGUST
YEAR: 2021
LATITUDE: 36 27 N
LONGITUDE: 103 9 W
[TEMPERATURE DATA] [PRECIPITATION DATA] SYMBOLS USED IN COLUMN 16
AVERAGE MONTHLY: 75.0 TOTAL FOR MONTH: 0.81 1 = FOG OR MIST
DPTR FM NORMAL: 1.9 DPTR FM NORMAL: -2.27 2 = FOG REDUCING VISIBILITY
HIGHEST: 99 ON 9 GRTST 24HR 0.72 ON 31- 1 TO 1/4 MILE OR LESS
LOWEST: 55 ON 9 3 = THUNDER
SNOW, ICE PELLETS, HAIL 4 = ICE PELLETS
TOTAL MONTH: 0.0 INCH 5 = HAIL
GRTST 24HR 0.0 6 = FREEZING RAIN OR DRIZZLE
GRTST DEPTH: 0 7 = DUSTSTORM OR SANDSTORM:
VSBY 1/2 MILE OR LESS
8 = SMOKE OR HAZE
[NO. OF DAYS WITH] [WEATHER - DAYS WITH] 9 = BLOWING SNOW
X = TORNADO
MAX 32 OR BELOW: 0 0.01 INCH OR MORE: 4
MAX 90 OR ABOVE: 17 0.10 INCH OR MORE: 3
MIN 32 OR BELOW: 0 0.50 INCH OR MORE: 0
MIN 0 OR BELOW: 0 1.00 INCH OR MORE: 0
[HDD (BASE 65) ]
TOTAL THIS MO. 3 CLEAR (SCALE 0-3) 29
DPTR FM NORMAL -2 PTCLDY (SCALE 4-7) 2
TOTAL FM JUL 1 3 CLOUDY (SCALE 8-10) 0
DPTR FM NORMAL 1
[CDD (BASE 65) ]
TOTAL THIS MO. 321
DPTR FM NORMAL 64 [PRESSURE DATA]
TOTAL FM JAN 1 931 HIGHEST SLP 30.29 ON 1
DPTR FM NORMAL 86 LOWEST SLP 29.63 ON 31
[REMARKS]
#FINAL-08-21#