000
CXUS55 KABQ 011250
CF6CAO
PRELIMINARY LOCAL CLIMATOLOGICAL DATA (WS FORM: F-6)
STATION: CLAYTON NM
MONTH: DECEMBER
YEAR: 2023
LATITUDE: 36 27 N
LONGITUDE: 103 9 W
TEMPERATURE IN F: :PCPN: SNOW: WIND :SUNSHINE: SKY :PK WND
================================================================================
1 2 3 4 5 6A 6B 7 8 9 10 11 12 13 14 15 16 17 18
12Z AVG MX 2MIN
DY MAX MIN AVG DEP HDD CDD WTR SNW DPTH SPD SPD DIR MIN PSBL S-S WX SPD DR
================================================================================
1 48 18 33 -5 32 0 0.00 0.0 0 9.8 21 260 M M 3 29 260
2 50 25 38 0 27 0 0.00 0.0 0 15.4 32 310 M M 0 41 310
3 61 22 42 4 23 0 0.00 0.0 0 13.6 33 30 M M 0 43 10
4 61 25 43 6 22 0 0.00 0.0 0 10.0 29 360 M M 0 38 360
5 62 29 46 9 19 0 0.00 0.0 0 10.4 16 250 M M 0 25 210
6 64 39 52 15 13 0 0.00 0.0 0 14.8 26 210 M M 0 34 220
7 72 37 55 19 10 0 0.00 0.0 0 14.8 26 260 M M 0 39 260
8 51 25 38 2 27 0 0.00 0.0 0 9.1 22 360 M M 2 30 340
9 36 20 28 -8 37 0 0.15 1.0 1 15.1 29 10 M M 5 1 36 10
10 60 19 40 4 25 0 0.00 0.0 0 10.2 17 320 M M 0 24 330
11 50 24 37 1 28 0 0.00 0.0 0 7.1 15 160 M M 0 19 160
12 47 27 37 2 28 0 0.00 0.0 0 5.9 15 140 M M 0 18 140
13 37 30 34 -1 31 0 0.69 2.5 0 10.9 18 30 M M 10 1 22 10
14 32 28 30 -5 35 0 0.10 0.0 0 8.8 16 130 M M 10 126 20 130
15 45 24 35 0 30 0 0.00 0.0 2 12.2 18 300 M M 2 1 26 310
16 56 29 43 8 22 0 0.00 0.0 0 10.1 17 290 M M 0 21 250
17 64 29 47 12 18 0 0.00 0.0 0 9.1 18 360 M M 0 24 350
18 52 23 38 4 27 0 0.00 0.0 0 12.5 25 200 M M 0 33 210
19 66 37 52 18 13 0 0.00 0.0 0 10.8 22 240 M M 0 30 240
20 62 40 51 17 14 0 0.00 0.0 0 7.1 16 260 M M 0 22 260
21 61 37 49 15 16 0 0.00 0.0 0 7.6 15 20 M M 3 22 250
22 61 34 48 14 17 0 0.00 0.0 0 9.7 22 180 M M 1 29 190
23 55 36 46 12 19 0 0.05 0.0 0 16.0 35 320 M M 4 12 49 320
24 42 25 34 0 31 0 0.00 0.0 0 19.6 36 350 M M 6 46 340
25 37 17 27 -7 38 0 0.00 0.0 0 10.2 21 330 M M 3 31 340
26 38 17 28 -6 37 0 0.00 0.0 0 10.7 31 340 M M 8 43 330
27 46 27 37 3 28 0 0.00 0.0 0 15.2 30 350 M M 6 41 350
28 44 22 33 -1 32 0 0.00 0.0 0 13.7 29 360 M M 0 38 360
29 55 30 43 9 22 0 0.00 0.0 0 12.8 22 360 M M 0 29 360
30 62 29 46 12 19 0 0.00 0.0 0 8.6 16 330 M M 0 24 330
31 42 23 33 -1 32 0 0.00 0.0 0 6.3 13 10 M M 0 15 20
================================================================================
SM 1619 847 772 0 0.99 3.5 348.1 M 63
================================================================================
AV 52.2 27.3 11.2 FASTST M M 2 MAX(MPH)
MISC ----> 36 350 49 320
================================================================================
NOTES:
# LAST OF SEVERAL OCCURRENCES
COLUMN 17 PEAK WIND IN M.P.H.
PRELIMINARY LOCAL CLIMATOLOGICAL DATA (WS FORM: F-6) , PAGE 2
STATION: CLAYTON NM
MONTH: DECEMBER
YEAR: 2023
LATITUDE: 36 27 N
LONGITUDE: 103 9 W
[TEMPERATURE DATA] [PRECIPITATION DATA] SYMBOLS USED IN COLUMN 16
AVERAGE MONTHLY: 39.8 TOTAL FOR MONTH: 0.99 1 = FOG OR MIST
DPTR FM NORMAL: 4.5 DPTR FM NORMAL: 0.57 2 = FOG REDUCING VISIBILITY
HIGHEST: 72 ON 7 GRTST 24HR 0.74 ON 13-14 TO 1/4 MILE OR LESS
LOWEST: 17 ON 26,25 3 = THUNDER
SNOW, ICE PELLETS, HAIL 4 = ICE PELLETS
TOTAL MONTH: 3.5 INCHES 5 = HAIL
GRTST 24HR 2.5 ON 13-13 6 = FREEZING RAIN OR DRIZZLE
GRTST DEPTH: 2 ON 15 7 = DUSTSTORM OR SANDSTORM:
VSBY 1/2 MILE OR LESS
8 = SMOKE OR HAZE
[NO. OF DAYS WITH] [WEATHER - DAYS WITH] 9 = BLOWING SNOW
X = TORNADO
MAX 32 OR BELOW: 1 0.01 INCH OR MORE: 4
MAX 90 OR ABOVE: 0 0.10 INCH OR MORE: 3
MIN 32 OR BELOW: 24 0.50 INCH OR MORE: 1
MIN 0 OR BELOW: 0 1.00 INCH OR MORE: 0
[HDD (BASE 65) ]
TOTAL THIS MO. 772 CLEAR (SCALE 0-3) 23
DPTR FM NORMAL -148 PTCLDY (SCALE 4-7) 6
TOTAL FM JUL 1 1587 CLOUDY (SCALE 8-10) 2
DPTR FM NORMAL -382
[CDD (BASE 65) ]
TOTAL THIS MO. 0
DPTR FM NORMAL 0 [PRESSURE DATA]
TOTAL FM JAN 1 1091 HIGHEST SLP 30.53 ON 9
DPTR FM NORMAL 124 LOWEST SLP 29.54 ON 7
[REMARKS]
#FINAL-12-23#