000
CXUS55 KABQ 011126
CF6CAO
PRELIMINARY LOCAL CLIMATOLOGICAL DATA (WS FORM: F-6)
STATION: CLAYTON NM
MONTH: OCTOBER
YEAR: 2020
LATITUDE: 36 27 N
LONGITUDE: 103 9 W
TEMPERATURE IN F: :PCPN: SNOW: WIND :SUNSHINE: SKY :PK WND
================================================================================
1 2 3 4 5 6A 6B 7 8 9 10 11 12 13 14 15 16 17 18
12Z AVG MX 2MIN
DY MAX MIN AVG DEP HDD CDD WTR SNW DPTH SPD SPD DIR MIN PSBL S-S WX SPD DR
================================================================================
1 67 43 55 -5 10 0 0.00 0.0 0 8.7 16 150 M M 0 8 20 160
2 82 46 64 5 1 0 0.00 0.0 0 9.2 18 230 M M 0 27 230
3 69 47 58 -1 7 0 0.00 0.0 0 12.6 29 10 M M 0 39 360
4 74 45 60 2 5 0 0.00 0.0 0 13.6 26 200 M M 0 37 200
5 88 47 68 10 0 3 0.00 0.0 0 10.4 22 320 M M 0 28 360
6 85 51 68 10 0 3 0.00 0.0 0 11.2 21 180 M M 0 8 26 190
7 88 56 72 14 0 7 0.00 0.0 0 10.1 20 190 M M 0 26 200
8 85 54 70 13 0 5 0.00 0.0 0 14.8 29 200 M M 0 36 190
9 89 52 71 14 0 6 0.00 0.0 0 9.1 18 320 M M 0 24 330
10 87 49 68 12 0 3 0.00 0.0 0 9.5 22 200 M M 0 8 30 160
11 86 48 67 11 0 2 0.00 0.0 0 18.1 35 10 M M 1 8 46 20
12 71 37 54 -2 11 0 0.00 0.0 0 14.2 29 200 M M 0 43 200
13 76 48 62 6 3 0 0.00 0.0 0 10.7 23 30 M M 0 29 30
14 89 44 67 12 0 2 0.00 0.0 0 13.5 36 30 M M 0 47 20
15 57 33 45 -10 20 0 0.00 0.0 0 11.0 22 30 M M 0 26 30
16 61 28 45 -10 20 0 0.00 0.0 0 17.3 37 210 M M 0 8 46 200
17 84 47 66 12 0 1 0.00 0.0 0 12.3 24 240 M M 0 8 32 260
18 54 35 45 -9 20 0 0.00 0.0 0 11.8 23 20 M M 5 8 28 20
19 73 28 51 -3 14 0 0.00 0.0 0 7.4 16 130 M M 2 18 24 140
20 84 36 60 6 5 0 0.00 0.0 0 8.7 18 60 M M 1 8 24 50
21 78 47 63 10 2 0 0.00 0.0 0 14.0 28 190 M M 4 8 37 180
22 84 34 59 6 6 0 0.00 0.0 0 18.8 37 30 M M 2 8 46 30
23 38 26 32 -21 33 0 0.00 0.0 0 14.8 29 10 M M 7 8 37 10
24 74 27 51 -1 14 0 0.00 0.0 0 18.0 28 230 M M 0 8 40 240
25 40 18 29 -23 36 0 0.07 0.5 0 18.2 26 20 M M 9 126 35 20
26 18 12 15 -37 50 0 0.11 3.1 1 15.6 23 10 M M 10 1 29 20
27 29 14 22 -30 43 0 0.42 5.5 6 7.0 16 360 M M 10 128 19 360
28 40 24 32 -19 33 0 0.39 3.1 8 23.0 39 350 M M 9 12 55 340
29 50 32 41 -10 24 0 0.00 0.0 7 10.3 22 340 M M 0 30 340
30 61 31 46 -4 19 0 0.00 0.0 0 10.3 21 240 M M 0 29 240
31 73 40 57 7 8 0 0.00 0.0 0 13.1 25 350 M M 0 34 320
================================================================================
SM 2134 1179 384 32 0.99 12.2 397.3 M 60
================================================================================
AV 68.8 38.0 12.8 FASTST M M 2 MAX(MPH)
MISC ----> # 39 350 # 55 340
================================================================================
NOTES:
# LAST OF SEVERAL OCCURRENCES
COLUMN 17 PEAK WIND IN M.P.H.
PRELIMINARY LOCAL CLIMATOLOGICAL DATA (WS FORM: F-6) , PAGE 2
STATION: CLAYTON NM
MONTH: OCTOBER
YEAR: 2020
LATITUDE: 36 27 N
LONGITUDE: 103 9 W
[TEMPERATURE DATA] [PRECIPITATION DATA] SYMBOLS USED IN COLUMN 16
AVERAGE MONTHLY: 53.4 TOTAL FOR MONTH: 0.99 1 = FOG OR MIST
DPTR FM NORMAL: -1.4 DPTR FM NORMAL: -0.12 2 = FOG REDUCING VISIBILITY
HIGHEST: 89 ON 14, 9 GRTST 24HR 0.42 ON 27-27 TO 1/4 MILE OR LESS
LOWEST: 12 ON 26 3 = THUNDER
SNOW, ICE PELLETS, HAIL 4 = ICE PELLETS
TOTAL MONTH: 12.2 INCHES 5 = HAIL
GRTST 24HR 5.5 ON 27-27 6 = FREEZING RAIN OR DRIZZLE
GRTST DEPTH: 8 ON 28 7 = DUSTSTORM OR SANDSTORM:
VSBY 1/2 MILE OR LESS
8 = SMOKE OR HAZE
[NO. OF DAYS WITH] [WEATHER - DAYS WITH] 9 = BLOWING SNOW
X = TORNADO
MAX 32 OR BELOW: 2 0.01 INCH OR MORE: 4
MAX 90 OR ABOVE: 0 0.10 INCH OR MORE: 3
MIN 32 OR BELOW: 10 0.50 INCH OR MORE: 0
MIN 0 OR BELOW: 0 1.00 INCH OR MORE: 0
[HDD (BASE 65) ]
TOTAL THIS MO. 384 CLEAR (SCALE 0-3) 24
DPTR FM NORMAL 58 PTCLDY (SCALE 4-7) 3
TOTAL FM JUL 1 480 CLOUDY (SCALE 8-10) 4
DPTR FM NORMAL 70
[CDD (BASE 65) ]
TOTAL THIS MO. 32
DPTR FM NORMAL 22 [PRESSURE DATA]
TOTAL FM JAN 1 1194 HIGHEST SLP 30.43 ON 26
DPTR FM NORMAL 285 LOWEST SLP 29.54 ON 11
[REMARKS]
#FINAL-10-20#