000
CXUS55 KABQ 011448
CLMCAO
CLIMATE REPORT
NATIONAL WEATHER SERVICE ALBUQUERQUE NM
848 AM MDT SAT APR 01 2023
...................................
...THE CLAYTON NM CLIMATE SUMMARY FOR THE MONTH OF MARCH 2023...
CLIMATE NORMAL PERIOD 1991 TO 2020
CLIMATE RECORD PERIOD 1896 TO 2023
WEATHER OBSERVED NORMAL DEPART LAST YEAR`S
VALUE DATE(S) VALUE FROM VALUE DATE(S)
NORMAL
................................................................
TEMPERATURE (F)
RECORD
HIGH 87 03/19/2017
03/30/2010
LOW -11 03/11/1948
HIGHEST 75 03/30 MM MM 82 03/26
LOWEST 15 03/19 29 -14 11 03/10
AVG. MAXIMUM 57.3 60.0 -2.7 58.6
AVG. MINIMUM 28.3 29.8 -1.5 28.3
MEAN 42.8 44.9 -2.1 43.4
DAYS MAX >= 90 0 0.0 0.0 0
DAYS MAX <= 32 0 0.6 -0.6 2
DAYS MIN <= 32 22 17.7 4.3 20
DAYS MIN <= 0 0 0.0 0.0 0
PRECIPITATION (INCHES)
TOTALS 0.14R 0.91 -0.77 0.29
DAILY AVG. 0.00 0.03 -0.03 0.01
DAYS >= .01 2 4.6 -2.6 4
DAYS >= .10 1 2.1 -1.1 1
DAYS >= .50 0 0.5 -0.5 0
DAYS >= 1.00 0 0.1 -0.1 0
GREATEST
24 HR. TOTAL 0.12 03/16 TO 03/16 0.23
SNOWFALL (INCHES)
TOTALS T 3.4 -3.4 4.6
SINCE 7/1 7.8 20.5 -12.7 MM
DAYS >= 1.0 0 1.1 -1.1 2
GREATEST
SNOW DEPTH 0 3 03/22
24 HR TOTAL MM MM
DEGREE DAYS
HEATING TOTAL 681 624 57 662
SINCE 7/1 4366 4276 90 MM
COOLING TOTAL 0 1 -1 0
SINCE 1/1 0 1 -1 MM
................................................................
WIND (MPH)
AVERAGE WIND SPEED 13.7
HIGHEST WIND SPEED/DIRECTION 44/210 DATE 03/30
HIGHEST GUST SPEED/DIRECTION 64/210 DATE 03/30
SKY COVER
AVERAGE SKY COVER 0.22
AVERAGE RH (PERCENT) 48
WEATHER CONDITIONS. NUMBER OF DAYS WITH
THUNDERSTORM 0 MIXED PRECIP 0
HEAVY RAIN 0 RAIN 1
LIGHT RAIN 3 FREEZING RAIN 0
LT FREEZING RAIN 0 HAIL 0
HEAVY SNOW 0 SNOW 0
LIGHT SNOW 2 SLEET 0
FOG 3 FOG W/VIS <= 1/4 MILE 1
HAZE 1
- INDICATES NEGATIVE NUMBERS.
R INDICATES RECORD WAS SET OR TIED.
MM INDICATES DATA IS MISSING.
T INDICATES TRACE AMOUNT.
$$