000
CXUS51 KCAR 010600
CF6CAR
PRELIMINARY LOCAL CLIMATOLOGICAL DATA (WS FORM: F-6)
STATION: CARIBOU ME
MONTH: NOVEMBER
YEAR: 2020
LATITUDE: 46 52 N
LONGITUDE: 68 1 W
TEMPERATURE IN F: :PCPN: SNOW: WIND :SUNSHINE: SKY :PK WND
================================================================================
1 2 3 4 5 6A 6B 7 8 9 10 11 12 13 14 15 16 17 18
12Z AVG MX 2MIN
DY MAX MIN AVG DEP HDD CDD WTR SNW DPTH SPD SPD DIR MIN PSBL S-S WX SPD DR
================================================================================
1 48 24 36 -1 29 0 0.14 T 0 10.1 25 180 M M 6 1 31 180
2 45 24 35 -2 30 0 0.30 T 0 10.5 24 300 M M 9 1 36 310
3 32 20 26 -11 39 0 0.00 0.0 0 7.5 20 350 M M 2 27 360
4 33 14 24 -12 41 0 0.00 T 0 6.6 14 160 M M 6 19 160
5 57 31 44 8 21 0 0.00 0.0 0 8.7 17 190 M M 4 1 23 170
6 66 41 54 18 11 0 0.01 0.0 0 6.6 17 250 M M 1 25 240
7 59 42 51 16 14 0 0.00 0.0 0 6.8 13 20 M M 3 18 240
8 44 39 42 7 23 0 T 0.0 0 5.6 10 170 M M 10 14 180
9 69 41 55 21 10 0 T 0.0 0 5.8 14 250 M M 4 12 17 230
10 75 52 64 30 1 0 0.00 0.0 0 7.2 18 230 M M 1 24 250
11 67 51 59 25 6 0 T 0.0 0 7.8 18 250 M M 4 27 270
12 66 30 48 15 17 0 0.00 0.0 0 7.3 16 300 M M 2 23 320
13 41 23 32 -1 33 0 0.06 0.2 0 2.6 10 160 M M 3 1 15 160
14 41 32 37 5 28 0 0.04 0.3 T 4.6 16 320 M M 10 1 23 320
15 35 24 30 -2 35 0 0.10 1.2 0 8.8 24 160 M M 3 1 36 160
16 43 33 38 7 27 0 0.33 0.3 1 9.7 23 120 M M 7 12 34 120
17 37 22 30 -1 35 0 T T 0 9.1 20 330 M M 6 31 250
18 29 19 24 -6 41 0 0.00 0.0 0 8.4 20 310 M M 4 27 300
19 28 14 21 -9 44 0 T T T 7.4 18 170 M M 6 8 24 160
20 43 28 36 6 29 0 T 0.0 0 5.1 10 180 M M 9 15 170
21 44 28 36 7 29 0 0.00 0.0 0 8.7 20 330 M M 6 27 330
22 32 18 25 -4 40 0 T T 0 4.1 12 320 M M 3 16 330
23 41 28 35 7 30 0 2.00 1.0 1 9.0 23 310 M M 10 1 32 310
24 32 14 23 -5 42 0 T T T 15.0 25 300 M M 7 39 310
25 27 12 20 -7 45 0 0.27 3.6 T 4.7 14 180 M M 8 1 19 190
26 34 21 28 1 37 0 0.15 T 4 4.1 8 100 M M 10 16 10 80
27 44 33 39 13 26 0 T 0.0 3 2.4 7 300 M M 10 1 9 300
28 36 31 34 8 31 0 0.01 0.0 1 2.8 8 230 M M 10 12 10 220
29 40 30 35 9 30 0 T T T 3.7 12 290 M M 5 17 300
30 50 33 42 17 23 0 0.28 0.0 0 9.1 25 150 M M 9 1 36 160
================================================================================
SM 1338 852 847 0 3.69 6.6 209.8 M 178
================================================================================
AV 44.6 28.4 7.0 FASTST M M 6 MAX(MPH)
MISC ----> # 25 180 39 310
================================================================================
NOTES:
# LAST OF SEVERAL OCCURRENCES
COLUMN 17 PEAK WIND IN M.P.H.
PRELIMINARY LOCAL CLIMATOLOGICAL DATA (WS FORM: F-6) , PAGE 2
STATION: CARIBOU ME
MONTH: NOVEMBER
YEAR: 2020
LATITUDE: 46 52 N
LONGITUDE: 68 1 W
[TEMPERATURE DATA] [PRECIPITATION DATA] SYMBOLS USED IN COLUMN 16
AVERAGE MONTHLY: 36.5 TOTAL FOR MONTH: 3.69 1 = FOG OR MIST
DPTR FM NORMAL: 5.0 DPTR FM NORMAL: 0.06 2 = FOG REDUCING VISIBILITY
HIGHEST: 75 ON 10 GRTST 24HR 2.00 ON 23-23 TO 1/4 MILE OR LESS
LOWEST: 12 ON 25 3 = THUNDER
SNOW, ICE PELLETS, HAIL 4 = ICE PELLETS
TOTAL MONTH: 6.6 INCHES 5 = HAIL
GRTST 24HR 3.6 ON 25-25 6 = FREEZING RAIN OR DRIZZLE
GRTST DEPTH: 4 ON 26 7 = DUSTSTORM OR SANDSTORM:
VSBY 1/2 MILE OR LESS
8 = SMOKE OR HAZE
[NO. OF DAYS WITH] [WEATHER - DAYS WITH] 9 = BLOWING SNOW
X = TORNADO
MAX 32 OR BELOW: 6 0.01 INCH OR MORE: 12
MAX 90 OR ABOVE: 0 0.10 INCH OR MORE: 8
MIN 32 OR BELOW: 21 0.50 INCH OR MORE: 1
MIN 0 OR BELOW: 0 1.00 INCH OR MORE: 1
[HDD (BASE 65) ]
TOTAL THIS MO. 847 CLEAR (SCALE 0-3) 5
DPTR FM NORMAL -158 PTCLDY (SCALE 4-7) 16
TOTAL FM JUL 1 1831 CLOUDY (SCALE 8-10) 9
DPTR FM NORMAL -314
[CDD (BASE 65) ]
TOTAL THIS MO. 0
DPTR FM NORMAL 0 [PRESSURE DATA]
TOTAL FM JAN 1 479 HIGHEST SLP 30.61 ON 22
DPTR FM NORMAL 299 LOWEST SLP 29.03 ON 2
[REMARKS]
#FINAL-11-20#