000
CXUS54 KLZK 011232
CF6CCA
PRELIMINARY LOCAL CLIMATOLOGICAL DATA (WS FORM: F-6)
STATION: CLINTON
MONTH: DECEMBER
YEAR: 2021
LATITUDE: 35 32 N
LONGITUDE: 92 22 W
TEMPERATURE IN F: :PCPN: SNOW: WIND :SUNSHINE: SKY :PK WND
================================================================================
1 2 3 4 5 6A 6B 7 8 9 10 11 12 13 14 15 16 17 18
12Z AVG MX 2MIN
DY MAX MIN AVG DEP HDD CDD WTR SNW DPTH SPD SPD DIR MIN PSBL S-S WX SPD DR
================================================================================
1 72 36 54 M 11 0 M M M 2.3 10 220 M M 0 1 16 210
2 77 34 56 M 9 0 M M M 1.2 9 220 M M 2 1 16 220
3 75 36 56 M 9 0 M M M 1.8 8 230 M M 1 1 12 210
4 66 52 59 M 6 0 M M M 2.4 8 90 M M 7 1 13 90
5 70 52 61 M 4 0 M M M 1.9 9 200 M M 10 18 16 200
6 68 28 48 M 17 0 M M M 6.0 12 330 M M 3 25 310
7 46 23 35 M 30 0 M M M 2.2 8 100 M M 3 14 90
8 57 27 42 M 23 0 M M M 0.6 6 99 M M 1 12 99
9 63 30 47 M 18 0 M M M 1.4 10 200 M M 9 12 14 200
10 75 55 65 M 0 0 M M M 3.2 9 140 M M 8 1238 29 99
11 63 27 45 M 20 0 M M M 6.9 15 300 M M 2 24 320
12 52 21 37 M 28 0 M M M 2.0 12 150 M M 0 15 190
13 63 25 44 M 21 0 M M M 1.1 7 150 M M 2 M M
14 63 37 50 M 15 0 M M M 0.2 5 99 M M 10 12 M M
15 70 63 67 M 0 2 M M M 8.5 14 150 M M 9 1 22 150
16 70 46 58 M 7 0 M M M 3.8 8 350 M M 10 8 21 300
17 55 46 51 M 14 0 M M M 0.0 M M M M 10 12 M M
18 61 36 49 M 16 0 M M M 5.0 15 330 M M 7 1 24 330
19 45 25 35 M 30 0 M M M 2.4 6 40 M M 0 14 330
20 43 21 32 M 33 0 M M M 0.4 5 270 M M 3 1 M M
21 57 28 43 M 22 0 M M M 1.5 9 210 M M 2 128 14 220
22 54 27 41 M 24 0 M M M 1.6 8 100 M M 0 1 13 0
23 59 27 43 M 22 0 M M M 1.7 8 160 M M 8 8 15 99
24 72 57 65 M 0 0 M M M 9.1 22 200 M M 8 32 200
25 77 46 62 M 3 0 M M M 4.8 13 220 M M 2 1 22 210
26 66 41 54 M 11 0 M M M 2.5 9 160 M M 5 18 14 160
27 75 55 65 M 0 0 M M M 2.6 10 230 M M 5 12 13 230
28 73 48 61 M 4 0 M M M 3.3 15 200 M M 9 18 25 210
29 55 43 49 M 16 0 M M M 0.6 5 350 M M 8 12 M M
30 63 45 54 M 11 0 M M M 1.7 7 150 M M 6 12 M M
31 72 45 59 M 6 0 M M M 0.9 9 180 M M 9 12 16 180
================================================================================
SM 1977 1182 430 2 M M 83.7 M 159
================================================================================
AV 63.8 38.1 2.7 FASTST M M 5 MAX(MPH)
MISC ----> 22 200 32 200
================================================================================
NOTES:
# LAST OF SEVERAL OCCURRENCES
COLUMN 17 PEAK WIND IN M.P.H.
PRELIMINARY LOCAL CLIMATOLOGICAL DATA (WS FORM: F-6) , PAGE 2
STATION: CLINTON
MONTH: DECEMBER
YEAR: 2021
LATITUDE: 35 32 N
LONGITUDE: 92 22 W
[TEMPERATURE DATA] [PRECIPITATION DATA] SYMBOLS USED IN COLUMN 16
AVERAGE MONTHLY: 51.0 TOTAL FOR MONTH: M 1 = FOG OR MIST
DPTR FM NORMAL: 0.0 DPTR FM NORMAL: M 2 = FOG REDUCING VISIBILITY
HIGHEST: 77 ON 2,25 GRTST 24HR M ON M TO 1/4 MILE OR LESS
LOWEST: 21 ON 12,20 3 = THUNDER
SNOW, ICE PELLETS, HAIL 4 = ICE PELLETS
TOTAL MONTH: M 5 = HAIL
GRTST 24HR M ON M 6 = FREEZING RAIN OR DRIZZLE
GRTST DEPTH: M ON M 7 = DUSTSTORM OR SANDSTORM:
VSBY 1/2 MILE OR LESS
8 = SMOKE OR HAZE
[NO. OF DAYS WITH] [WEATHER - DAYS WITH] 9 = BLOWING SNOW
X = TORNADO
MAX 32 OR BELOW: 0 0.01 INCH OR MORE: 0
MAX 90 OR ABOVE: 0 0.10 INCH OR MORE: 0
MIN 32 OR BELOW: 12 0.50 INCH OR MORE: 0
MIN 0 OR BELOW: 0 1.00 INCH OR MORE: 0
[HDD (BASE 65) ]
TOTAL THIS MO. 430 CLEAR (SCALE 0-3) 14
DPTR FM NORMAL M PTCLDY (SCALE 4-7) 8
TOTAL FM JUL 1 1090 CLOUDY (SCALE 8-10) 9
DPTR FM NORMAL M
[CDD (BASE 65) ]
TOTAL THIS MO. 2
DPTR FM NORMAL M [PRESSURE DATA]
TOTAL FM JAN 1 1710 HIGHEST SLP M ON M
DPTR FM NORMAL M LOWEST SLP M ON M
[REMARKS]
#FINAL-12-21#