000
CXUS54 KLZK 011330
CF6CCA
PRELIMINARY LOCAL CLIMATOLOGICAL DATA (WS FORM: F-6)
STATION: CLINTON
MONTH: JANUARY
YEAR: 2024
LATITUDE: 35 32 N
LONGITUDE: 92 22 W
TEMPERATURE IN F: :PCPN: SNOW: WIND :SUNSHINE: SKY :PK WND
================================================================================
1 2 3 4 5 6A 6B 7 8 9 10 11 12 13 14 15 16 17 18
12Z AVG MX 2MIN
DY MAX MIN AVG DEP HDD CDD WTR SNW DPTH SPD SPD DIR MIN PSBL S-S WX SPD DR
================================================================================
1 43 23 33 M 32 0 M M M 1.8 6 99 M M 5 13 99
2 45 19 32 M 33 0 M M M 0.3 3 20 M M 0 M M
3 54 27 41 M 24 0 M M M 1.2 7 99 M M 1 13 99
4 43 25 34 M 31 0 M M M 2.4 9 130 M M 5 1 12 120
5 36 25 31 M 34 0 M M M 0.3 3 80 M M 8 12 M M
6 43 32 38 M 27 0 M M M 3.7 13 230 M M 10 1 20 230
7 50 27 39 M 26 0 M M M 0.8 5 280 M M 4 12 M M
8 41 25 33 M 32 0 M M M 2.0 9 100 M M 7 3 15 80
9 43 34 39 M 26 0 M M M 8.5 17 270 M M 10 12 30 270
10 52 21 37 M 28 0 M M M 2.3 12 160 M M 1 20 160
11 59 23 41 M 24 0 M M M 3.1 12 90 M M 4 3 18 90
12 54 25 40 M 25 0 M M M 8.2 20 230 M M 7 31 260
13 45 18 32 M 33 0 M M M 3.8 15 350 M M 1 22 350
14 18 7 13 M 52 0 M M M 6.4 15 330 M M 5 24 330
15 14 5 10 M 55 0 M M M 5.1 10 320 M M 8 17 320
16 23 0 12 M 53 0 M M M 3.8 10 300 M M 1 17 300
17 34 -2 16 M 49 0 M M M 3.5 10 220 M M 0 14 190
18 41 18 30 M 35 0 M M M 0.2 6 120 M M 5 M M
19 34 16 25 M 40 0 M M M 8.3 17 320 M M 3 26 310
20 28 10 19 M 46 0 M M M 3.5 9 360 M M 0 15 99
21 32 10 21 M 44 0 M M M 3.9 9 100 M M 4 13 99
22 37 30 34 M 31 0 M M M 0.2 5 150 M M 10 M M
23 45 37 41 M 24 0 M M M 0.4 7 310 M M 10 1 M M
24 57 45 51 M 14 0 M M M 0.3 5 120 M M 10 12 M M
25 59 46 53 M 12 0 M M M 2.0 10 270 M M 9 12 14 220
26 50 39 45 M 20 0 M M M 1.1 6 99 M M 10 12 M M
27 46 41 44 M 21 0 M M M 5.0 10 320 M M 9 18 99
28 57 30 44 M 21 0 M M M 6.0 16 310 M M 4 21 310
29 61 25 43 M 22 0 M M M 1.4 9 250 M M 1 1 13 250
30 70 30 50 M 15 0 M M M 3.2 16 310 M M 0 27 310
31 59 27 43 M 22 0 M M M 0.4 6 200 M M 0 M M
================================================================================
SM 1373 738 951 0 M M 93.3 M 152
================================================================================
AV 44.3 23.8 3.0 FASTST M M 5 MAX(MPH)
MISC ----> 20 230 31 260
================================================================================
NOTES:
# LAST OF SEVERAL OCCURRENCES
COLUMN 17 PEAK WIND IN M.P.H.
PRELIMINARY LOCAL CLIMATOLOGICAL DATA (WS FORM: F-6) , PAGE 2
STATION: CLINTON
MONTH: JANUARY
YEAR: 2024
LATITUDE: 35 32 N
LONGITUDE: 92 22 W
[TEMPERATURE DATA] [PRECIPITATION DATA] SYMBOLS USED IN COLUMN 16
AVERAGE MONTHLY: 34.0 TOTAL FOR MONTH: M 1 = FOG OR MIST
DPTR FM NORMAL: 0.0 DPTR FM NORMAL: M 2 = FOG REDUCING VISIBILITY
HIGHEST: 70 ON 30 GRTST 24HR 4.10 ON 23-24 TO 1/4 MILE OR LESS
LOWEST: -2 ON 17 3 = THUNDER
SNOW, ICE PELLETS, HAIL 4 = ICE PELLETS
TOTAL MONTH: M 5 = HAIL
GRTST 24HR M ON M 6 = FREEZING RAIN OR DRIZZLE
GRTST DEPTH: M ON M 7 = DUSTSTORM OR SANDSTORM:
VSBY 1/2 MILE OR LESS
8 = SMOKE OR HAZE
[NO. OF DAYS WITH] [WEATHER - DAYS WITH] 9 = BLOWING SNOW
X = TORNADO
MAX 32 OR BELOW: 5 0.01 INCH OR MORE: 0
MAX 90 OR ABOVE: 0 0.10 INCH OR MORE: 0
MIN 32 OR BELOW: 25 0.50 INCH OR MORE: 0
MIN 0 OR BELOW: 2 1.00 INCH OR MORE: 0
[HDD (BASE 65) ]
TOTAL THIS MO. 951 CLEAR (SCALE 0-3) 11
DPTR FM NORMAL M PTCLDY (SCALE 4-7) 11
TOTAL FM JUL 1 2220 CLOUDY (SCALE 8-10) 9
DPTR FM NORMAL M
[CDD (BASE 65) ]
TOTAL THIS MO. 0
DPTR FM NORMAL M [PRESSURE DATA]
TOTAL FM JAN 1 0 HIGHEST SLP M ON M
DPTR FM NORMAL M LOWEST SLP M ON M
[REMARKS]
#FINAL-01-24#