000
CXAK56 PAFC 011047
CF6CDB
PRELIMINARY LOCAL CLIMATOLOGICAL DATA (WS FORM: F-6)
STATION: COLD BAY
MONTH: JUNE
YEAR: 2023
LATITUDE: 55 13 N
LONGITUDE: 162 44 W
TEMPERATURE IN F: :PCPN: SNOW: WIND :SUNSHINE: SKY :PK WND
================================================================================
1 2 3 4 5 6A 6B 7 8 9 10 11 12 13 14 15 16 17 18
12Z AVG MX 2MIN
DY MAX MIN AVG DEP HDD CDD WTR SNW DPTH SPD SPD DIR MIN PSBL S-S WX SPD DR
================================================================================
1 54 37 46 2 19 0 0.00 M M 12.6 18 300 M M 6 1 M M
2 M M M M M M M M M 25.8 35 150 M M 7 1 46 160
3 47 41 44 0 21 0 0.08 M M 18.7 30 150 M M 10 1 35 150
4 47 43 45 0 20 0 0.02 M M 18.3 26 120 M M 10 1 31 130
5 48 42 45 0 20 0 0.13 M M 9.8 22 140 M M 10 1 27 140
6 49 41 45 0 20 0 0.02 M M 18.9 28 150 M M 10 1 32 150
7 50 42 46 1 19 0 0.03 M M 13.8 21 150 M M 10 1 28 60
8 51 42 47 1 18 0 0.04 M M 10.8 18 150 M M 10 1 23 170
9 53 41 47 1 18 0 T M M 13.3 21 150 M M 9 25 150
10 47 40 44 -2 21 0 0.17 M M 12.3 22 360 M M 10 27 360
11 47 41 44 -2 21 0 0.12 M M 22.8 31 250 M M 10 1 38 240
12 52 42 47 1 18 0 0.06 M M 13.4 26 230 M M 10 32 230
13 53 40 47 0 18 0 T M M 13.1 22 150 M M 9 1 26 160
14 51 43 47 0 18 0 0.07 M M 6.0 14 170 M M 10 1 17 160
15 53 38 46 -1 19 0 0.02 M M 11.4 29 280 M M 9 1 33 290
16 47 39 43 -4 22 0 0.01 M M 19.6 29 290 M M 10 1 32 300
17 56 38 47 -1 18 0 0.00 M M 8.4 16 290 M M 4 8 26 360
18 50 45 48 0 17 0 0.11 M M 23.4 40 140 M M 7 1 47 140
19 56 49 53 5 12 0 0.13 M M 21.3 35 170 M M 9 1 40 180
20 63 49 56 8 9 0 0.00 M M 11.9 29 160 M M 10 8 32 160
21 64 49 57 9 8 0 0.00 M M 9.3 16 280 M M 10 19 270
22 59 48 54 6 11 0 0.02 M M 22.4 35 140 M M 8 18 40 130
23 57 46 52 3 13 0 0.08 M M 20.9 37 140 M M 9 1 43 140
24 49 44 47 -2 18 0 0.05 M M 17.4 25 150 M M 10 1 31 160
25 56 44 50 1 15 0 T M M 19.9 31 170 M M 10 38 170
26 55 45 50 1 15 0 0.05 M M 19.6 32 160 M M 9 40 160
27 51 45 48 -1 17 0 0.17 M M 8.9 21 270 M M 10 1 25 140
28 51 44 48 -2 17 0 0.11 M M 11.8 26 350 M M 10 31 350
29 57 44 51 1 14 0 0.01 M M 8.1 17 270 M M 8 1 20 270
30 51 47 49 -1 16 0 0.02 M M 16.7 24 90 M M 10 32 130
================================================================================
SM 1524 1249 492 0 1.52 M 460.6 M 274
================================================================================
AV 52.6 43.1 15.4 FASTST M M 9 MAX(MPH)
MISC ----> 40 140 47 140
================================================================================
NOTES:
# LAST OF SEVERAL OCCURRENCES
COLUMN 17 PEAK WIND IN M.P.H.
PRELIMINARY LOCAL CLIMATOLOGICAL DATA (WS FORM: F-6) , PAGE 2
STATION: COLD BAY
MONTH: JUNE
YEAR: 2023
LATITUDE: 55 13 N
LONGITUDE: 162 44 W
[TEMPERATURE DATA] [PRECIPITATION DATA] SYMBOLS USED IN COLUMN 16
AVERAGE MONTHLY: 47.8 TOTAL FOR MONTH: 1.52 1 = FOG OR MIST
DPTR FM NORMAL: 0.7 DPTR FM NORMAL: -1.22 2 = FOG REDUCING VISIBILITY
HIGHEST: 64 ON 21 GRTST 24HR 0.24 ON 10-11 TO 1/4 MILE OR LESS
LOWEST: 37 ON 1 3 = THUNDER
SNOW, ICE PELLETS, HAIL 4 = ICE PELLETS
TOTAL MONTH: M 5 = HAIL
GRTST 24HR M ON M 6 = FREEZING RAIN OR DRIZZLE
GRTST DEPTH: M ON M 7 = DUSTSTORM OR SANDSTORM:
VSBY 1/2 MILE OR LESS
8 = SMOKE OR HAZE
[NO. OF DAYS WITH] [WEATHER - DAYS WITH] 9 = BLOWING SNOW
X = TORNADO
MAX 32 OR BELOW: 0 0.01 INCH OR MORE: 22
MAX 90 OR ABOVE: 0 0.10 INCH OR MORE: 7
MIN 32 OR BELOW: 0 0.50 INCH OR MORE: 0
MIN 0 OR BELOW: 0 1.00 INCH OR MORE: 0
[HDD (BASE 65) ]
TOTAL THIS MO. 492 CLEAR (SCALE 0-3) 0
DPTR FM NORMAL -46 PTCLDY (SCALE 4-7) 6
TOTAL FM JUL 1 8898 CLOUDY (SCALE 8-10) 24
DPTR FM NORMAL -466
[CDD (BASE 65) ]
TOTAL THIS MO. 0
DPTR FM NORMAL 0 [PRESSURE DATA]
TOTAL FM JAN 1 0 HIGHEST SLP M ON M
DPTR FM NORMAL 0 LOWEST SLP 29.18 ON 11
[REMARKS]
#FINAL-06-23#