000
CXUS55 KCYS 012355
CF6CDR
PRELIMINARY LOCAL CLIMATOLOGICAL DATA (WS FORM: F-6)
STATION: CHADRON NEBRASKA AIRPORT
MONTH: OCTOBER
YEAR: 2022
LATITUDE: 42 50 N
LONGITUDE: 103 6 W
TEMPERATURE IN F: :PCPN: SNOW: WIND :SUNSHINE: SKY :PK WND
================================================================================
1 2 3 4 5 6A 6B 7 8 9 10 11 12 13 14 15 16 17 18
12Z AVG MX 2MIN
DY MAX MIN AVG DEP HDD CDD WTR SNW DPTH SPD SPD DIR MIN PSBL S-S WX SPD DR
================================================================================
1 78 52 65 9 0 0 0.02 M M 4.8 14 80 M M 3 18 260
2 78 42 60 5 5 0 0.01 M M 5.7 23 190 M M 2 123 28 190
3 74 50 62 8 3 0 0.19 M M 7.3 23 300 M M 3 13 34 300
4 67 42 55 1 10 0 0.01 M M 5.2 24 10 M M 4 1 32 10
5 74 39 57 4 8 0 0.00 M M 5.7 14 30 M M 0 20 10
6 50 38 44 -9 21 0 0.01 M M 8.0 20 40 M M 6 1 25 40
7 56 33 45 -7 20 0 0.00 M M 3.0 10 160 M M 7 13 240
8 69 30 50 -2 15 0 0.00 M M 4.5 12 10 M M 0 1 16 360
9 76 32 54 3 11 0 0.00 M M 4.6 10 10 M M 0 12 20
10 82 33 58 7 7 0 0.00 M M 4.9 12 270 M M 0 18 260
11 74 35 55 5 10 0 T M M 9.2 32 300 M M 2 49 300
12 56 35 46 -4 19 0 0.00 M M 13.8 30 310 M M 5 44 300
13 62 39 51 2 14 0 0.00 M M 19.8 35 300 M M 0 51 300
14 73 43 58 9 7 0 0.00 M M 13.2 32 310 M M 3 47 300
15 66 40 53 5 12 0 T M M 11.5 29 300 M M 7 40 300
16 54 26 40 -8 25 0 0.00 M M 4.4 13 10 M M 3 17 50
17 64 22 43 -4 22 0 0.00 M M 3.5 10 60 M M 2 13 60
18 67 24 46 -1 19 0 0.00 M M 4.3 9 230 M M 0 12 20
19 77 28 53 7 12 0 0.00 M M 8.8 23 30 M M 0 30 30
20 83 29 56 10 9 0 0.00 M M 7.9 17 280 M M 0 8 24 280
21 79 30 55 9 10 0 0.00 M M 8.5 21 230 M M 0 28 240
22 81 32 57 12 8 0 0.00 M M 7.6 20 200 M M 0 27 260
23 59 34 47 2 18 0 T M M 17.5 35 290 M M 4 49 310
24 46 19 33 -11 32 0 0.02 M M 16.5 35 310 M M 5 1 50 300
25 57 21 39 -5 26 0 0.00 M M 7.3 17 310 M M 4 24 310
26 55 19 37 -7 28 0 T M M 9.9 29 180 M M 2 38 170
27 58 25 42 -1 23 0 0.00 M M 5.4 15 10 M M 0 21 40
28 67 18 43 0 22 0 0.00 M M 7.8 17 200 M M 0 23 200
29 66 30 48 6 17 0 0.00 M M 6.8 18 300 M M 0 28 310
30 67 31 49 7 16 0 0.00 M M 3.0 9 240 M M 1 10 270
31 69 26 48 6 17 0 0.00 M M 5.6 20 290 M M 0 8 26 260
================================================================================
SM 2084 997 466 0 0.26 M 246.0 M 63
================================================================================
AV 67.2 32.2 7.9 FASTST M M 2 MAX(MPH)
MISC ----> # 35 300 51 300
================================================================================
NOTES:
# LAST OF SEVERAL OCCURRENCES
COLUMN 17 PEAK WIND IN M.P.H.
PRELIMINARY LOCAL CLIMATOLOGICAL DATA (WS FORM: F-6) , PAGE 2
STATION: CHADRON NEBRASKA AIRPORT
MONTH: OCTOBER
YEAR: 2022
LATITUDE: 42 50 N
LONGITUDE: 103 6 W
[TEMPERATURE DATA] [PRECIPITATION DATA] SYMBOLS USED IN COLUMN 16
AVERAGE MONTHLY: 49.7 TOTAL FOR MONTH: 0.26 1 = FOG OR MIST
DPTR FM NORMAL: 1.6 DPTR FM NORMAL: -1.02 2 = FOG REDUCING VISIBILITY
HIGHEST: 83 ON 20 GRTST 24HR 0.20 ON 3- 4 TO 1/4 MILE OR LESS
LOWEST: 18 ON 28 3 = THUNDER
SNOW, ICE PELLETS, HAIL 4 = ICE PELLETS
TOTAL MONTH: M 5 = HAIL
GRTST 24HR M ON M 6 = FREEZING RAIN OR DRIZZLE
GRTST DEPTH: M ON M 7 = DUSTSTORM OR SANDSTORM:
VSBY 1/2 MILE OR LESS
8 = SMOKE OR HAZE
[NO. OF DAYS WITH] [WEATHER - DAYS WITH] 9 = BLOWING SNOW
X = TORNADO
MAX 32 OR BELOW: 0 0.01 INCH OR MORE: 6
MAX 90 OR ABOVE: 0 0.10 INCH OR MORE: 1
MIN 32 OR BELOW: 17 0.50 INCH OR MORE: 0
MIN 0 OR BELOW: 0 1.00 INCH OR MORE: 0
[HDD (BASE 65) ]
TOTAL THIS MO. 466 CLEAR (SCALE 0-3) 22
DPTR FM NORMAL -62 PTCLDY (SCALE 4-7) 9
TOTAL FM JUL 1 539 CLOUDY (SCALE 8-10) 0
DPTR FM NORMAL -150
[CDD (BASE 65) ]
TOTAL THIS MO. 0
DPTR FM NORMAL -4 [PRESSURE DATA]
TOTAL FM JAN 1 1119 HIGHEST SLP 30.60 ON 7
DPTR FM NORMAL 311 LOWEST SLP 29.24 ON 23
[REMARKS]
#FINAL-10-22#