000
CXUS55 KCYS 011738
CF6CDR
PRELIMINARY LOCAL CLIMATOLOGICAL DATA (WS FORM: F-6)
STATION: CHADRON NEBRASKA AIRPORT
MONTH: OCTOBER
YEAR: 2023
LATITUDE: 42 50 N
LONGITUDE: 103 6 W
TEMPERATURE IN F: :PCPN: SNOW: WIND :SUNSHINE: SKY :PK WND
================================================================================
1 2 3 4 5 6A 6B 7 8 9 10 11 12 13 14 15 16 17 18
12Z AVG MX 2MIN
DY MAX MIN AVG DEP HDD CDD WTR SNW DPTH SPD SPD DIR MIN PSBL S-S WX SPD DR
================================================================================
1 86 56 71 15 0 6 0.00 M M 19.3 37 170 M M 0 49 170
2 72 52 62 7 3 0 0.28 M M 7.2 22 300 M M 7 13 34 300
3 69 46 58 4 7 0 0.01 M M 13.1 28 300 M M 4 8 40 310
4 67 41 54 0 11 0 0.00 M M 7.5 17 280 M M 3 23 280
5 64 48 56 3 9 0 T M M 12.6 22 300 M M 8 31 300
6 55 30 43 -10 22 0 0.00 M M 6.1 24 20 M M 2 36 10
7 72 27 50 -2 15 0 0.00 M M 4.3 13 270 M M 0 19 270
8 73 33 53 1 12 0 0.00 M M 4.8 10 30 M M 0 15 10
9 75 31 53 2 12 0 0.00 M M 1.9 10 160 M M 0 15 170
10 77 34 56 5 9 0 T M M 4.7 13 30 M M 0 18 20
11 77 40 59 9 6 0 0.25 M M 5.8 17 130 M M 3 13 23 130
12 55 41 48 -2 17 0 2.00 M M 22.3 38 10 M M 10 1 53 10
13 48 37 43 -6 22 0 0.04 M M 14.1 26 340 M M 10 37 360
14 52 31 42 -7 23 0 0.00 M M 3.1 10 60 M M 3 13 50
15 59 29 44 -4 21 0 0.00 M M 2.4 12 190 M M 0 13 180
16 73 32 53 5 12 0 0.00 M M 2.2 8 260 M M 0 11 240
17 78 37 58 11 7 0 T M M 6.7 29 30 M M 1 42 50
18 65 39 52 5 13 0 0.00 M M 14.3 32 300 M M 0 46 300
19 76 39 58 12 7 0 0.00 M M 11.5 25 290 M M 0 35 300
20 78 38 58 12 7 0 0.00 M M 8.0 21 300 M M 0 8 29 300
21 67 35 51 5 14 0 0.00 M M 6.8 14 140 M M 0 20 140
22 73 40 57 12 8 0 0.00 M M 10.4 33 180 M M 0 44 190
23 64 32 48 3 17 0 0.00 M M 5.1 14 50 M M 0 19 50
24 47 40 44 0 21 0 0.00 M M 5.9 12 40 M M 10 1 14 30
25 67 29 48 4 17 0 0.00 M M 11.1 24 300 M M 6 1 33 260
26 29 18 24 -20 41 0 T M M 12.0 24 300 M M 8 16 34 300
27 35 13 24 -19 41 0 0.00 M M 8.1 16 60 M M 3 22 290
28 25 14 20 -23 45 0 0.04 M M 6.7 16 60 M M 8 12 20 40
29 35 13 24 -18 41 0 0.00 M M 12.3 28 310 M M 4 40 300
30 47 11 29 -13 36 0 0.00 M M 10.4 29 310 M M 0 41 300
31 50 10 30 -12 35 0 0.00 M M 1.5 10 230 M M 3 11 230
================================================================================
SM 1910 1016 551 6 2.62 M 262.2 M 93
================================================================================
AV 61.6 32.8 8.5 FASTST M M 3 MAX(MPH)
MISC ----> 38 10 53 10
================================================================================
NOTES:
# LAST OF SEVERAL OCCURRENCES
COLUMN 17 PEAK WIND IN M.P.H.
PRELIMINARY LOCAL CLIMATOLOGICAL DATA (WS FORM: F-6) , PAGE 2
STATION: CHADRON NEBRASKA AIRPORT
MONTH: OCTOBER
YEAR: 2023
LATITUDE: 42 50 N
LONGITUDE: 103 6 W
[TEMPERATURE DATA] [PRECIPITATION DATA] SYMBOLS USED IN COLUMN 16
AVERAGE MONTHLY: 47.2 TOTAL FOR MONTH: 2.62 1 = FOG OR MIST
DPTR FM NORMAL: -0.9 DPTR FM NORMAL: 1.34 2 = FOG REDUCING VISIBILITY
HIGHEST: 86 ON 1 GRTST 24HR 2.23 ON 11-12 TO 1/4 MILE OR LESS
LOWEST: 10 ON 31 3 = THUNDER
SNOW, ICE PELLETS, HAIL 4 = ICE PELLETS
TOTAL MONTH: M 5 = HAIL
GRTST 24HR M ON M 6 = FREEZING RAIN OR DRIZZLE
GRTST DEPTH: M ON M 7 = DUSTSTORM OR SANDSTORM:
VSBY 1/2 MILE OR LESS
8 = SMOKE OR HAZE
[NO. OF DAYS WITH] [WEATHER - DAYS WITH] 9 = BLOWING SNOW
X = TORNADO
MAX 32 OR BELOW: 2 0.01 INCH OR MORE: 6
MAX 90 OR ABOVE: 0 0.10 INCH OR MORE: 3
MIN 32 OR BELOW: 14 0.50 INCH OR MORE: 1
MIN 0 OR BELOW: 0 1.00 INCH OR MORE: 1
[HDD (BASE 65) ]
TOTAL THIS MO. 551 CLEAR (SCALE 0-3) 19
DPTR FM NORMAL 23 PTCLDY (SCALE 4-7) 6
TOTAL FM JUL 1 630 CLOUDY (SCALE 8-10) 6
DPTR FM NORMAL -59
[CDD (BASE 65) ]
TOTAL THIS MO. 6
DPTR FM NORMAL 2 [PRESSURE DATA]
TOTAL FM JAN 1 740 HIGHEST SLP 30.62 ON 29
DPTR FM NORMAL -68 LOWEST SLP 29.38 ON 12
[REMARKS]
#FINAL-10-23#
OCTOBER 12... RECORD DAILY MAXIMUM PRECIPITATION: 2.00" (PREVIOUS: 1.26" IN 1924)
THIS ALSO BROKE THE DAILY MAXIMUM PRECIPITATION RECORD FOR OCTOBER
(PREVIOUS: 1.50" ON OCTOBER 5, 1995)
OCTOBER 28... COOP BACKUP USED FOR PRECIPITATION DUE TO ASOS ERRORS
OCTOBER 2023 WAS THE 6TH WETTEST ON RECORD