272
CXUS54 KLUB 010830
CF6CDS
PRELIMINARY LOCAL CLIMATOLOGICAL DATA (WS FORM: F-6)
STATION: CHILDRESS
MONTH: JANUARY
YEAR: 2021
LATITUDE: 34 25 N
LONGITUDE: 100 17 W
TEMPERATURE IN F: :PCPN: SNOW: WIND :SUNSHINE: SKY :PK WND
================================================================================
1 2 3 4 5 6A 6B 7 8 9 10 11 12 13 14 15 16 17 18
12Z AVG MX 2MIN
DY MAX MIN AVG DEP HDD CDD WTR SNW DPTH SPD SPD DIR MIN PSBL S-S WX SPD DR
================================================================================
1 48 30 39 -2 26 0 0.04 0.6 2 13.4 29 360 M M 8 1 36 340
2 57 33 45 4 20 0 0.00 0.0 1 6.9 15 190 M M 3 18 160
3 58 30 44 3 21 0 0.00 0.0 0 7.8 13 10 M M 0 15 330
4 62 30 46 5 19 0 0.00 0.0 0 6.7 14 20 M M 0 17 50
5 62 33 48 7 17 0 0.00 0.0 0 10.6 23 190 M M 0 30 200
6 54 33 44 3 21 0 0.00 0.0 0 19.1 33 360 M M 2 40 350
7 51 24 38 -3 27 0 0.00 0.0 0 9.3 16 20 M M 0 20 340
8 40 28 34 -7 31 0 0.00 0.0 0 5.2 10 320 M M 6 13 330
9 38 24 31 -10 34 0 0.00 0.0 0 5.1 16 50 M M 6 1 20 60
10 36 32 34 -7 31 0 0.09 1.0 T 6.6 12 300 M M 10 18 14 10
11 44 28 36 -5 29 0 0.00 0.0 0 5.2 13 260 M M 6 1 15 260
12 54 25 40 -1 25 0 0.00 0.0 0 6.8 12 230 M M 0 1 13 230
13 61 27 44 3 21 0 0.00 0.0 0 8.1 15 250 M M 0 19 250
14 55 36 46 5 19 0 0.00 0.0 0 17.9 43 360 M M 2 51 360
15 52 31 42 1 23 0 0.00 0.0 0 21.1 40 330 M M 6 51 340
16 53 26 40 -1 25 0 0.00 0.0 0 6.2 12 310 M M 2 8 12 260
17 57 30 44 3 21 0 0.00 0.0 0 7.8 14 310 M M 1 17 330
18 59 30 45 3 20 0 0.00 0.0 0 9.3 22 30 M M 0 28 50
19 48 35 42 0 23 0 0.00 0.0 0 8.2 22 20 M M 6 29 20
20 54 33 44 2 21 0 0.00 0.0 0 9.5 18 250 M M 7 22 250
21 60 44 52 10 13 0 0.00 0.0 0 8.7 18 250 M M 0 24 250
22 44 34 39 -3 26 0 0.00 0.0 0 6.7 15 50 M M 8 1 19 60
23 52 39 46 4 19 0 0.00 0.0 0 10.1 18 190 M M 10 1 22 150
24 50 36 43 1 22 0 0.21 0.0 0 9.9 24 300 M M 10 123 29 300
25 59 34 47 5 18 0 0.19 0.0 0 12.1 26 260 M M 4 123 31 260
26 41 28 35 -7 30 0 T T 0 6.1 15 50 M M 2 19 40
27 45 24 35 -7 30 0 0.00 0.0 0 7.5 17 350 M M 2 18 25 340
28 53 23 38 -4 27 0 0.00 0.0 0 9.7 17 180 M M 0 1 22 170
29 59 31 45 3 20 0 T 0.0 0 11.2 22 170 M M 2 28 190
30 70 43 57 15 8 0 0.01 0.0 0 18.7 43 270 M M 2 3 53 270
31 59 35 47 5 18 0 0.00 0.0 0 12.3 24 10 M M 0 29 20
================================================================================
SM 1635 969 705 0 0.54 1.6 303.8 M 105
================================================================================
AV 52.7 31.3 9.8 FASTST M M 3 MAX(MPH)
MISC ----> # 43 360 53 270
================================================================================
NOTES:
# LAST OF SEVERAL OCCURRENCES
COLUMN 17 PEAK WIND IN M.P.H.
PRELIMINARY LOCAL CLIMATOLOGICAL DATA (WS FORM: F-6) , PAGE 2
STATION: CHILDRESS
MONTH: JANUARY
YEAR: 2021
LATITUDE: 34 25 N
LONGITUDE: 100 17 W
[TEMPERATURE DATA] [PRECIPITATION DATA] SYMBOLS USED IN COLUMN 16
AVERAGE MONTHLY: 42.0 TOTAL FOR MONTH: 0.54 1 = FOG OR MIST
DPTR FM NORMAL: 0.5 DPTR FM NORMAL: -0.19 2 = FOG REDUCING VISIBILITY
HIGHEST: 70 ON 30 GRTST 24HR 0.62 ON 10-10 TO 1/4 MILE OR LESS
LOWEST: 23 ON 28 3 = THUNDER
SNOW, ICE PELLETS, HAIL 4 = ICE PELLETS
TOTAL MONTH: 2.8 INCHES 5 = HAIL
GRTST 24HR 1.0 ON 10-10 6 = FREEZING RAIN OR DRIZZLE
GRTST DEPTH: 2 ON 1 7 = DUSTSTORM OR SANDSTORM:
VSBY 1/2 MILE OR LESS
8 = SMOKE OR HAZE
[NO. OF DAYS WITH] [WEATHER - DAYS WITH] 9 = BLOWING SNOW
X = TORNADO
MAX 32 OR BELOW: 0 0.01 INCH OR MORE: 5
MAX 90 OR ABOVE: 0 0.10 INCH OR MORE: 2
MIN 32 OR BELOW: 18 0.50 INCH OR MORE: 0
MIN 0 OR BELOW: 0 1.00 INCH OR MORE: 0
[HDD (BASE 65) ]
TOTAL THIS MO. 705 CLEAR (SCALE 0-3) 18
DPTR FM NORMAL -25 PTCLDY (SCALE 4-7) 9
TOTAL FM JUL 1 1894 CLOUDY (SCALE 8-10) 4
DPTR FM NORMAL -110
[CDD (BASE 65) ]
TOTAL THIS MO. 0
DPTR FM NORMAL 0 [PRESSURE DATA]
TOTAL FM JAN 1 0 HIGHEST SLP 30.56 ON 28
DPTR FM NORMAL 0 LOWEST SLP 29.58 ON 30
[REMARKS]
#FINAL-01-21#