000
CXUS56 KEKA 011230
CF6CEC
PRELIMINARY LOCAL CLIMATOLOGICAL DATA (WS FORM: F-6)
STATION: CRESCENT CITY CA
MONTH: MARCH
YEAR: 2024
LATITUDE: 41 46 N
LONGITUDE: 124 14 W
TEMPERATURE IN F: :PCPN: SNOW: WIND :SUNSHINE: SKY :PK WND
================================================================================
1 2 3 4 5 6A 6B 7 8 9 10 11 12 13 14 15 16 17 18
12Z AVG MX 2MIN
DY MAX MIN AVG DEP HDD CDD WTR SNW DPTH SPD SPD DIR MIN PSBL S-S WX SPD DR
================================================================================
1 53 42 48 -1 17 0 0.87 M M 21.1 40 230 M M 9 13 65 230
2 46 39 43 -6 22 0 0.47 M M 13.6 32 180 M M 8 13 46 240
3 49 39 44 -5 21 0 0.38 M M 9.7 22 170 M M 9 1 32 170
4 50 39 45 -4 20 0 1.06 M M 16.3 31 180 M M 10 1 40 180
5 52 47 50 1 15 0 1.59 M M 8.1 28 180 M M 10 1 34 170
6 53 39 46 -3 19 0 0.02 M M 10.1 25 340 M M 5 1 42 330
7 53 35 44 -5 21 0 0.00 M M 8.5 21 320 M M 0 27 320
8 54 37 46 -3 19 0 0.00 M M 9.2 21 150 M M 3 29 150
9 56 47 52 3 13 0 0.35 M M 21.1 35 180 M M 8 1 43 190
10 53 48 51 2 14 0 0.84 M M 19.2 41 180 M M 10 1 61 160
11 52 48 50 1 15 0 0.40 M M 19.3 32 180 M M 10 18 43 170
12 53 40 47 -2 18 0 0.20 M M 6.8 26 180 M M 9 1 34 190
13 55 38 47 -2 18 0 0.00 M M 10.2 23 320 M M 0 18 36 330
14 67 45 56 7 9 0 0.00 M M 8.3 17 320 M M 0 26 330
15 66 47 57 8 8 0 0.00 M M 4.9 12 90 M M 0 18 18 90
16 66 44 55 6 10 0 0.00 M M 6.2 14 160 M M 2 12 18 160
17 56 43 50 1 15 0 0.00 0.0 M 6.7 14 320 M M 6 1 19 350
18 56 48 52 3 13 0 0.00 0.0 M 5.6 12 310 M M 9 17 300
19 54 50 52 3 13 0 0.00 M M 5.0 9 160 M M 10 13 160
20 57 51 54 5 11 0 0.01 M M 8.8 16 160 M M 9 1 20 180
21 61 51 56 7 9 0 T M M 8.6 17 160 M M 5 23 170
22 57 49 53 3 12 0 1.23 0.0 M 18.2 36 180 M M 9 1 52 180
23 54 48 51 1 14 0 1.49 M M 15.8 32 170 M M 10 1 49 170
24 57 48 53 3 12 0 0.25 M M 11.7 22 330 M M 7 1 37 300
25 55 46 51 1 14 0 0.08 M M 6.7 16 180 M M 10 18 21 200
26 57 M M M M M T M M 6.4 24 170 M M 7 8 32 150
27 55 46 51 1 14 0 0.97 M M 17.5 32 180 M M 9 13 43 210
28 55 45 50 0 15 0 0.31 M M 15.9 26 190 M M 9 13 38 180
29 57 43 50 0 15 0 0.01 M M 7.1 17 340 M M 4 28 340
30 61 39 50 0 15 0 0.00 M M 10.6 23 330 M M 2 18 35 330
31 56 48 52 2 13 0 0.00 M M 18.7 30 330 M M 0 51 340
================================================================================
SM 1726 1329 444 0 10.53 0.0 355.9 M 199
================================================================================
AV 55.7 44.3 11.5 FASTST M M 6 MAX(MPH)
MISC ----> 41 180 65 230
================================================================================
NOTES:
# LAST OF SEVERAL OCCURRENCES
COLUMN 17 PEAK WIND IN M.P.H.
PRELIMINARY LOCAL CLIMATOLOGICAL DATA (WS FORM: F-6) , PAGE 2
STATION: CRESCENT CITY CA
MONTH: MARCH
YEAR: 2024
LATITUDE: 41 46 N
LONGITUDE: 124 14 W
[TEMPERATURE DATA] [PRECIPITATION DATA] SYMBOLS USED IN COLUMN 16
AVERAGE MONTHLY: 50.0 TOTAL FOR MONTH: 10.53 1 = FOG OR MIST
DPTR FM NORMAL: 0.7 DPTR FM NORMAL: 2.72 2 = FOG REDUCING VISIBILITY
HIGHEST: 67 ON 14 GRTST 24HR 2.37 ON 4- 5 TO 1/4 MILE OR LESS
LOWEST: 35 ON 7 3 = THUNDER
SNOW, ICE PELLETS, HAIL 4 = ICE PELLETS
TOTAL MONTH: 0.0 INCH 5 = HAIL
GRTST 24HR 0.0 6 = FREEZING RAIN OR DRIZZLE
GRTST DEPTH: M ON M 7 = DUSTSTORM OR SANDSTORM:
VSBY 1/2 MILE OR LESS
8 = SMOKE OR HAZE
[NO. OF DAYS WITH] [WEATHER - DAYS WITH] 9 = BLOWING SNOW
X = TORNADO
MAX 32 OR BELOW: 0 0.01 INCH OR MORE: 18
MAX 90 OR ABOVE: 0 0.10 INCH OR MORE: 14
MIN 32 OR BELOW: 0 0.50 INCH OR MORE: 7
MIN 0 OR BELOW: 0 1.00 INCH OR MORE: 4
[HDD (BASE 65) ]
TOTAL THIS MO. 444 CLEAR (SCALE 0-3) 7
DPTR FM NORMAL -43 PTCLDY (SCALE 4-7) 8
TOTAL FM JUL 1 2954 CLOUDY (SCALE 8-10) 16
DPTR FM NORMAL -393
[CDD (BASE 65) ]
TOTAL THIS MO. 0
DPTR FM NORMAL 0 [PRESSURE DATA]
TOTAL FM JAN 1 0 HIGHEST SLP 30.41 ON 13
DPTR FM NORMAL 0 LOWEST SLP 29.44 ON 1
[REMARKS]
#FINAL-03-24#