000
CXUS55 KGJT 010910
CF6CEZ
PRELIMINARY LOCAL CLIMATOLOGICAL DATA (WS FORM: F-6)
STATION: CORTEZ CO
MONTH: SEPTEMBER
YEAR: 2022
LATITUDE: 37 17 N
LONGITUDE: 108 38 W
TEMPERATURE IN F: :PCPN: SNOW: WIND :SUNSHINE: SKY :PK WND
================================================================================
1 2 3 4 5 6A 6B 7 8 9 10 11 12 13 14 15 16 17 18
12Z AVG MX 2MIN
DY MAX MIN AVG DEP HDD CDD WTR SNW DPTH SPD SPD DIR MIN PSBL S-S WX SPD DR
================================================================================
1 91 54 73 7 0 8 0.00 M M 5.3 16 200 M M 0 24 200
2 96 48 72 6 0 7 0.00 M M 4.7 25 140 M M 0 35 140
3 91 53 72 6 0 7 T M M 7.6 29 80 M M 1 3 42 70
4 89 50 70 5 0 5 0.00 M M 4.9 17 190 M M 0 25 230
5 98 50 74 9 0 9 0.00 M M 5.7 17 320 M M 0 34 330
6 95 52 74 9 0 9 0.00 M M 5.2 16 220 M M 0 8 21 210
7 93 51 72 8 0 7 0.00 M M 5.9 16 200 M M 0 22 210
8 93 49 71 7 0 6 0.00 M M 6.5 18 200 M M 0 23 210
9 93 49 71 7 0 6 T M M 6.3 17 70 M M 1 24 280
10 85 54 70 6 0 5 T M M 5.8 15 200 M M 2 22 270
11 86 49 68 5 0 3 0.00 M M 5.0 14 290 M M 0 19 260
12 85 46 66 3 0 1 0.00 M M 4.7 15 190 M M 0 8 20 190
13 78 56 67 5 0 2 0.02 M M 8.2 23 300 M M 5 13 34 300
14 69 54 62 0 3 0 0.12 M M 3.6 30 190 M M 9 13 40 200
15 76 46 61 -1 4 0 0.00 M M 4.5 15 190 M M 2 20 190
16 79 43 61 0 4 0 T M M 5.8 20 180 M M 2 30 190
17 82 42 62 1 3 0 0.00 M M 7.4 22 210 M M 0 32 210
18 85 40 63 2 2 0 0.00 M M 7.3 22 230 M M 0 33 210
19 85 46 66 6 0 1 0.00 M M 5.1 17 200 M M 1 24 210
20 81 45 63 3 2 0 T M M 6.4 26 290 M M 3 34 280
21 71 54 63 4 2 0 0.28 M M 4.0 14 300 M M 7 1 19 300
22 73 54 64 5 1 0 0.42 M M 2.8 9 60 M M 6 1 11 20
23 75 47 61 2 4 0 0.00 M M 5.5 16 280 M M 2 21 290
24 79 40 60 2 5 0 0.00 M M 6.1 16 300 M M 0 22 290
25 80 39 60 2 5 0 0.00 M M 5.0 18 220 M M 0 23 200
26 82 43 63 6 2 0 0.00 M M 3.3 12 310 M M 0 19 320
27 83 43 63 6 2 0 0.00 M M 5.0 16 220 M M 0 27 250
28 80 45 63 7 2 0 0.00 M M 5.5 18 230 M M 2 26 240
29 80 48 64 8 1 0 0.00 M M 4.6 16 210 M M 2 26 230
30 79 41 60 4 5 0 0.05 M M 7.0 29 330 M M 3 13 39 340
================================================================================
SM 2512 1431 47 76 0.89 M 164.7 M 48
================================================================================
AV 83.7 47.7 5.5 FASTST M M 2 MAX(MPH)
MISC ----> 30 190 42 70
================================================================================
NOTES:
# LAST OF SEVERAL OCCURRENCES
COLUMN 17 PEAK WIND IN M.P.H.
PRELIMINARY LOCAL CLIMATOLOGICAL DATA (WS FORM: F-6) , PAGE 2
STATION: CORTEZ CO
MONTH: SEPTEMBER
YEAR: 2022
LATITUDE: 37 17 N
LONGITUDE: 108 38 W
[TEMPERATURE DATA] [PRECIPITATION DATA] SYMBOLS USED IN COLUMN 16
AVERAGE MONTHLY: 65.7 TOTAL FOR MONTH: 0.89 1 = FOG OR MIST
DPTR FM NORMAL: 4.3 DPTR FM NORMAL: -0.69 2 = FOG REDUCING VISIBILITY
HIGHEST: 98 ON 5 GRTST 24HR 0.70 ON 21-22 TO 1/4 MILE OR LESS
LOWEST: 39 ON 25 3 = THUNDER
SNOW, ICE PELLETS, HAIL 4 = ICE PELLETS
TOTAL MONTH: M 5 = HAIL
GRTST 24HR M ON M 6 = FREEZING RAIN OR DRIZZLE
GRTST DEPTH: M ON M 7 = DUSTSTORM OR SANDSTORM:
VSBY 1/2 MILE OR LESS
8 = SMOKE OR HAZE
[NO. OF DAYS WITH] [WEATHER - DAYS WITH] 9 = BLOWING SNOW
X = TORNADO
MAX 32 OR BELOW: 0 0.01 INCH OR MORE: 5
MAX 90 OR ABOVE: 8 0.10 INCH OR MORE: 3
MIN 32 OR BELOW: 0 0.50 INCH OR MORE: 0
MIN 0 OR BELOW: 0 1.00 INCH OR MORE: 0
[HDD (BASE 65) ]
TOTAL THIS MO. 47 CLEAR (SCALE 0-3) 26
DPTR FM NORMAL -87 PTCLDY (SCALE 4-7) 3
TOTAL FM JUL 1 47 CLOUDY (SCALE 8-10) 1
DPTR FM NORMAL -98
[CDD (BASE 65) ]
TOTAL THIS MO. 76
DPTR FM NORMAL 51 [PRESSURE DATA]
TOTAL FM JAN 1 745 HIGHEST SLP M ON M
DPTR FM NORMAL 256 LOWEST SLP 29.62 ON 9
[REMARKS]
#FINAL-09-22#