000
CXUS55 KGJT 010910
CF6CEZ
PRELIMINARY LOCAL CLIMATOLOGICAL DATA (WS FORM: F-6)
STATION: CORTEZ CO
MONTH: JULY
YEAR: 2021
LATITUDE: 37 17 N
LONGITUDE: 108 38 W
TEMPERATURE IN F: :PCPN: SNOW: WIND :SUNSHINE: SKY :PK WND
================================================================================
1 2 3 4 5 6A 6B 7 8 9 10 11 12 13 14 15 16 17 18
12Z AVG MX 2MIN
DY MAX MIN AVG DEP HDD CDD WTR SNW DPTH SPD SPD DIR MIN PSBL S-S WX SPD DR
================================================================================
1 88 53 71 1 0 6 0.00 M M 5.1 14 280 M M 1 18 280
2 94 52 73 3 0 8 T M M 6.1 30 150 M M 1 40 150
3 93 57 75 4 0 10 T M M 4.6 21 140 M M 0 33 150
4 97 53 75 4 0 10 T M M 5.6 16 310 M M 0 22 340
5 96 57 77 6 0 12 T M M 7.1 22 130 M M 2 3 32 270
6 95 56 76 5 0 11 0.01 M M 6.9 21 290 M M 1 33 290
7 95 60 78 6 0 13 0.00 M M 5.5 15 160 M M 0 23 180
8 100 62 81 9 0 16 0.01 M M 5.4 18 340 M M 0 26 340
9 103 54 79 7 0 14 0.00 M M 5.7 21 130 M M 0 30 130
10 101 57 79 7 0 14 0.00 M M 8.4 18 360 M M 0 29 10
11 98 58 78 6 0 13 0.00 M M 6.6 20 10 M M 0 29 340
12 95 56 76 4 0 11 0.00 M M 4.7 24 130 M M 0 3 32 130
13 94 63 79 7 0 14 0.12 M M 7.8 29 140 M M 2 38 40 140
14 80 62 71 -1 0 6 0.05 M M 5.5 17 350 M M 6 1 27 10
15 91 52 72 -1 0 7 0.00 M M 6.4 14 300 M M 0 27 150
16 93 55 74 1 0 9 0.02 M M 5.6 22 140 M M 3 3 32 150
17 92 66 79 6 0 14 T M M 6.3 28 40 M M 2 3 40 40
18 96 56 76 3 0 11 0.01 M M 4.8 22 170 M M 2 3 31 200
19 93 62 78 5 0 13 0.05 M M 4.8 22 80 M M 2 3 26 80
20 95 60 78 5 0 13 T M M 5.0 23 210 M M 2 3 30 210
21 92 63 78 5 0 13 0.05 M M 5.4 24 310 M M 1 3 35 300
22 90 63 77 4 0 12 0.11 M M 7.9 20 10 M M 4 13 27 360
23 86 63 75 2 0 10 0.17 M M 7.3 21 60 M M 5 13 28 20
24 82 59 71 -2 0 6 0.08 M M 4.6 22 150 M M 4 13 35 150
25 84 55 70 -3 0 5 0.00 M M 6.7 20 70 M M 2 3 25 220
26 87 55 71 -2 0 6 T M M 5.0 22 70 M M 5 3 30 60
27 85 57 71 -2 0 6 0.21 M M 5.8 18 110 M M 3 13 26 110
28 89 60 75 2 0 10 0.00 M M 2.9 16 10 M M 2 3 22 30
29 92 57 75 2 0 10 0.03 M M 5.1 20 200 M M 3 13 27 320
30 89 59 74 1 0 9 0.13 M M 8.8 25 70 M M 3 13 36 40
31 90 53 72 0 0 7 0.00 M M 4.6 21 10 M M 1 3 27 10
================================================================================
SM 2855 1795 0 319 1.05 M 182.0 M 57
================================================================================
AV 92.1 57.9 5.9 FASTST M M 2 MAX(MPH)
MISC ----> 30 150 # 40 150
================================================================================
NOTES:
# LAST OF SEVERAL OCCURRENCES
COLUMN 17 PEAK WIND IN M.P.H.
PRELIMINARY LOCAL CLIMATOLOGICAL DATA (WS FORM: F-6) , PAGE 2
STATION: CORTEZ CO
MONTH: JULY
YEAR: 2021
LATITUDE: 37 17 N
LONGITUDE: 108 38 W
[TEMPERATURE DATA] [PRECIPITATION DATA] SYMBOLS USED IN COLUMN 16
AVERAGE MONTHLY: 75.0 TOTAL FOR MONTH: 1.05 1 = FOG OR MIST
DPTR FM NORMAL: 2.8 DPTR FM NORMAL: -0.09 2 = FOG REDUCING VISIBILITY
HIGHEST: 103 ON 9 GRTST 24HR 0.25 ON 23-24 TO 1/4 MILE OR LESS
LOWEST: 52 ON 15, 2 3 = THUNDER
SNOW, ICE PELLETS, HAIL 4 = ICE PELLETS
TOTAL MONTH: M 5 = HAIL
GRTST 24HR M ON M 6 = FREEZING RAIN OR DRIZZLE
GRTST DEPTH: M ON M 7 = DUSTSTORM OR SANDSTORM:
VSBY 1/2 MILE OR LESS
8 = SMOKE OR HAZE
[NO. OF DAYS WITH] [WEATHER - DAYS WITH] 9 = BLOWING SNOW
X = TORNADO
MAX 32 OR BELOW: 0 0.01 INCH OR MORE: 14
MAX 90 OR ABOVE: 22 0.10 INCH OR MORE: 5
MIN 32 OR BELOW: 0 0.50 INCH OR MORE: 0
MIN 0 OR BELOW: 0 1.00 INCH OR MORE: 0
[HDD (BASE 65) ]
TOTAL THIS MO. 0 CLEAR (SCALE 0-3) 23
DPTR FM NORMAL -2 PTCLDY (SCALE 4-7) 8
TOTAL FM JUL 1 0 CLOUDY (SCALE 8-10) 0
DPTR FM NORMAL 0
[CDD (BASE 65) ]
TOTAL THIS MO. 319
DPTR FM NORMAL 94 [PRESSURE DATA]
TOTAL FM JAN 1 489 HIGHEST SLP M ON M
DPTR FM NORMAL 183 LOWEST SLP 29.76 ON 4
[REMARKS]
#FINAL-07-21#