000
CXUS55 KGJT 011010
CF6CEZ
PRELIMINARY LOCAL CLIMATOLOGICAL DATA (WS FORM: F-6)
STATION: CORTEZ CO
MONTH: NOVEMBER
YEAR: 2023
LATITUDE: 37 17 N
LONGITUDE: 108 38 W
TEMPERATURE IN F: :PCPN: SNOW: WIND :SUNSHINE: SKY :PK WND
================================================================================
1 2 3 4 5 6A 6B 7 8 9 10 11 12 13 14 15 16 17 18
12Z AVG MX 2MIN
DY MAX MIN AVG DEP HDD CDD WTR SNW DPTH SPD SPD DIR MIN PSBL S-S WX SPD DR
================================================================================
1 59 17 38 -5 27 0 0.00 M M 5.7 14 200 M M 0 8 18 200
2 63 19 41 -1 24 0 0.00 M M 6.3 15 280 M M 0 8 22 250
3 66 25 46 4 19 0 0.00 M M 6.3 14 280 M M 0 8 18 210
4 68 27 48 6 17 0 0.00 M M 7.2 15 220 M M 0 8 20 210
5 71 27 49 8 16 0 0.00 M M 4.6 18 210 M M 0 8 26 200
6 71 27 49 8 16 0 0.00 M M 8.1 24 220 M M 0 8 30 210
7 70 27 49 8 16 0 0.00 M M 9.3 23 190 M M 0 30 200
8 55 24 40 0 25 0 0.00 M M 5.8 18 330 M M 3 28 270
9 53 17 35 -5 30 0 0.00 M M 5.6 12 220 M M 0 8 14 230
10 55 17 36 -4 29 0 0.00 M M 5.1 16 280 M M 2 22 270
11 55 17 36 -3 29 0 0.00 M M 5.8 13 290 M M 0 8 19 220
12 57 13 35 -4 30 0 0.00 M M 5.0 12 70 M M 0 8 15 220
13 63 20 42 4 23 0 0.00 M M 6.2 16 200 M M 0 23 170
14 61 26 44 6 21 0 0.00 M M 4.9 12 60 M M 0 16 200
15 62 25 44 6 21 0 0.00 M M 4.9 17 220 M M 0 22 210
16 62 31 47 10 18 0 T M M 4.5 15 290 M M 5 20 280
17 61 25 43 6 22 0 0.00 M M 4.8 13 60 M M 1 16 270
18 52 25 39 2 26 0 T M M 4.9 18 190 M M 4 23 190
19 41 33 37 1 28 0 0.26 M M 3.5 14 290 M M 9 1 17 280
20 52 27 40 4 25 0 0.00 M M 9.7 29 360 M M 1 40 10
21 50 20 35 0 30 0 0.00 M M 5.4 16 220 M M 0 8 20 220
22 52 20 36 1 29 0 0.00 M M 3.6 10 60 M M 0 8 11 260
23 50 19 35 0 30 0 0.00 M M 3.4 13 200 M M 1 8 16 190
24 43 27 35 1 30 0 0.17 M M 8.2 25 200 M M 8 18 35 180
25 36 21 29 -5 36 0 T M M 6.1 15 340 M M 6 1 23 340
26 36 12 24 -10 41 0 0.00 M M 4.2 9 220 M M 2 13 230
27 39 10 25 -8 40 0 0.00 M M 3.8 10 200 M M 0 13 210
28 41 11 26 -7 39 0 0.00 M M 3.3 13 220 M M 0 15 220
29 47 16 32 -1 33 0 0.00 M M 2.1 10 210 M M 3 8 13 210
30 44 28 36 4 29 0 0.01 M M 5.8 17 290 M M 8 18 24 290
================================================================================
SM 1635 653 799 0 0.44 M 164.1 M 53
================================================================================
AV 54.5 21.8 5.5 FASTST M M 2 MAX(MPH)
MISC ----> 29 360 40 10
================================================================================
NOTES:
# LAST OF SEVERAL OCCURRENCES
COLUMN 17 PEAK WIND IN M.P.H.
PRELIMINARY LOCAL CLIMATOLOGICAL DATA (WS FORM: F-6) , PAGE 2
STATION: CORTEZ CO
MONTH: NOVEMBER
YEAR: 2023
LATITUDE: 37 17 N
LONGITUDE: 108 38 W
[TEMPERATURE DATA] [PRECIPITATION DATA] SYMBOLS USED IN COLUMN 16
AVERAGE MONTHLY: 38.1 TOTAL FOR MONTH: 0.44 1 = FOG OR MIST
DPTR FM NORMAL: 0.6 DPTR FM NORMAL: -0.35 2 = FOG REDUCING VISIBILITY
HIGHEST: 71 ON 6, 5 GRTST 24HR 0.26 ON 19-19 TO 1/4 MILE OR LESS
LOWEST: 10 ON 27 3 = THUNDER
SNOW, ICE PELLETS, HAIL 4 = ICE PELLETS
TOTAL MONTH: M 5 = HAIL
GRTST 24HR M ON M 6 = FREEZING RAIN OR DRIZZLE
GRTST DEPTH: M ON M 7 = DUSTSTORM OR SANDSTORM:
VSBY 1/2 MILE OR LESS
8 = SMOKE OR HAZE
[NO. OF DAYS WITH] [WEATHER - DAYS WITH] 9 = BLOWING SNOW
X = TORNADO
MAX 32 OR BELOW: 0 0.01 INCH OR MORE: 3
MAX 90 OR ABOVE: 0 0.10 INCH OR MORE: 2
MIN 32 OR BELOW: 29 0.50 INCH OR MORE: 0
MIN 0 OR BELOW: 0 1.00 INCH OR MORE: 0
[HDD (BASE 65) ]
TOTAL THIS MO. 799 CLEAR (SCALE 0-3) 23
DPTR FM NORMAL -26 PTCLDY (SCALE 4-7) 5
TOTAL FM JUL 1 1323 CLOUDY (SCALE 8-10) 2
DPTR FM NORMAL -142
[CDD (BASE 65) ]
TOTAL THIS MO. 0
DPTR FM NORMAL 0 [PRESSURE DATA]
TOTAL FM JAN 1 579 HIGHEST SLP M ON M
DPTR FM NORMAL 90 LOWEST SLP 29.75 ON 7
[REMARKS]
#FINAL-11-23#