000
CXUS53 KPAH 010730
CF6CGI
PRELIMINARY LOCAL CLIMATOLOGICAL DATA (WS FORM: F-6)
STATION: CAPE GIRARDEAU MO
MONTH: APRIL
YEAR: 2023
LATITUDE: 37 13 N
LONGITUDE: 89 35 W
TEMPERATURE IN F: :PCPN: SNOW: WIND :SUNSHINE: SKY :PK WND
================================================================================
1 2 3 4 5 6A 6B 7 8 9 10 11 12 13 14 15 16 17 18
12Z AVG MX 2MIN
DY MAX MIN AVG DEP HDD CDD WTR SNW DPTH SPD SPD DIR MIN PSBL S-S WX SPD DR
================================================================================
1 64 39 52 -1 13 0 0.00 M M 15.0 40 280 M M 2 50 280
2 68 35 52 -1 13 0 0.00 M M 8.3 21 170 M M 0 25 160
3 76 54 65 11 0 0 0.00 M M 11.9 21 170 M M 4 30 180
4 84 64 74 20 0 9 0.00 M M 14.6 26 190 M M 5 18 37 170
5 78 51 65 11 0 0 1.09 M M 15.6 39 250 M M 6 138 55 260
6 56 44 50 -5 15 0 0.00 M M 11.3 16 360 M M 5 22 360
7 62 44 53 -2 12 0 0.00 M M 11.9 21 50 M M 1 25 50
8 70 44 57 2 8 0 0.00 M M 10.3 18 40 M M 1 24 70
9 70 39 55 -1 10 0 0.00 M M 5.5 17 120 M M 0 25 90
10 73 40 57 1 8 0 0.00 M M 4.4 13 220 M M 1 18 17 180
11 75 40 58 2 7 0 0.00 M M 5.1 14 200 M M 0 1 22 210
12 77 41 59 2 6 0 0.00 M M 4.8 16 240 M M 0 22 250
13 82 41 62 5 3 0 0.00 M M 5.2 15 140 M M 1 19 110
14 77 50 64 7 1 0 0.00 M M 5.8 13 170 M M 0 8 17 180
15 76 54 65 7 0 0 0.91 M M 7.6 28 330 M M 5 138 38 320
16 62 47 55 -3 10 0 0.03 M M 14.0 24 290 M M 9 1 36 250
17 72 41 57 -1 8 0 0.00 M M 9.4 24 290 M M 0 33 290
18 79 43 61 2 4 0 0.00 M M 6.2 20 190 M M 0 26 200
19 82 53 68 9 0 3 0.00 M M 11.8 28 190 M M 0 8 38 180
20 82 58 70 10 0 5 1.52 M M 15.8 32 220 M M 4 13 46 190
21 66 50 58 -2 7 0 0.51 M M 7.8 18 30 M M 5 1 27 340
22 61 39 50 -10 15 0 0.00 M M 8.8 23 280 M M 1 33 280
23 59 36 48 -12 17 0 0.00 M M 4.0 14 300 M M 3 19 240
24 63 36 50 -11 15 0 0.00 M M 4.6 14 70 M M 0 24 120
25 70 45 58 -3 7 0 0.00 M M 2.6 12 160 M M 0 15 40
26 71 44 58 -4 7 0 0.00 M M 7.5 17 30 M M 0 24 10
27 61 55 58 -4 7 0 0.38 M M 7.6 14 40 M M 9 1 20 20
28 70 53 62 0 3 0 T M M 5.1 13 360 M M 7 1 17 30
29 70 52 61 -1 4 0 T M M 6.2 26 350 M M 8 34 360
30 64 43 54 -9 11 0 T M M 13.3 29 300 M M 4 38 310
================================================================================
SM 2120 1375 211 17 4.44 M 262.0 M 81
================================================================================
AV 70.7 45.8 8.7 FASTST M M 3 MAX(MPH)
MISC ----> 40 280 55 260
================================================================================
NOTES:
# LAST OF SEVERAL OCCURRENCES
COLUMN 17 PEAK WIND IN M.P.H.
PRELIMINARY LOCAL CLIMATOLOGICAL DATA (WS FORM: F-6) , PAGE 2
STATION: CAPE GIRARDEAU MO
MONTH: APRIL
YEAR: 2023
LATITUDE: 37 13 N
LONGITUDE: 89 35 W
[TEMPERATURE DATA] [PRECIPITATION DATA] SYMBOLS USED IN COLUMN 16
AVERAGE MONTHLY: 58.3 TOTAL FOR MONTH: 4.44 1 = FOG OR MIST
DPTR FM NORMAL: 0.3 DPTR FM NORMAL: -0.74 2 = FOG REDUCING VISIBILITY
HIGHEST: 84 ON 4 GRTST 24HR 2.03 ON 20-21 TO 1/4 MILE OR LESS
LOWEST: 35 ON 2 3 = THUNDER
SNOW, ICE PELLETS, HAIL 4 = ICE PELLETS
TOTAL MONTH: M 5 = HAIL
GRTST 24HR M ON M 6 = FREEZING RAIN OR DRIZZLE
GRTST DEPTH: M ON M 7 = DUSTSTORM OR SANDSTORM:
VSBY 1/2 MILE OR LESS
8 = SMOKE OR HAZE
[NO. OF DAYS WITH] [WEATHER - DAYS WITH] 9 = BLOWING SNOW
X = TORNADO
MAX 32 OR BELOW: 0 0.01 INCH OR MORE: 6
MAX 90 OR ABOVE: 0 0.10 INCH OR MORE: 5
MIN 32 OR BELOW: 0 0.50 INCH OR MORE: 4
MIN 0 OR BELOW: 0 1.00 INCH OR MORE: 2
[HDD (BASE 65) ]
TOTAL THIS MO. 211 CLEAR (SCALE 0-3) 18
DPTR FM NORMAL -31 PTCLDY (SCALE 4-7) 10
TOTAL FM JUL 1 3703 CLOUDY (SCALE 8-10) 2
DPTR FM NORMAL -410
[CDD (BASE 65) ]
TOTAL THIS MO. 17
DPTR FM NORMAL -12 [PRESSURE DATA]
TOTAL FM JAN 1 18 HIGHEST SLP M ON M
DPTR FM NORMAL -15 LOWEST SLP 29.61 ON 1
[REMARKS]
#FINAL-04-23#