000
CXUS54 KMRX 011030
CF6CHA
PRELIMINARY LOCAL CLIMATOLOGICAL DATA (WS FORM: F-6)
STATION: CHATTANOOGA AIRPORT
MONTH: JUNE
YEAR: 2021
LATITUDE: 35 1 N
LONGITUDE: 85 12 W
TEMPERATURE IN F: :PCPN: SNOW: WIND :SUNSHINE: SKY :PK WND
================================================================================
1 2 3 4 5 6A 6B 7 8 9 10 11 12 13 14 15 16 17 18
12Z AVG MX 2MIN
DY MAX MIN AVG DEP HDD CDD WTR SNW DPTH SPD SPD DIR MIN PSBL S-S WX SPD DR
================================================================================
1 83 61 72 -2 0 7 0.00 0.0 0 6.2 14 130 M M 7 21 140
2 79 67 73 -1 0 8 0.83 0.0 0 5.6 15 130 M M 8 1 20 130
3 75 66 71 -4 0 6 1.66 0.0 0 3.8 13 200 M M 8 138 18 210
4 88 63 76 1 0 11 0.00 0.0 0 2.5 9 20 M M 6 12 12 10
5 88 67 78 3 0 13 0.01 0.0 0 3.7 20 130 M M 6 27 130
6 82 71 77 1 0 12 0.59 0.0 0 2.4 28 200 M M 8 13 40 190
7 88 71 80 4 0 15 0.19 0.0 0 5.4 15 210 M M 8 13 21 200
8 88 73 81 5 0 16 T 0.0 0 7.6 22 180 M M 8 1 33 180
9 84 71 78 2 0 13 0.05 0.0 0 5.5 14 210 M M 7 1 19 210
10 83 73 78 2 0 13 0.09 0.0 0 5.9 21 220 M M 9 1 30 230
11 88 72 80 3 0 15 T 0.0 0 6.0 13 260 M M 8 20 250
12 94 71 83 6 0 18 0.03 0.0 0 5.6 36 20 M M 5 8 51 10
13 94 67 81 4 0 16 0.01 0.0 0 2.4 8 230 M M 3 3 M M
14 95 74 85 8 0 20 T 0.0 0 4.0 14 350 M M 3 1 18 340
15 88 69 79 1 0 14 0.00 0.0 0 7.0 20 360 M M 2 26 350
16 87 63 75 -3 0 10 0.00 0.0 0 4.4 17 360 M M 2 24 360
17 89 62 76 -2 0 11 0.00 0.0 0 2.3 12 360 M M 2 16 350
18 93 65 79 1 0 14 0.00 0.0 0 4.1 15 170 M M 3 21 160
19 84 69 77 -1 0 12 0.48 0.0 0 5.7 16 130 M M 6 1 24 180
20 91 70 81 3 0 16 0.07 0.0 0 6.3 12 270 M M 7 1 21 240
21 93 73 83 4 0 18 0.81 0.0 0 9.0 33 200 M M 6 13 47 220
22 82 64 73 -6 0 8 0.30 0.0 0 6.1 15 350 M M 6 13 25 350
23 86 60 73 -6 0 8 0.00 0.0 0 3.5 12 150 M M 4 16 110
24 86 65 76 -3 0 11 0.00 0.0 0 5.3 15 130 M M 5 22 130
25 87 70 79 0 0 14 0.00 0.0 0 6.5 14 130 M M 5 19 170
26 86 68 77 -2 0 12 0.07 0.0 0 4.9 16 190 M M 5 23 180
27 90 72 81 1 0 16 0.00 0.0 0 3.8 14 130 M M 5 1 19 130
28 92 73 83 3 0 18 0.00 0.0 0 2.5 12 130 M M 5 15 100
29 90 74 82 2 0 17 T 0.0 0 5.2 15 180 M M 6 23 170
30 92 73 83 3 0 18 0.00 0.0 0 3.3 14 190 M M 6 19 190
================================================================================
SM 2625 2057 0 400 5.19 0.0 146.5 M 169
================================================================================
AV 87.5 68.6 4.9 FASTST M M 6 MAX(MPH)
MISC ----> 36 20 51 10
================================================================================
NOTES:
# LAST OF SEVERAL OCCURRENCES
COLUMN 17 PEAK WIND IN M.P.H.
PRELIMINARY LOCAL CLIMATOLOGICAL DATA (WS FORM: F-6) , PAGE 2
STATION: CHATTANOOGA AIRPORT
MONTH: JUNE
YEAR: 2021
LATITUDE: 35 1 N
LONGITUDE: 85 12 W
[TEMPERATURE DATA] [PRECIPITATION DATA] SYMBOLS USED IN COLUMN 16
AVERAGE MONTHLY: 78.0 TOTAL FOR MONTH: 5.19 1 = FOG OR MIST
DPTR FM NORMAL: 0.6 DPTR FM NORMAL: 1.01 2 = FOG REDUCING VISIBILITY
HIGHEST: 95 ON 14 GRTST 24HR 2.45 ON 2- 3 TO 1/4 MILE OR LESS
LOWEST: 60 ON 23 3 = THUNDER
SNOW, ICE PELLETS, HAIL 4 = ICE PELLETS
TOTAL MONTH: 0.0 INCH 5 = HAIL
GRTST 24HR 0.0 6 = FREEZING RAIN OR DRIZZLE
GRTST DEPTH: 0 7 = DUSTSTORM OR SANDSTORM:
VSBY 1/2 MILE OR LESS
8 = SMOKE OR HAZE
[NO. OF DAYS WITH] [WEATHER - DAYS WITH] 9 = BLOWING SNOW
X = TORNADO
MAX 32 OR BELOW: 0 0.01 INCH OR MORE: 14
MAX 90 OR ABOVE: 10 0.10 INCH OR MORE: 7
MIN 32 OR BELOW: 0 0.50 INCH OR MORE: 4
MIN 0 OR BELOW: 0 1.00 INCH OR MORE: 1
[HDD (BASE 65) ]
TOTAL THIS MO. 0 CLEAR (SCALE 0-3) 3
DPTR FM NORMAL -1 PTCLDY (SCALE 4-7) 24
TOTAL FM JUL 1 2626 CLOUDY (SCALE 8-10) 3
DPTR FM NORMAL -400
[CDD (BASE 65) ]
TOTAL THIS MO. 400
DPTR FM NORMAL 26 [PRESSURE DATA]
TOTAL FM JAN 1 610 HIGHEST SLP 30.27 ON 1
DPTR FM NORMAL -10 LOWEST SLP 29.75 ON 12
[REMARKS]
#FINAL-06-21#