000
CXUS55 KOHX 011210
CF6CKV
PRELIMINARY LOCAL CLIMATOLOGICAL DATA (WS FORM: F-6)
STATION: CLARKSVILLE
MONTH: JANUARY
YEAR: 2021
LATITUDE: 36 37 N
LONGITUDE: 87 25 W
TEMPERATURE IN F: :PCPN: SNOW: WIND :SUNSHINE: SKY :PK WND
================================================================================
1 2 3 4 5 6A 6B 7 8 9 10 11 12 13 14 15 16 17 18
12Z AVG MX 2MIN
DY MAX MIN AVG DEP HDD CDD WTR SNW DPTH SPD SPD DIR MIN PSBL S-S WX SPD DR
================================================================================
1 70 40 55 19 10 0 0.88 M M 11.9 29 200 M M 7 1 40 220
2 45 40 43 7 22 0 0.04 M M 3.6 13 290 M M 10 1 17 290
3 47 30 39 3 26 0 0.01 M M 6.1 15 260 M M 5 1 20 270
4 54 27 41 5 24 0 0.00 M M 5.0 10 200 M M 0 1 16 200
5 49 28 39 3 26 0 0.00 M M 7.5 20 330 M M 4 1 26 330
6 45 27 36 0 29 0 0.00 M M 7.5 14 80 M M 0 18 19 70
7 41 32 37 1 28 0 0.00 M M 12.0 20 50 M M 8 25 60
8 38 33 36 0 29 0 T M M 11.5 18 340 M M 10 18 22 360
9 35 32 34 -2 31 0 0.00 M M 8.0 14 350 M M 10 19 360
10 34 27 31 -5 34 0 0.00 M M 4.0 9 60 M M 9 18 12 40
11 32 26 29 -7 36 0 0.00 M M 5.9 10 330 M M 8 18 14 290
12 42 23 33 -3 32 0 0.00 M M 5.2 12 200 M M 3 18 15 200
13 50 21 36 0 29 0 0.00 M M 7.4 15 200 M M 0 18 17 99
14 61 35 48 12 17 0 0.03 M M 11.5 28 310 M M 2 18 40 310
15 46 33 40 4 25 0 T M M 10.2 25 270 M M 6 18 37 260
16 40 33 37 1 28 0 T M M 10.1 18 290 M M 10 1 25 280
17 48 35 42 6 23 0 T M M 9.6 21 260 M M 8 30 270
18 51 31 41 5 24 0 0.00 M M 5.8 17 260 M M 5 1 22 250
19 54 39 47 11 18 0 0.00 M M 7.8 14 290 M M 3 20 220
20 47 31 39 3 26 0 0.05 M M 5.9 12 220 M M 1 1 16 220
21 49 34 42 6 23 0 0.12 M M 4.2 10 310 M M 6 12 15 230
22 46 27 37 1 28 0 0.00 M M 7.2 17 350 M M 1 12 23 350
23 44 22 33 -3 32 0 0.00 M M 7.4 15 80 M M 3 21 60
24 46 33 40 4 25 0 0.01 M M 3.7 14 120 M M 9 18 17 120
25 55 44 50 14 15 0 2.15 M M 7.8 37 340 M M 10 123 55 330
26 59 36 48 12 17 0 0.00 M M 8.4 17 290 M M 4 12 25 310
27 38 30 34 -2 31 0 0.01 M M 9.4 20 330 M M 6 18 26 330
28 36 23 30 -6 35 0 0.00 M M 6.9 20 340 M M 4 25 340
29 45 22 34 -2 31 0 0.00 M M 5.9 12 100 M M 1 18 16 100
30 46 33 40 4 25 0 0.38 M M 9.4 22 130 M M 10 1 28 130
31 55 34 45 9 20 0 T M M 14.0 22 320 M M 10 1 32 170
================================================================================
SM 1448 961 799 0 3.68 M 240.8 M 173
================================================================================
AV 46.7 31.0 7.8 FASTST M M 6 MAX(MPH)
MISC ----> 37 340 55 330
================================================================================
NOTES:
# LAST OF SEVERAL OCCURRENCES
COLUMN 17 PEAK WIND IN M.P.H.
PRELIMINARY LOCAL CLIMATOLOGICAL DATA (WS FORM: F-6) , PAGE 2
STATION: CLARKSVILLE
MONTH: JANUARY
YEAR: 2021
LATITUDE: 36 37 N
LONGITUDE: 87 25 W
[TEMPERATURE DATA] [PRECIPITATION DATA] SYMBOLS USED IN COLUMN 16
AVERAGE MONTHLY: 38.9 TOTAL FOR MONTH: 3.68 1 = FOG OR MIST
DPTR FM NORMAL: 3.1 DPTR FM NORMAL: 0.37 2 = FOG REDUCING VISIBILITY
HIGHEST: 70 ON 1 GRTST 24HR 2.15 ON 25-25 TO 1/4 MILE OR LESS
LOWEST: 21 ON 13 3 = THUNDER
SNOW, ICE PELLETS, HAIL 4 = ICE PELLETS
TOTAL MONTH: M 5 = HAIL
GRTST 24HR M ON M 6 = FREEZING RAIN OR DRIZZLE
GRTST DEPTH: M ON M 7 = DUSTSTORM OR SANDSTORM:
VSBY 1/2 MILE OR LESS
8 = SMOKE OR HAZE
[NO. OF DAYS WITH] [WEATHER - DAYS WITH] 9 = BLOWING SNOW
X = TORNADO
MAX 32 OR BELOW: 1 0.01 INCH OR MORE: 10
MAX 90 OR ABOVE: 0 0.10 INCH OR MORE: 4
MIN 32 OR BELOW: 17 0.50 INCH OR MORE: 2
MIN 0 OR BELOW: 0 1.00 INCH OR MORE: 1
[HDD (BASE 65) ]
TOTAL THIS MO. 799 CLEAR (SCALE 0-3) 9
DPTR FM NORMAL -108 PTCLDY (SCALE 4-7) 12
TOTAL FM JUL 1 2217 CLOUDY (SCALE 8-10) 10
DPTR FM NORMAL -252
[CDD (BASE 65) ]
TOTAL THIS MO. 0
DPTR FM NORMAL -1 [PRESSURE DATA]
TOTAL FM JAN 1 0 HIGHEST SLP 30.67 ON 28
DPTR FM NORMAL -1 LOWEST SLP 29.58 ON 25
[REMARKS]
#FINAL-01-21#