879
CXUS54 KHGX 011602
CF6CLL
PRELIMINARY LOCAL CLIMATOLOGICAL DATA (WS FORM: F-6)
STATION: COLLEGE STATION
MONTH: JANUARY
YEAR: 2021
LATITUDE: 30 34 N
LONGITUDE: 96 22 W
TEMPERATURE IN F: :PCPN: SNOW: WIND :SUNSHINE: SKY :PK WND
================================================================================
1 2 3 4 5 6A 6B 7 8 9 10 11 12 13 14 15 16 17 18
12Z AVG MX 2MIN
DY MAX MIN AVG DEP HDD CDD WTR SNW DPTH SPD SPD DIR MIN PSBL S-S WX SPD DR
================================================================================
1 47 37 42 -9 23 0 0.00 0.0 0 10.8 22 240 M M 6 26 240
2 57 39 48 -3 17 0 0.00 0.0 0 6.3 14 290 M M 3 21 310
3 69 38 54 3 11 0 0.00 0.0 0 9.2 22 220 M M 0 27 220
4 75 43 59 8 6 0 0.00 0.0 0 4.7 13 230 M M 1 12 17 280
5 72 42 57 6 8 0 0.00 0.0 0 7.4 16 160 M M 1 21 160
6 71 46 59 8 6 0 1.64 0.0 0 11.4 29 270 M M 7 123 36 170
7 56 38 47 -4 18 0 0.00 0.0 0 11.0 21 320 M M 2 29 290
8 53 37 45 -6 20 0 0.00 0.0 0 7.8 15 360 M M 6 19 20
9 55 33 44 -7 21 0 T 0.0 0 6.0 14 50 M M 1 20 50
10 46 33 40 -11 25 0 0.82 4.5 0 10.8 17 30 M M 10 12 23 30
11 40 30 35 -16 30 0 0.00 0.0 3 5.5 13 360 M M 7 18 24 360
12 50 26 38 -13 27 0 T 0.0 0 2.1 9 240 M M 3 18 12 240
13 61 31 46 -5 19 0 0.00 0.0 0 5.8 14 170 M M 0 18 170
14 66 40 53 2 12 0 0.00 0.0 0 10.3 25 350 M M 0 31 340
15 59 37 48 -3 17 0 0.00 0.0 0 11.6 28 290 M M 1 38 280
16 60 32 46 -5 19 0 0.00 0.0 0 5.6 18 270 M M 5 8 22 280
17 67 34 51 0 14 0 0.00 0.0 0 3.6 16 320 M M 0 8 21 310
18 73 38 56 5 9 0 0.00 0.0 0 10.3 25 160 M M 5 8 31 160
19 74 52 63 12 2 0 0.05 0.0 0 9.3 20 200 M M 10 18 25 190
20 61 51 56 5 9 0 0.01 0.0 0 6.6 14 320 M M 10 18 19 310
21 62 51 57 6 8 0 0.12 0.0 0 3.4 9 170 M M 10 1 12 170
22 69 55 62 11 3 0 T 0.0 0 4.6 17 360 M M 10 18 19 10
23 67 55 61 10 4 0 0.00 0.0 0 7.2 13 90 M M 10 1 18 100
24 73 62 68 17 0 3 0.05 0.0 0 8.8 22 160 M M 10 12 29 160
25 75 50 63 11 2 0 T 0.0 0 9.6 32 160 M M 7 41 160
26 75 46 61 9 4 0 0.00 0.0 0 6.5 16 330 M M 1 21 330
27 66 41 54 2 11 0 0.00 0.0 0 13.3 25 340 M M 1 31 340
28 57 36 47 -5 18 0 0.00 0.0 0 6.6 14 50 M M 0 18 30
29 67 39 53 1 12 0 0.00 0.0 0 9.1 22 150 M M 4 27 150
30 75 56 66 14 0 1 0.02 0.0 0 11.1 23 210 M M 7 18 30 200
31 64 47 56 4 9 0 0.00 0.0 0 12.6 22 320 M M 1 8 30 310
================================================================================
SM 1962 1295 384 4 2.71 4.5 248.9 M 139
================================================================================
AV 63.3 41.8 8.0 FASTST M M 4 MAX(MPH)
MISC ----> 32 160 41 160
================================================================================
NOTES:
# LAST OF SEVERAL OCCURRENCES
COLUMN 17 PEAK WIND IN M.P.H.
PRELIMINARY LOCAL CLIMATOLOGICAL DATA (WS FORM: F-6) , PAGE 2
STATION: COLLEGE STATION
MONTH: JANUARY
YEAR: 2021
LATITUDE: 30 34 N
LONGITUDE: 96 22 W
[TEMPERATURE DATA] [PRECIPITATION DATA] SYMBOLS USED IN COLUMN 16
AVERAGE MONTHLY: 52.5 TOTAL FOR MONTH: 2.71 1 = FOG OR MIST
DPTR FM NORMAL: 1.4 DPTR FM NORMAL: -0.53 2 = FOG REDUCING VISIBILITY
HIGHEST: 75 ON 30,26 GRTST 24HR 1.64 ON 6- 6 TO 1/4 MILE OR LESS
LOWEST: 26 ON 12 3 = THUNDER
SNOW, ICE PELLETS, HAIL 4 = ICE PELLETS
TOTAL MONTH: 4.5 INCHES 5 = HAIL
GRTST 24HR 4.5 ON 10-10 6 = FREEZING RAIN OR DRIZZLE
GRTST DEPTH: 3 ON 11 7 = DUSTSTORM OR SANDSTORM:
VSBY 1/2 MILE OR LESS
8 = SMOKE OR HAZE
[NO. OF DAYS WITH] [WEATHER - DAYS WITH] 9 = BLOWING SNOW
X = TORNADO
MAX 32 OR BELOW: 0 0.01 INCH OR MORE: 7
MAX 90 OR ABOVE: 0 0.10 INCH OR MORE: 3
MIN 32 OR BELOW: 4 0.50 INCH OR MORE: 2
MIN 0 OR BELOW: 0 1.00 INCH OR MORE: 1
[HDD (BASE 65) ]
TOTAL THIS MO. 384 CLEAR (SCALE 0-3) 14
DPTR FM NORMAL -58 PTCLDY (SCALE 4-7) 10
TOTAL FM JUL 1 882 CLOUDY (SCALE 8-10) 7
DPTR FM NORMAL -198
[CDD (BASE 65) ]
TOTAL THIS MO. 4
DPTR FM NORMAL -7 [PRESSURE DATA]
TOTAL FM JAN 1 4 HIGHEST SLP 30.60 ON 28
DPTR FM NORMAL -7 LOWEST SLP 29.65 ON 25
[REMARKS]
#FINAL-01-21#