000
CXUS52 KGSP 010817
CF6CLT
PRELIMINARY LOCAL CLIMATOLOGICAL DATA (WS FORM: F-6)
STATION: CHARLOTTE NC
MONTH: APRIL
YEAR: 2022
LATITUDE: 35 12 N
LONGITUDE: 80 57 W
TEMPERATURE IN F: :PCPN: SNOW: WIND :SUNSHINE: SKY :PK WND
================================================================================
1 2 3 4 5 6A 6B 7 8 9 10 11 12 13 14 15 16 17 18
12Z AVG MX 2MIN
DY MAX MIN AVG DEP HDD CDD WTR SNW DPTH SPD SPD DIR MIN PSBL S-S WX SPD DR
================================================================================
1 73 51 62 5 3 0 0.00 0.0 0 11.1 17 270 M M 1 25 280
2 63 44 54 -3 11 0 0.00 0.0 0 6.6 14 60 M M 3 24 70
3 72 40 56 -2 9 0 0.00 0.0 0 6.8 17 320 M M 1 23 320
4 70 47 59 1 6 0 0.00 0.0 0 6.6 15 230 M M 4 24 100
5 71 51 61 3 4 0 1.46 0.0 0 8.4 22 130 M M 6 13 27 140
6 81 60 71 13 0 6 0.00 0.0 0 10.3 20 240 M M 8 29 230
7 76 53 65 6 0 0 0.10 0.0 0 8.5 21 220 M M 8 13 27 220
8 63 39 51 -8 14 0 T 0.0 0 10.6 25 210 M M 5 34 240
9 54 38 46 -13 19 0 T 0.0 0 7.3 17 280 M M 5 24 280
10 70 31 51 -9 14 0 0.00 0.0 0 5.2 14 320 M M 2 20 290
11 80 45 63 3 2 0 0.00 0.0 0 8.6 22 220 M M 7 28 210
12 81 53 67 7 0 2 T 0.0 0 6.9 18 230 M M 7 8 25 230
13 82 59 71 11 0 6 0.00 0.0 0 10.6 22 220 M M 8 27 210
14 79 60 70 9 0 5 T 0.0 0 9.3 18 120 M M 8 24 200
15 74 53 64 3 1 0 0.00 0.0 0 8.1 15 140 M M 5 29 60
16 76 53 65 4 0 0 T 0.0 0 6.0 17 210 M M 9 22 210
17 80 53 67 5 0 2 0.03 0.0 0 7.1 24 110 M M 7 1 33 100
18 63 46 55 -7 10 0 1.74 0.0 0 10.1 26 110 M M 8 1 34 110
19 63 37 50 -12 15 0 0.00 0.0 0 6.6 15 270 M M 2 27 250
20 67 39 53 -9 12 0 0.00 0.0 0 8.1 14 180 M M 5 18 120
21 75 49 62 -1 3 0 0.00 0.0 0 4.9 14 190 M M 7 19 220
22 84 52 68 5 0 3 0.00 0.0 0 2.4 9 160 M M 3 13 20
23 81 58 70 7 0 5 0.00 0.0 0 5.9 14 220 M M 2 21 200
24 81 59 70 6 0 5 0.00 0.0 0 6.9 15 230 M M 1 20 220
25 84 60 72 8 0 7 0.00 0.0 0 7.5 15 190 M M 1 22 190
26 84 57 71 7 0 6 T 0.0 0 8.8 21 310 M M 4 38 29 300
27 75 41 58 -6 7 0 0.00 0.0 0 6.8 17 360 M M 1 24 30
28 76 43 60 -5 5 0 0.00 0.0 0 5.1 15 360 M M 4 22 50
29 76 54 65 0 0 0 0.00 0.0 0 4.5 10 140 M M 7 13 230
30 81 62 72 7 0 7 0.00 0.0 0 7.2 17 190 M M 7 22 220
================================================================================
SM 2235 1487 135 54 3.33 0.0 222.8 M 146
================================================================================
AV 74.5 49.6 7.4 FASTST M M 5 MAX(MPH)
MISC ----> 26 110 # 34 240
================================================================================
NOTES:
# LAST OF SEVERAL OCCURRENCES
COLUMN 17 PEAK WIND IN M.P.H.
PRELIMINARY LOCAL CLIMATOLOGICAL DATA (WS FORM: F-6) , PAGE 2
STATION: CHARLOTTE NC
MONTH: APRIL
YEAR: 2022
LATITUDE: 35 12 N
LONGITUDE: 80 57 W
[TEMPERATURE DATA] [PRECIPITATION DATA] SYMBOLS USED IN COLUMN 16
AVERAGE MONTHLY: 62.0 TOTAL FOR MONTH: 3.33 1 = FOG OR MIST
DPTR FM NORMAL: 0.9 DPTR FM NORMAL: -0.51 2 = FOG REDUCING VISIBILITY
HIGHEST: 84 ON 26,25 GRTST 24HR 1.77 ON 17-18 TO 1/4 MILE OR LESS
LOWEST: 31 ON 10 3 = THUNDER
SNOW, ICE PELLETS, HAIL 4 = ICE PELLETS
TOTAL MONTH: 0.0 INCH 5 = HAIL
GRTST 24HR 0.0 6 = FREEZING RAIN OR DRIZZLE
GRTST DEPTH: 0 7 = DUSTSTORM OR SANDSTORM:
VSBY 1/2 MILE OR LESS
8 = SMOKE OR HAZE
[NO. OF DAYS WITH] [WEATHER - DAYS WITH] 9 = BLOWING SNOW
X = TORNADO
MAX 32 OR BELOW: 0 0.01 INCH OR MORE: 4
MAX 90 OR ABOVE: 0 0.10 INCH OR MORE: 3
MIN 32 OR BELOW: 1 0.50 INCH OR MORE: 2
MIN 0 OR BELOW: 0 1.00 INCH OR MORE: 2
[HDD (BASE 65) ]
TOTAL THIS MO. 135 CLEAR (SCALE 0-3) 9
DPTR FM NORMAL -28 PTCLDY (SCALE 4-7) 19
TOTAL FM JUL 1 2507 CLOUDY (SCALE 8-10) 2
DPTR FM NORMAL -510
[CDD (BASE 65) ]
TOTAL THIS MO. 54
DPTR FM NORMAL 7 [PRESSURE DATA]
TOTAL FM JAN 1 82 HIGHEST SLP 30.48 ON 21
DPTR FM NORMAL 23 LOWEST SLP 29.52 ON 7
[REMARKS]
#FINAL-04-22#