000
CXUS56 KLOX 011814
CF6CMA
PRELIMINARY LOCAL CLIMATOLOGICAL DATA (WS FORM: F-6)
STATION: CAMARILLO AIRPORT CA
MONTH: DECEMBER
YEAR: 2020
LATITUDE: 34 12 N
LONGITUDE: 119 6 W
TEMPERATURE IN F: :PCPN: SNOW: WIND :SUNSHINE: SKY :PK WND
================================================================================
1 2 3 4 5 6A 6B 7 8 9 10 11 12 13 14 15 16 17 18
12Z AVG MX 2MIN
DY MAX MIN AVG DEP HDD CDD WTR SNW DPTH SPD SPD DIR MIN PSBL S-S WX SPD DR
================================================================================
1 79 42 61 6 4 0 0.00 0.0 0 3.5 12 240 M M 0 15 230
2 85 46 66 11 0 1 0.00 M 0 10.9 31 60 M M 0 8 38 60
3 76 45 61 6 4 0 0.00 M 0 20.7 43 70 M M 0 53 80
4 80 41 61 6 4 0 0.00 0.0 0 4.9 16 280 M M 0 21 280
5 70 40 55 1 10 0 0.00 0.0 0 5.3 10 70 M M 0 13 230
6 75 38 57 3 8 0 0.00 0.0 0 2.5 12 270 M M 0 14 210
7 81 41 61 7 4 0 0.00 0.0 0 17.4 33 60 M M 0 43 60
8 86 63 75 21 0 10 0.00 0.0 0 17.5 32 60 M M 0 42 70
9 75 46 61 7 4 0 0.00 0.0 0 4.1 10 270 M M 0 13 200
10 66 40 53 -1 12 0 0.00 M M 3.9 18 200 M M 0 8 22 210
11 64 44 54 0 11 0 0.00 M M 3.6 12 220 M M 3 8 16 220
12 69 45 57 3 8 0 0.00 M M 6.9 26 280 M M 1 33 290
13 73 50 62 8 3 0 0.00 M M 7.8 20 80 M M 2 23 90
14 69 45 57 3 8 0 0.00 M M 5.8 14 40 M M 2 16 270
15 74 43 59 6 6 0 0.00 M M 10.0 33 70 M M 0 42 70
16 75 43 59 6 6 0 0.00 M M 4.0 10 190 M M 0 13 210
17 68 44 56 3 9 0 0.00 M M 6.8 26 280 M M 0 33 270
18 75 41 58 5 7 0 0.00 M M 10.2 26 60 M M 0 36 80
19 76 44 60 7 5 0 0.00 M M 6.2 16 70 M M 0 20 70
20 82 43 63 10 2 0 0.00 M M 4.3 10 200 M M 0 12 200
21 84 46 65 12 0 0 0.00 M M 4.0 13 60 M M 0 14 50
22 67 38 53 0 12 0 0.00 M M 3.1 12 220 M M 0 8 14 220
23 76 42 59 6 6 0 0.00 M M 16.6 31 70 M M 0 8 40 70
24 69 56 63 9 2 0 T M M 18.5 35 70 M M 1 45 70
25 75 45 60 6 5 0 0.00 M M 5.7 18 280 M M 0 21 280
26 67 40 54 0 11 0 0.00 M M 3.5 10 190 M M 1 14 190
27 75 49 62 8 3 0 0.24 M M 5.8 24 230 M M 1 32 280
28 56 44 50 -4 15 0 0.79 M M 8.7 20 70 M M 7 138 24 260
29 64 39 52 -2 13 0 0.00 M M 3.2 9 300 M M 0 11 280
30 71 39 55 1 10 0 0.00 M M 4.6 24 280 M M 0 30 270
31 69 37 53 -1 12 0 0.00 M M 3.3 14 260 M M 0 17 260
================================================================================
SM 2271 1359 204 11 1.03 0.0 233.3 M 18
================================================================================
AV 73.3 43.8 7.5 FASTST M M 1 MAX(MPH)
MISC ----> 43 70 53 80
================================================================================
NOTES:
# LAST OF SEVERAL OCCURRENCES
COLUMN 17 PEAK WIND IN M.P.H.
PRELIMINARY LOCAL CLIMATOLOGICAL DATA (WS FORM: F-6) , PAGE 2
STATION: CAMARILLO AIRPORT CA
MONTH: DECEMBER
YEAR: 2020
LATITUDE: 34 12 N
LONGITUDE: 119 6 W
[TEMPERATURE DATA] [PRECIPITATION DATA] SYMBOLS USED IN COLUMN 16
AVERAGE MONTHLY: 58.5 TOTAL FOR MONTH: 1.03 1 = FOG OR MIST
DPTR FM NORMAL: 4.7 DPTR FM NORMAL: -1.03 2 = FOG REDUCING VISIBILITY
HIGHEST: 86 ON 8 GRTST 24HR 0.79 ON 28-28 TO 1/4 MILE OR LESS
LOWEST: 37 ON 31 3 = THUNDER
SNOW, ICE PELLETS, HAIL 4 = ICE PELLETS
TOTAL MONTH: 0.0 INCH 5 = HAIL
GRTST 24HR 0.0 6 = FREEZING RAIN OR DRIZZLE
GRTST DEPTH: 0 7 = DUSTSTORM OR SANDSTORM:
VSBY 1/2 MILE OR LESS
8 = SMOKE OR HAZE
[NO. OF DAYS WITH] [WEATHER - DAYS WITH] 9 = BLOWING SNOW
X = TORNADO
MAX 32 OR BELOW: 0 0.01 INCH OR MORE: 2
MAX 90 OR ABOVE: 0 0.10 INCH OR MORE: 2
MIN 32 OR BELOW: 0 0.50 INCH OR MORE: 1
MIN 0 OR BELOW: 0 1.00 INCH OR MORE: 0
[HDD (BASE 65) ]
TOTAL THIS MO. 204 CLEAR (SCALE 0-3) 29
DPTR FM NORMAL -145 PTCLDY (SCALE 4-7) 2
TOTAL FM JUL 1 383 CLOUDY (SCALE 8-10) 0
DPTR FM NORMAL -299
[CDD (BASE 65) ]
TOTAL THIS MO. 11
DPTR FM NORMAL 9 [PRESSURE DATA]
TOTAL FM JAN 1 1006 HIGHEST SLP 30.33 ON 24
DPTR FM NORMAL 674 LOWEST SLP 29.82 ON 28
[REMARKS]
#FINAL-12-20#