000
CXUS51 KILN 010759 CCA
CF6CMH
PRELIMINARY LOCAL CLIMATOLOGICAL DATA (WS FORM: F-6)
STATION: COLUMBUS OH
MONTH: FEBRUARY
YEAR: 2023
LATITUDE: 40 0 N
LONGITUDE: 82 53 W
TEMPERATURE IN F: :PCPN: SNOW: WIND :SUNSHINE: SKY :PK WND
================================================================================
1 2 3 4 5 6A 6B 7 8 9 10 11 12 13 14 15 16 17 18
12Z AVG MX 2MIN
DY MAX MIN AVG DEP HDD CDD WTR SNW DPTH SPD SPD DIR MIN PSBL S-S WX SPD DR
================================================================================
1 30 15 23 -7 42 0 0.00 0.0 T 3.5 9 310 M M 6 12 340
2 37 20 29 -1 36 0 0.00 0.0 0 8.2 24 330 M M 7 29 330
3 32 13 23 -7 42 0 T T 0 12.5 26 330 M M 5 34 330
4 42 12 27 -3 38 0 0.00 0.0 0 9.0 20 200 M M 5 28 220
5 52 39 46 16 19 0 0.00 0.0 0 13.8 24 220 M M 10 33 210
6 39 32 36 6 29 0 0.00 0.0 0 8.8 18 320 M M 8 22 320
7 58 34 46 15 19 0 T 0.0 0 10.4 22 220 M M 10 1 31 210
8 51 28 40 9 25 0 0.06 0.0 0 4.9 16 330 M M 8 18 20 330
9 72 42 57 26 8 0 0.06 0.0 0 18.1 40 210 M M 9 1 49 200
10 43 29 36 5 29 0 T 0.0 0 12.5 29 260 M M 8 40 270
11 41 22 32 0 33 0 0.00 0.0 0 3.5 13 320 M M 3 16 320
12 56 21 39 7 26 0 0.00 0.0 0 4.5 17 360 M M 2 21 20
13 57 25 41 9 24 0 0.00 0.0 0 8.4 26 290 M M 2 32 290
14 57 26 42 10 23 0 0.01 0.0 0 6.8 18 220 M M 6 26 210
15 72 47 60 28 5 0 T 0.0 0 14.8 32 220 M M 7 42 240
16 60 44 52 19 13 0 0.40 0.0 0 7.7 25 270 M M 9 1 33 270
17 56 26 41 8 24 0 0.02 T 0 15.0 29 300 M M 10 1 36 300
18 44 22 33 0 32 0 0.00 0.0 0 9.3 21 210 M M 5 28 210
19 58 36 47 14 18 0 0.00 0.0 0 11.9 28 210 M M 6 35 230
20 57 40 49 15 16 0 0.00 0.0 0 4.9 13 210 M M 8 19 230
21 51 37 44 10 21 0 T 0.0 0 11.5 36 280 M M 7 1 44 270
22 67 36 52 18 13 0 0.34 0.0 0 9.9 20 220 M M 10 1 29 230
23 73 39 56 21 9 0 0.00 0.0 0 15.2 28 240 M M 5 36 230
24 41 29 35 0 30 0 0.00 0.0 0 9.7 28 300 M M 6 33 320
25 50 28 39 4 26 0 0.00 0.0 0 6.4 15 290 M M 6 19 250
26 55 29 42 7 23 0 0.00 0.0 0 6.0 17 270 M M 2 1 22 270
27 60 31 46 10 19 0 0.73 0.0 0 13.0 37 280 M M 9 13 44 270
28 54 37 46 10 19 0 0.00 0.0 0 11.2 30 270 M M 7 39 270
================================================================================
SM 1465 839 661 0 1.62 T 271.4 M 186
================================================================================
AV 52.3 30.0 9.7 FASTST M M 7 MAX(MPH)
MISC ----> 40 210 49 200
================================================================================
NOTES:
# LAST OF SEVERAL OCCURRENCES
COLUMN 17 PEAK WIND IN M.P.H.
PRELIMINARY LOCAL CLIMATOLOGICAL DATA (WS FORM: F-6) , PAGE 2
STATION: COLUMBUS OH
MONTH: FEBRUARY
YEAR: 2023
LATITUDE: 40 0 N
LONGITUDE: 82 53 W
[TEMPERATURE DATA] [PRECIPITATION DATA] SYMBOLS USED IN COLUMN 16
AVERAGE MONTHLY: 41.1 TOTAL FOR MONTH: 1.62 1 = FOG OR MIST
DPTR FM NORMAL: 8.6 DPTR FM NORMAL: -0.79 2 = FOG REDUCING VISIBILITY
HIGHEST: 73 ON 23 GRTST 24HR 0.73 ON 27-27 TO 1/4 MILE OR LESS
LOWEST: 12 ON 4 3 = THUNDER
SNOW, ICE PELLETS, HAIL 4 = ICE PELLETS
TOTAL MONTH: T 5 = HAIL
GRTST 24HR T ON 3, 17 6 = FREEZING RAIN OR DRIZZLE
GRTST DEPTH: T ON 1 7 = DUSTSTORM OR SANDSTORM:
VSBY 1/2 MILE OR LESS
8 = SMOKE OR HAZE
[NO. OF DAYS WITH] [WEATHER - DAYS WITH] 9 = BLOWING SNOW
X = TORNADO
MAX 32 OR BELOW: 2 0.01 INCH OR MORE: 7
MAX 90 OR ABOVE: 0 0.10 INCH OR MORE: 3
MIN 32 OR BELOW: 17 0.50 INCH OR MORE: 1
MIN 0 OR BELOW: 0 1.00 INCH OR MORE: 0
[HDD (BASE 65) ]
TOTAL THIS MO. 661 CLEAR (SCALE 0-3) 4
DPTR FM NORMAL -249 PTCLDY (SCALE 4-7) 15
TOTAL FM JUL 1 3422 CLOUDY (SCALE 8-10) 9
DPTR FM NORMAL -562
[CDD (BASE 65) ]
TOTAL THIS MO. 0
DPTR FM NORMAL 0 [PRESSURE DATA]
TOTAL FM JAN 1 0 HIGHEST SLP 30.61 ON 3
DPTR FM NORMAL 0 LOWEST SLP 29.10 ON 27
[REMARKS]
#FINAL-02-23#