000
CXUS51 KILN 010539
CF6CMH
PRELIMINARY LOCAL CLIMATOLOGICAL DATA (WS FORM: F-6)
STATION: COLUMBUS OH
MONTH: NOVEMBER
YEAR: 2023
LATITUDE: 40 0 N
LONGITUDE: 82 53 W
TEMPERATURE IN F: :PCPN: SNOW: WIND :SUNSHINE: SKY :PK WND
================================================================================
1 2 3 4 5 6A 6B 7 8 9 10 11 12 13 14 15 16 17 18
12Z AVG MX 2MIN
DY MAX MIN AVG DEP HDD CDD WTR SNW DPTH SPD SPD DIR MIN PSBL S-S WX SPD DR
================================================================================
1 45 28 37 -12 28 0 0.00 0.0 0 7.7 18 340 M M 5 23 340
2 52 28 40 -8 25 0 0.00 0.0 0 6.6 18 190 M M 2 25 180
3 61 34 48 0 17 0 0.00 0.0 0 7.2 21 200 M M 5 27 230
4 66 44 55 7 10 0 0.00 0.0 0 5.7 15 220 M M 7 23 220
5 60 37 49 2 16 0 0.00 0.0 0 3.0 12 340 M M 3 18 15 330
6 70 36 53 6 12 0 0.00 0.0 0 7.5 23 220 M M 6 1 27 200
7 67 46 57 10 8 0 0.00 0.0 0 8.7 17 210 M M 7 24 220
8 73 43 58 12 7 0 0.00 0.0 0 9.2 18 210 M M 5 25 170
9 70 45 58 12 7 0 0.11 0.0 0 10.4 23 330 M M 9 1 27 320
10 60 42 51 5 14 0 0.00 0.0 0 6.2 18 340 M M 5 25 330
11 49 32 41 -4 24 0 0.00 0.0 0 7.0 14 350 M M 4 16 350
12 56 32 44 -1 21 0 0.00 0.0 0 4.4 14 80 M M 1 19 100
13 63 30 47 3 18 0 0.00 0.0 0 5.8 23 300 M M 1 28 300
14 59 29 44 0 21 0 0.00 0.0 0 0.6 7 340 M M 2 9 10
15 66 32 49 5 16 0 0.00 0.0 0 4.4 20 250 M M 3 27 230
16 68 32 50 7 15 0 0.00 0.0 0 4.1 14 190 M M 4 17 200
17 60 44 52 9 13 0 0.70 0.0 0 8.9 22 340 M M 10 13 26 340
18 50 32 41 -2 24 0 0.00 0.0 0 5.1 18 350 M M 2 22 360
19 58 31 45 3 20 0 0.00 0.0 0 3.0 10 70 M M 1 14 60
20 52 38 45 3 20 0 T 0.0 0 10.4 18 60 M M 9 26 70
21 51 44 48 6 17 0 0.93 0.0 0 11.3 22 130 M M 10 1 32 120
22 44 39 42 1 23 0 T 0.0 0 8.1 15 270 M M 10 1 19 260
23 50 34 42 1 23 0 0.00 0.0 0 7.1 16 230 M M 3 20 220
24 42 27 35 -6 30 0 0.00 0.0 0 8.3 17 340 M M 6 1 22 10
25 43 25 34 -6 31 0 0.00 0.0 0 4.7 15 100 M M 6 19 90
26 45 32 39 -1 26 0 0.15 0.0 0 8.0 28 290 M M 10 1 33 290
27 36 30 33 -7 32 0 T T 0 14.5 30 280 M M 10 35 290
28 30 19 25 -14 40 0 0.00 0.0 0 12.3 21 270 M M 7 25 290
29 42 17 30 -9 35 0 0.00 0.0 0 8.1 21 220 M M 3 25 210
30 56 28 42 3 23 0 T 0.0 0 8.1 20 210 M M 7 27 190
================================================================================
SM 1644 1010 616 0 1.89 T 216.4 M 163
================================================================================
AV 54.8 33.7 7.2 FASTST M M 5 MAX(MPH)
MISC ----> 30 280 35 290
================================================================================
NOTES:
# LAST OF SEVERAL OCCURRENCES
COLUMN 17 PEAK WIND IN M.P.H.
PRELIMINARY LOCAL CLIMATOLOGICAL DATA (WS FORM: F-6) , PAGE 2
STATION: COLUMBUS OH
MONTH: NOVEMBER
YEAR: 2023
LATITUDE: 40 0 N
LONGITUDE: 82 53 W
[TEMPERATURE DATA] [PRECIPITATION DATA] SYMBOLS USED IN COLUMN 16
AVERAGE MONTHLY: 44.2 TOTAL FOR MONTH: 1.89 1 = FOG OR MIST
DPTR FM NORMAL: 0.6 DPTR FM NORMAL: -0.90 2 = FOG REDUCING VISIBILITY
HIGHEST: 73 ON 8 GRTST 24HR 0.93 ON 21-21 TO 1/4 MILE OR LESS
LOWEST: 17 ON 29 3 = THUNDER
SNOW, ICE PELLETS, HAIL 4 = ICE PELLETS
TOTAL MONTH: T 5 = HAIL
GRTST 24HR T ON 27-27 6 = FREEZING RAIN OR DRIZZLE
GRTST DEPTH: 0 7 = DUSTSTORM OR SANDSTORM:
VSBY 1/2 MILE OR LESS
8 = SMOKE OR HAZE
[NO. OF DAYS WITH] [WEATHER - DAYS WITH] 9 = BLOWING SNOW
X = TORNADO
MAX 32 OR BELOW: 1 0.01 INCH OR MORE: 4
MAX 90 OR ABOVE: 0 0.10 INCH OR MORE: 4
MIN 32 OR BELOW: 17 0.50 INCH OR MORE: 2
MIN 0 OR BELOW: 0 1.00 INCH OR MORE: 0
[HDD (BASE 65) ]
TOTAL THIS MO. 616 CLEAR (SCALE 0-3) 10
DPTR FM NORMAL -25 PTCLDY (SCALE 4-7) 13
TOTAL FM JUL 1 884 CLOUDY (SCALE 8-10) 7
DPTR FM NORMAL -143
[CDD (BASE 65) ]
TOTAL THIS MO. 0
DPTR FM NORMAL 0 [PRESSURE DATA]
TOTAL FM JAN 1 992 HIGHEST SLP M ON M
DPTR FM NORMAL -77 LOWEST SLP 29.70 ON 8
[REMARKS]
#FINAL-11-23#