000
CXUS55 KGJT 010910
CF6CNY
PRELIMINARY LOCAL CLIMATOLOGICAL DATA (WS FORM: F-6)
STATION: CANYONLANDS AIRPORT UT
MONTH: MARCH
YEAR: 2023
LATITUDE: 38 46 N
LONGITUDE: 109 45 W
TEMPERATURE IN F: :PCPN: SNOW: WIND :SUNSHINE: SKY :PK WND
================================================================================
1 2 3 4 5 6A 6B 7 8 9 10 11 12 13 14 15 16 17 18
12Z AVG MX 2MIN
DY MAX MIN AVG DEP HDD CDD WTR SNW DPTH SPD SPD DIR MIN PSBL S-S WX SPD DR
================================================================================
1 45 28 37 -4 28 0 0.12 M M 8.5 24 150 M M 9 12 29 160
2 43 28 36 -5 29 0 0.00 M M 5.4 16 290 M M 4 22 280
3 45 25 35 -7 30 0 0.00 M M 2.6 12 270 M M 4 15 220
4 41 23 32 -10 33 0 0.00 M M 4.7 12 100 M M 1 15 140
5 55 30 43 1 22 0 0.00 M M 13.1 31 220 M M 1 41 200
6 56 29 43 0 22 0 0.00 M M 8.9 23 220 M M 1 34 200
7 52 25 39 -4 26 0 0.00 M M 4.9 18 330 M M 0 26 320
8 53 24 39 -5 26 0 0.00 M M 7.5 30 260 M M 0 40 260
9 55 21 38 -6 27 0 0.00 M M 3.3 12 270 M M 0 20 280
10 49 40 45 1 20 0 0.15 M M 9.5 25 180 M M 9 1 34 180
11 51 36 44 -1 21 0 0.05 M M 5.0 20 260 M M 6 24 260
12 55 31 43 -2 22 0 0.02 M M 5.3 23 210 M M 5 27 210
13 55 28 42 -3 23 0 0.00 M M 3.0 12 300 M M 0 1 16 290
14 59 30 45 -1 20 0 0.00 M M 9.0 22 180 M M 4 32 190
15 54 40 47 1 18 0 0.20 M M 10.2 24 260 M M 10 1 30 260
16 46 28 37 -9 28 0 0.00 M M 17.3 37 50 M M 3 45 50
17 45 19 32 -14 33 0 0.00 M M 6.8 18 50 M M 0 26 50
18 49 19 34 -13 31 0 0.00 M M 4.1 21 50 M M 0 25 50
19 53 23 38 -9 27 0 T M M 7.5 22 190 M M 3 29 190
20 50 33 42 -5 23 0 0.07 M M 7.8 30 310 M M 9 1 40 300
21 44 32 38 -10 27 0 0.20 M M 7.7 17 110 M M 7 1 22 110
22 50 35 43 -5 22 0 0.28 M M 14.9 40 220 M M 5 1 50 210
23 51 32 42 -6 23 0 0.00 M M 4.5 29 320 M M 6 37 310
24 44 27 36 -12 29 0 0.03 M M 9.8 35 300 M M 5 13 42 320
25 40 23 32 -17 33 0 0.00 M M 7.9 20 250 M M 2 31 270
26 41 22 32 -17 33 0 T M M 7.3 23 310 M M 6 1 29 320
27 42 22 32 -17 33 0 0.00 M M 4.7 13 250 M M 0 18 300
28 52 23 38 -11 27 0 0.00 M M 5.2 17 80 M M 0 21 80
29 64 33 49 -1 16 0 0.00 M M 8.3 29 200 M M 0 41 210
30 54 32 43 -7 22 0 0.11 M M 14.1 33 220 M M 5 1 48 270
31 54 31 43 -7 22 0 0.00 M M 11.1 23 220 M M 3 31 220
================================================================================
SM 1547 872 796 0 1.23 M 239.9 M 108
================================================================================
AV 49.9 28.1 7.7 FASTST M M 3 MAX(MPH)
MISC ----> 40 220 50 210
================================================================================
NOTES:
# LAST OF SEVERAL OCCURRENCES
COLUMN 17 PEAK WIND IN M.P.H.
PRELIMINARY LOCAL CLIMATOLOGICAL DATA (WS FORM: F-6) , PAGE 2
STATION: CANYONLANDS AIRPORT UT
MONTH: MARCH
YEAR: 2023
LATITUDE: 38 46 N
LONGITUDE: 109 45 W
[TEMPERATURE DATA] [PRECIPITATION DATA] SYMBOLS USED IN COLUMN 16
AVERAGE MONTHLY: 39.0 TOTAL FOR MONTH: 1.23 1 = FOG OR MIST
DPTR FM NORMAL: -6.9 DPTR FM NORMAL: 0.69 2 = FOG REDUCING VISIBILITY
HIGHEST: 64 ON 29 GRTST 24HR 0.48 ON 21-22 TO 1/4 MILE OR LESS
LOWEST: 19 ON 18,17 3 = THUNDER
SNOW, ICE PELLETS, HAIL 4 = ICE PELLETS
TOTAL MONTH: M 5 = HAIL
GRTST 24HR M ON M 6 = FREEZING RAIN OR DRIZZLE
GRTST DEPTH: M ON M 7 = DUSTSTORM OR SANDSTORM:
VSBY 1/2 MILE OR LESS
8 = SMOKE OR HAZE
[NO. OF DAYS WITH] [WEATHER - DAYS WITH] 9 = BLOWING SNOW
X = TORNADO
MAX 32 OR BELOW: 0 0.01 INCH OR MORE: 10
MAX 90 OR ABOVE: 0 0.10 INCH OR MORE: 6
MIN 32 OR BELOW: 25 0.50 INCH OR MORE: 0
MIN 0 OR BELOW: 0 1.00 INCH OR MORE: 0
[HDD (BASE 65) ]
TOTAL THIS MO. 796 CLEAR (SCALE 0-3) 14
DPTR FM NORMAL 204 PTCLDY (SCALE 4-7) 13
TOTAL FM JUL 1 5071 CLOUDY (SCALE 8-10) 4
DPTR FM NORMAL 206
[CDD (BASE 65) ]
TOTAL THIS MO. 0
DPTR FM NORMAL 0 [PRESSURE DATA]
TOTAL FM JAN 1 0 HIGHEST SLP M ON M
DPTR FM NORMAL 0 LOWEST SLP 29.44 ON 30
[REMARKS]
#FINAL-03-23#