030
CXUS55 KPUB 011908 CCA
CF6COS
PRELIMINARY LOCAL CLIMATOLOGICAL DATA (WS FORM: F-6)
STATION: COLORADO SPRINGS CO
MONTH: MARCH
YEAR: 2021
LATITUDE: 38 49 N
LONGITUDE: 104 43 W
TEMPERATURE IN F: :PCPN: SNOW: WIND :SUNSHINE: SKY :PK WND
================================================================================
1 2 3 4 5 6A 6B 7 8 9 10 11 12 13 14 15 16 17 18
12Z AVG MX 2MIN
DY MAX MIN AVG DEP HDD CDD WTR SNW DPTH SPD SPD DIR MIN PSBL S-S WX SPD DR
================================================================================
1 45 18 32 -3 33 0 0.00 0.0 0 8.4 20 180 M M 0 29 160
2 63 19 41 5 24 0 0.00 0.0 0 7.9 16 30 M M 0 19 20
3 60 29 45 9 20 0 0.00 0.0 0 7.5 17 160 M M 1 28 130
4 46 28 37 1 28 0 0.28 1.5 0 13.5 30 340 M M 7 12 43 350
5 55 32 44 8 21 0 T T T 10.4 22 320 M M 2 33 320
6 62 27 45 8 20 0 0.00 0.0 0 9.5 26 160 M M 4 37 150
7 65 40 53 16 12 0 0.00 0.0 0 9.8 22 160 M M 5 29 160
8 68 35 52 15 13 0 0.00 0.0 0 9.4 29 240 M M 5 37 210
9 68 38 53 16 12 0 0.00 0.0 0 9.1 26 340 M M 5 37 340
10 52 29 41 3 24 0 0.00 0.0 0 14.7 39 260 M M 3 53 260
11 45 26 36 -2 29 0 0.00 0.0 0 11.0 21 150 M M 7 28 170
12 37 30 34 -4 31 0 0.01 0.0 0 5.8 14 130 M M 10 128 17 130
13 36 29 33 -5 32 0 0.47 4.3 0 8.5 21 360 M M 10 1246 28 350
14 33 26 30 -9 35 0 0.11 2.1 5 26.5 40 340 M M 9 129 55 340
15 40 20 30 -9 35 0 T T 5 8.1 29 330 M M 5 42 320
16 44 29 37 -2 28 0 T T 1 11.1 22 20 M M 7 29 330
17 44 27 36 -3 29 0 T T T 17.3 32 10 M M 5 8 44 350
18 52 21 37 -3 28 0 0.00 0.0 0 7.2 18 150 M M 2 25 140
19 60 25 43 3 22 0 0.00 0.0 0 6.8 18 160 M M 2 23 160
20 73 34 54 14 11 0 0.00 0.0 0 13.4 32 210 M M 5 44 230
21 53 30 42 2 23 0 0.35 4.1 0 13.4 26 320 M M 6 18 36 330
22 41 30 36 -4 29 0 0.15 2.2 6 10.3 17 30 M M 10 16 24 340
23 44 30 37 -4 28 0 T T 1 16.2 26 360 M M 6 33 20
24 40 28 34 -7 31 0 0.03 0.4 T 11.7 20 160 M M 9 1 24 160
25 51 21 36 -5 29 0 0.00 0.0 0 6.5 18 220 M M 6 25 150
26 50 32 41 0 24 0 T 0.0 0 6.6 22 330 M M 7 28 330
27 53 27 40 -2 25 0 0.00 0.0 0 8.8 26 20 M M 2 39 350
28 69 24 47 5 18 0 0.00 0.0 0 5.7 15 30 M M 3 24 260
29 74 30 52 10 13 0 0.00 0.0 0 17.9 41 260 M M 2 57 260
30 36 25 31 -11 34 0 T T 0 9.8 24 350 M M 8 32 360
31 52 20 36 -6 29 0 0.00 0.0 0 6.3 17 170 M M 0 24 170
================================================================================
SM 1611 859 770 0 1.40 14.6 329.1 M 153
================================================================================
AV 52.0 27.7 10.6 FASTST M M 5 MAX(MPH)
MISC ----> 41 260 57 260
================================================================================
NOTES:
COLUMN 17 PEAK WIND IN M.P.H.
PRELIMINARY LOCAL CLIMATOLOGICAL DATA (WS FORM: F-6) , PAGE 2
STATION: COLORADO SPRINGS CO
MONTH: MARCH
YEAR: 2021
LATITUDE: 38 49 N
LONGITUDE: 104 43 W
[TEMPERATURE DATA] [PRECIPITATION DATA] SYMBOLS USED IN COLUMN 16
AVERAGE MONTHLY: 39.8 TOTAL FOR MONTH: 1.40 1 = FOG OR MIST
DPTR FM NORMAL: 0.7 DPTR FM NORMAL: 0.40 2 = FOG REDUCING VISIBILITY
HIGHEST: 74 ON 29 GRTST 24HR 0.56 ON 13-14 TO 1/4 MILE OR LESS
LOWEST: 18 ON 1 3 = THUNDER
SNOW, ICE PELLETS, HAIL 4 = ICE PELLETS
TOTAL MONTH: 14.6 INCHES 5 = HAIL
GRTST 24HR 6.3 ON 21-22 6 = FREEZING RAIN OR DRIZZLE
GRTST DEPTH: 6 ON 22 7 = DUSTSTORM OR SANDSTORM:
VSBY 1/2 MILE OR LESS
8 = SMOKE OR HAZE
[NO. OF DAYS WITH] [WEATHER - DAYS WITH] 9 = BLOWING SNOW
X = TORNADO
MAX 32 OR BELOW: 0 0.01 INCH OR MORE: 7
MAX 90 OR ABOVE: 0 0.10 INCH OR MORE: 5
MIN 32 OR BELOW: 27 0.50 INCH OR MORE: 0
MIN 0 OR BELOW: 0 1.00 INCH OR MORE: 0
[HDD (BASE 65) ]
TOTAL THIS MO. 770 CLEAR (SCALE 0-3) 11
DPTR FM NORMAL -35 PTCLDY (SCALE 4-7) 14
TOTAL FM JUL 1 5075 CLOUDY (SCALE 8-10) 6
DPTR FM NORMAL -294
[CDD (BASE 65) ]
TOTAL THIS MO. 0
DPTR FM NORMAL 0 [PRESSURE DATA]
TOTAL FM JAN 1 0 HIGHEST SLP 30.49 ON 31
DPTR FM NORMAL 0 LOWEST SLP 29.40 ON 29
[REMARKS]
#FINAL-03-21#