000
CXUS55 KPUB 011510
CF6COS
PRELIMINARY LOCAL CLIMATOLOGICAL DATA (WS FORM: F-6)
STATION: COLORADO SPRINGS CO
MONTH: AUGUST
YEAR: 2023
LATITUDE: 38 49 N
LONGITUDE: 104 43 W
TEMPERATURE IN F: :PCPN: SNOW: WIND :SUNSHINE: SKY :PK WND
================================================================================
1 2 3 4 5 6A 6B 7 8 9 10 11 12 13 14 15 16 17 18
12Z AVG MX 2MIN
DY MAX MIN AVG DEP HDD CDD WTR SNW DPTH SPD SPD DIR MIN PSBL S-S WX SPD DR
================================================================================
1 85 60 73 1 0 8 T 0.0 0 7.8 22 200 M M 7 3 27 200
2 88 60 74 2 0 9 0.07 0.0 0 7.8 49 230 M M 6 3 66 230
3 86 58 72 0 0 7 1.08 0.0 0 8.4 24 340 M M 5 3 32 360
4 89 59 74 2 0 9 0.01 0.0 0 6.9 22 110 M M 5 3 29 120
5 79 61 70 -2 0 5 0.18 0.0 0 8.4 33 40 M M 5 135X 45 40
6 71 57 64 -8 1 0 T 0.0 0 7.0 22 350 M M 8 3 27 340
7 79 54 67 -4 0 2 T 0.0 0 6.9 16 20 M M 4 3 20 160
8 89 58 74 3 0 9 0.11 T 0 7.6 28 350 M M 7 135 36 350
9 80 56 68 -3 0 3 0.00 0.0 0 7.0 21 340 M M 3 29 340
10 87 59 73 2 0 8 T 0.0 0 5.8 18 320 M M 6 23 320
11 86 59 73 2 0 8 T 0.0 0 9.7 32 340 M M 6 39 350
12 80 59 70 -1 0 5 0.13 0.0 0 5.5 17 170 M M 7 3 22 110
13 75 56 66 -5 0 1 0.13 0.0 0 10.9 32 360 M M 5 3 45 340
14 75 57 66 -4 0 1 0.00 0.0 0 7.3 16 180 M M 6 22 180
15 88 53 71 1 0 6 0.00 0.0 0 5.7 18 100 M M 1 25 110
16 93 58 76 6 0 11 T 0.0 0 9.5 37 350 M M 4 3 46 10
17 87 64 76 6 0 11 0.00 0.0 0 9.7 25 170 M M 3 32 180
18 97 58 78 8 0 13 T 0.0 0 7.7 23 360 M M 5 31 360
19 96 61 79 9 0 14 0.00 0.0 0 10.7 22 140 M M 3 36 160
20 93 61 77 7 0 12 0.00 0.0 0 12.9 28 170 M M 2 37 130
21 93 55 74 4 0 9 T 0.0 0 11.6 25 150 M M 2 35 150
22 93 58 76 7 0 11 0.00 0.0 0 12.7 26 150 M M 4 37 170
23 91 59 75 6 0 10 0.00 0.0 0 6.6 23 150 M M 6 28 150
24 93 62 78 9 0 13 0.00 0.0 0 9.4 24 330 M M 4 35 330
25 76 57 67 -2 0 2 0.16 0.0 0 16.0 28 10 M M 7 13 36 320
26 74 57 66 -3 0 1 T 0.0 0 6.6 15 160 M M 8 22 150
27 82 54 68 0 0 3 0.21 0.0 0 7.3 28 40 M M 5 13 37 320
28 80 56 68 0 0 3 0.26 0.0 0 9.4 38 340 M M 7 13 53 340
29 79 52 66 -2 0 1 0.00 0.0 0 5.6 14 170 M M 2 18 180
30 87 54 71 3 0 6 0.00 0.0 0 7.5 16 110 M M 1 23 140
31 93 57 75 7 0 10 0.00 0.0 0 7.1 17 190 M M 2 27 200
================================================================================
SM 2644 1789 1 211 2.34 T 263.0 M 146
================================================================================
AV 85.3 57.7 8.5 FASTST M M 5 MAX(MPH)
MISC ----> 49 230 66 230
================================================================================
NOTES:
08/05 COLUMN 7; ASOS PRECIP ACCUM BRIEFLY FAILED DURING THUNDERSTORM. RESTORED
0.01 INCHES USING 12HR2 DATA FROM ASOS.
COLUMN 17 PEAK WIND IN M.P.H.
PRELIMINARY LOCAL CLIMATOLOGICAL DATA (WS FORM: F-6) , PAGE 2
STATION: COLORADO SPRINGS CO
MONTH: AUGUST
YEAR: 2023
LATITUDE: 38 49 N
LONGITUDE: 104 43 W
[TEMPERATURE DATA] [PRECIPITATION DATA] SYMBOLS USED IN COLUMN 16
AVERAGE MONTHLY: 71.5 TOTAL FOR MONTH: 2.34 1 = FOG OR MIST
DPTR FM NORMAL: 1.4 DPTR FM NORMAL: -0.62 2 = FOG REDUCING VISIBILITY
HIGHEST: 97 ON 18 GRTST 24HR 1.15 ON 2-3 TO 1/4 MILE OR LESS
LOWEST: 52 ON 29 3 = THUNDER
SNOW, ICE PELLETS, HAIL 4 = ICE PELLETS
TOTAL MONTH: T 5 = HAIL
GRTST 24HR T ON 8 6 = FREEZING RAIN OR DRIZZLE
GRTST DEPTH: 0 7 = DUSTSTORM OR SANDSTORM:
VSBY 1/2 MILE OR LESS
8 = SMOKE OR HAZE
[NO. OF DAYS WITH] [WEATHER - DAYS WITH] 9 = BLOWING SNOW
X = TORNADO
MAX 32 OR BELOW: 0 0.01 INCH OR MORE: 10
MAX 90 OR ABOVE: 9 0.10 INCH OR MORE: 8
MIN 32 OR BELOW: 0 0.50 INCH OR MORE: 1
MIN 0 OR BELOW: 0 1.00 INCH OR MORE: 1
[HDD (BASE 65) ]
TOTAL THIS MO. 1 CLEAR (SCALE 0-3) 9
DPTR FM NORMAL -13 PTCLDY (SCALE 4-7) 20
TOTAL FM JUL 1 5 CLOUDY (SCALE 8-10) 2
DPTR FM NORMAL -11
[CDD (BASE 65) ]
TOTAL THIS MO. 211
DPTR FM NORMAL 39 [PRESSURE DATA]
TOTAL FM JAN 1 520 HIGHEST SLP 30.33 ON 14
DPTR FM NORMAL -23 LOWEST SLP 29.72 ON 8
[REMARKS]
#FINAL-08-23#