000
CXUS55 KPUB 020132
CLMCOS
CLIMATE REPORT
NATIONAL WEATHER SERVICE
632 PM MST FRI DEC 01 2023
...................................
...THE COLORADO SPRINGS CO CLIMATE SUMMARY FOR THE MONTH OF NOVEMBER 2023...
CLIMATE NORMAL PERIOD 1991 TO 2020
CLIMATE RECORD PERIOD 1872 TO 2023
WEATHER OBSERVED NORMAL DEPART LAST YEAR`S
VALUE DATE(S) VALUE FROM VALUE DATE(S)
NORMAL
................................................................
TEMPERATURE (F)
RECORD
HIGH 78 11/16/2016
11/08/2006
11/17/1981
LOW -12 11/14/1916
11/13/1916
HIGHEST 76 11/05 56 20 74 11/09
LOWEST 12 11/27 18 -6 7 11/18
11/29
AVG. MAXIMUM 56.8 52.9 3.9 50.3
AVG. MINIMUM 28.7 26.0 2.7 22.9
MEAN 42.8 39.5 3.3 36.6
DAYS MAX >= 90 0 0.0 0.0
DAYS MAX <= 32 2 2.5 -0.5
DAYS MIN <= 32 18 24.0 -6.0
DAYS MIN <= 0 0 0.3 -0.3
PRECIPITATION (INCHES)
RECORD
MAXIMUM 2.30 1991
MINIMUM 0.00 1924
TOTALS 0.09 0.37 -0.28 0.24
DAILY AVG. 0.00 0.01 -0.01
DAYS >= .01 2 4.5 -2.5
DAYS >= .10 0 1.0 -1.0
DAYS >= .50 0 0.1 -0.1
DAYS >= 1.00 0 0.0 0.0
GREATEST
24 HR. TOTAL 0.07 11/08 TO 11/08 0.12
SNOWFALL (INCHES)
RECORDS
TOTAL 26.3 1991
TOTALS 1.1 4.4 -3.3 7.4
SINCE 7/1 9.4 7.1 2.3 MM
SNOWDEPTH AVG. 0
DAYS >= 1.0 0 1.3 -1.3
GREATEST
SNOW DEPTH 1 11/25 3
24 HR TOTAL 0.6 11/24 TO 11/25 5.1
DEGREE DAYS
HEATING TOTAL 659 767 -108 847
SINCE 7/1 1114 1356 -242 MM
COOLING TOTAL 0 0 0 0
SINCE 1/1 612 608 4 MM
................................................................
WIND (MPH)
AVERAGE WIND SPEED 8.2
HIGHEST WIND SPEED/DIRECTION 35/340 DATE 11/20
HIGHEST GUST SPEED/DIRECTION 45/350 DATE 11/20
SKY COVER
POSSIBLE SUNSHINE (PERCENT) MM
AVERAGE SKY COVER 0.41
NUMBER OF DAYS FAIR 14
NUMBER OF DAYS PC 13
NUMBER OF DAYS CLOUDY 3
AVERAGE RH (PERCENT) 47
WEATHER CONDITIONS. NUMBER OF DAYS WITH
THUNDERSTORM 0 MIXED PRECIP 1
HEAVY RAIN 0 RAIN 0
LIGHT RAIN 2 FREEZING RAIN 0
LT FREEZING RAIN 0 HAIL 0
HEAVY SNOW 0 SNOW 0
LIGHT SNOW 6 SLEET 0
FOG 4 FOG W/VIS <= 1/4 MILE 2
HAZE 1
- INDICATES NEGATIVE NUMBERS.
R INDICATES RECORD WAS SET OR TIED.
MM INDICATES DATA IS MISSING.
T INDICATES TRACE AMOUNT.
$$