000
CXUS54 KCRP 011210
CF6COT
PRELIMINARY LOCAL CLIMATOLOGICAL DATA (WS FORM: F-6)
STATION: COTULLA
MONTH: JUNE
YEAR: 2023
LATITUDE: 28 27 N
LONGITUDE: 99 13 W
TEMPERATURE IN F: :PCPN: SNOW: WIND :SUNSHINE: SKY :PK WND
================================================================================
1 2 3 4 5 6A 6B 7 8 9 10 11 12 13 14 15 16 17 18
12Z AVG MX 2MIN
DY MAX MIN AVG DEP HDD CDD WTR SNW DPTH SPD SPD DIR MIN PSBL S-S WX SPD DR
================================================================================
1 95 72 84 0 0 19 0.00 0.0 0 11.3 21 130 M M 3 28 120
2 95 73 84 -1 0 19 0.00 0.0 0 11.3 24 120 M M 4 31 130
3 95 72 84 -1 0 19 0.08 0.0 0 7.1 18 230 M M 4 3 37 230
4 95 70 83 -2 0 18 0.00 0.0 0 5.0 23 60 M M 2 138 34 50
5 94 70 82 -3 0 17 0.00 0.0 0 6.8 17 110 M M 2 18 26 110
6 92 70 81 -4 0 16 T 0.0 0 5.1 15 350 M M 2 3 20 350
7 97 73 85 0 0 20 0.00 0.0 0 6.3 12 50 M M 2 16 110
8 98 70 84 -2 0 19 T 0.0 0 6.5 20 260 M M 1 38 270
9 107 73 90 4 0 25 0.00 0.0 0 7.0 20 130 M M 0 28 130
10 104 77 91 5 0 26 0.01 0.0 0 6.5 15 130 M M 0 3 20 150
11 105 80 93 7 0 28 0.00 0.0 0 10.2 23 130 M M 1 33 130
12 107 81 94 8 0 29 0.00 0.0 0 10.7 20 130 M M 4 8 26 130
13 109 79 94 8 0 29 0.00 0.0 0 11.7 22 110 M M 3 8 30 120
14 105 81 93 7 0 28 0.00 0.0 0 8.4 18 140 M M 4 8 25 130
15 110 80 95 9 0 30 T 0.0 0 8.1 24 140 M M 0 8 31 140
16 112 82 97 11 0 32 M 0.0 0 9.7 18 130 M M 0 8 27 120
17 108 83 96 10 0 31 0.00 0.0 0 8.9 20 130 M M 3 8 25 130
18 111 82 97 11 0 32 0.00 0.0 0 8.2 17 110 M M 0 8 25 110
19 116 81 99 13 0 34 T 0.0 0 9.5 18 130 M M 0 8 26 120
20 115 79 97 11 0 32 0.00 0.0 0 6.7 13 130 M M 0 8 18 130
21 116 80 98 12 0 33 T 0.0 0 8.6 28 110 M M 0 8 41 120
22 107 85 96 10 0 31 0.00 0.0 0 11.5 28 130 M M 0 36 140
23 111 79 95 9 0 30 0.00 0.0 0 11.5 28 140 M M 1 18 35 140
24 109 81 95 9 0 30 0.00 0.0 0 10.8 23 140 M M 1 31 130
25 111 79 95 9 0 30 0.00 0.0 0 9.3 23 140 M M 0 31 140
26 112 79 96 10 0 31 0.00 0.0 0 8.7 21 140 M M 0 29 140
27 113 79 96 10 0 31 0.00 0.0 0 10.1 23 140 M M 0 30 140
28 108 77 93 7 0 28 0.00 0.0 0 12.0 24 130 M M 0 35 110
29 105 76 91 5 0 26 0.00 0.0 0 12.6 26 130 M M 1 36 130
30 106 82 94 8 0 29 0.00 0.0 0 14.9 25 130 M M 3 33 130
================================================================================
SM 3168 2325 0 802 0.09 0.0 275.0 M 41
================================================================================
AV105.6 77.5 9.2 FASTST M M 1 MAX(MPH)
MISC ----> # 28 110 41 120
================================================================================
NOTES:
# LAST OF SEVERAL OCCURRENCES
COLUMN 17 PEAK WIND IN M.P.H.
PRELIMINARY LOCAL CLIMATOLOGICAL DATA (WS FORM: F-6) , PAGE 2
STATION: COTULLA
MONTH: JUNE
YEAR: 2023
LATITUDE: 28 27 N
LONGITUDE: 99 13 W
[TEMPERATURE DATA] [PRECIPITATION DATA] SYMBOLS USED IN COLUMN 16
AVERAGE MONTHLY: 91.6 TOTAL FOR MONTH: 0.09 1 = FOG OR MIST
DPTR FM NORMAL: 5.9 DPTR FM NORMAL: -2.11 2 = FOG REDUCING VISIBILITY
HIGHEST: 116 ON 21,19 GRTST 24HR 0.08 ON 3- 3 TO 1/4 MILE OR LESS
LOWEST: 70 ON 8, 6 3 = THUNDER
SNOW, ICE PELLETS, HAIL 4 = ICE PELLETS
TOTAL MONTH: 0.0 INCH 5 = HAIL
GRTST 24HR 0.0 6 = FREEZING RAIN OR DRIZZLE
GRTST DEPTH: 0 7 = DUSTSTORM OR SANDSTORM:
VSBY 1/2 MILE OR LESS
8 = SMOKE OR HAZE
[NO. OF DAYS WITH] [WEATHER - DAYS WITH] 9 = BLOWING SNOW
X = TORNADO
MAX 32 OR BELOW: 0 0.01 INCH OR MORE: 2
MAX 90 OR ABOVE: 30 0.10 INCH OR MORE: 0
MIN 32 OR BELOW: 0 0.50 INCH OR MORE: 0
MIN 0 OR BELOW: 0 1.00 INCH OR MORE: 0
[HDD (BASE 65) ]
TOTAL THIS MO. 0 CLEAR (SCALE 0-3) 25
DPTR FM NORMAL 0 PTCLDY (SCALE 4-7) 5
TOTAL FM JUL 1 764 CLOUDY (SCALE 8-10) 0
DPTR FM NORMAL -238
[CDD (BASE 65) ]
TOTAL THIS MO. 802
DPTR FM NORMAL 180 [PRESSURE DATA]
TOTAL FM JAN 1 2166 HIGHEST SLP 29.94 ON 30
DPTR FM NORMAL 560 LOWEST SLP 29.18 ON 21
[REMARKS]
#FINAL-06-23#