000
CXUS54 KCRP 012043
CF6COT
PRELIMINARY LOCAL CLIMATOLOGICAL DATA (WS FORM: F-6)
STATION: COTULLA
MONTH: MAY
YEAR: 2021
LATITUDE: 28 27 N
LONGITUDE: 99 13 W
TEMPERATURE IN F: :PCPN: SNOW: WIND :SUNSHINE: SKY :PK WND
================================================================================
1 2 3 4 5 6A 6B 7 8 9 10 11 12 13 14 15 16 17 18
12Z AVG MX 2MIN
DY MAX MIN AVG DEP HDD CDD WTR SNW DPTH SPD SPD DIR MIN PSBL S-S WX SPD DR
================================================================================
1 84 67 76 -1 0 11 1.12 0.0 0 8.4 23 340 M M 6 13 30 330
2 102 63 83 6 0 18 0.00 0.0 0 6.5 15 140 M M 0 21 140
3 108 72 90 13 0 25 0.00 0.0 0 7.7 18 130 M M 0 18 23 80
4 93 73 83 5 0 18 0.02 0.0 0 10.9 24 20 M M 5 18 31 20
5 90 64 77 -1 0 12 0.00 0.0 0 7.8 15 50 M M 0 20 20
6 93 63 78 0 0 13 0.00 0.0 0 7.8 16 50 M M 0 20 80
7 95 62 79 1 0 14 0.00 0.0 0 10.4 25 130 M M 0 32 130
8 99 70 85 6 0 20 T 0.0 0 14.0 25 140 M M 3 33 160
9 103 76 90 11 0 25 T 0.0 0 8.4 25 140 M M 1 31 140
10 100 73 87 8 0 22 0.27 0.0 0 13.2 23 70 M M 5 13 29 60
11 96 68 82 3 0 17 1.06 0.0 0 10.8 26 160 M M 5 13 36 150
12 79 67 73 -7 0 8 0.00 0.0 0 10.0 20 40 M M 8 26 30
13 84 65 75 -5 0 10 0.00 0.0 0 8.2 17 70 M M 5 28 60
14 90 65 78 -2 0 13 0.00 0.0 0 10.4 25 140 M M 4 31 140
15 83 72 78 -2 0 13 0.17 0.0 0 13.1 26 110 M M 8 13 36 110
16 91 70 81 0 0 16 0.04 0.0 0 11.0 22 100 M M 6 29 100
17 98 66 82 1 0 17 1.00 0.0 0 15.0 39 130 M M 6 13 49 110
18 89 69 79 -2 0 14 0.02 0.0 0 10.8 36 100 M M 4 3 49 110
19 80 65 73 -9 0 8 0.10 0.0 0 10.0 41 120 M M 4 3 57 120
20 90 62 76 -6 0 11 0.00 0.0 0 7.0 15 140 M M 0 1 20 120
21 91 70 81 -1 0 16 T 0.0 0 8.5 16 120 M M 5 1 21 120
22 93 73 83 1 0 18 T 0.0 0 7.5 24 120 M M 6 30 120
23 93 74 84 1 0 19 0.00 0.0 0 8.9 18 90 M M 4 25 80
24 94 74 84 1 0 19 0.00 0.0 0 12.1 25 130 M M 4 3 31 140
25 95 76 86 3 0 21 0.00 0.0 0 11.6 22 130 M M 6 28 130
26 96 77 87 4 0 22 0.00 0.0 0 11.9 25 130 M M 6 31 130
27 98 76 87 3 0 22 0.00 0.0 0 12.4 23 130 M M 3 31 130
28 97 77 87 3 0 22 0.00 0.0 0 14.0 24 120 M M 6 32 130
29 88 67 78 -6 0 13 0.48 0.0 0 8.4 30 10 M M 3 13 37 360
30 92 75 84 0 0 19 0.00 0.0 0 11.6 25 140 M M 5 30 140
31 90 75 83 -1 0 18 T 0.0 0 13.3 23 140 M M 8 3 28 140
================================================================================
SM 2874 2166 0 514 4.28 0.0 321.6 M 126
================================================================================
AV 92.7 69.9 10.4 FASTST M M 4 MAX(MPH)
MISC ----> 41 120 57 120
================================================================================
NOTES:
# LAST OF SEVERAL OCCURRENCES
COLUMN 17 PEAK WIND IN M.P.H.
PRELIMINARY LOCAL CLIMATOLOGICAL DATA (WS FORM: F-6) , PAGE 2
STATION: COTULLA
MONTH: MAY
YEAR: 2021
LATITUDE: 28 27 N
LONGITUDE: 99 13 W
[TEMPERATURE DATA] [PRECIPITATION DATA] SYMBOLS USED IN COLUMN 16
AVERAGE MONTHLY: 81.3 TOTAL FOR MONTH: 4.28 1 = FOG OR MIST
DPTR FM NORMAL: 0.6 DPTR FM NORMAL: 1.27 2 = FOG REDUCING VISIBILITY
HIGHEST: 108 ON 3 GRTST 24HR 1.63 ON 30- 1 TO 1/4 MILE OR LESS
LOWEST: 62 ON 20, 7 3 = THUNDER
SNOW, ICE PELLETS, HAIL 4 = ICE PELLETS
TOTAL MONTH: 0.0 INCH 5 = HAIL
GRTST 24HR 0.0 6 = FREEZING RAIN OR DRIZZLE
GRTST DEPTH: 0 7 = DUSTSTORM OR SANDSTORM:
VSBY 1/2 MILE OR LESS
8 = SMOKE OR HAZE
[NO. OF DAYS WITH] [WEATHER - DAYS WITH] 9 = BLOWING SNOW
X = TORNADO
MAX 32 OR BELOW: 0 0.01 INCH OR MORE: 10
MAX 90 OR ABOVE: 24 0.10 INCH OR MORE: 7
MIN 32 OR BELOW: 0 0.50 INCH OR MORE: 3
MIN 0 OR BELOW: 0 1.00 INCH OR MORE: 3
[HDD (BASE 65) ]
TOTAL THIS MO. 0 CLEAR (SCALE 0-3) 10
DPTR FM NORMAL -1 PTCLDY (SCALE 4-7) 20
TOTAL FM JUL 1 843 CLOUDY (SCALE 8-10) 1
DPTR FM NORMAL -158
[CDD (BASE 65) ]
TOTAL THIS MO. 514
DPTR FM NORMAL 27 [PRESSURE DATA]
TOTAL FM JAN 1 1172 HIGHEST SLP 30.27 ON 13
DPTR FM NORMAL 188 LOWEST SLP 29.41 ON 3
[REMARKS]
#FINAL-05-21#