000
CXUS54 KCRP 171210
CF6COT
PRELIMINARY LOCAL CLIMATOLOGICAL DATA (WS FORM: F-6)
STATION: COTULLA
MONTH: APRIL
YEAR: 2024
LATITUDE: 28 27 N
LONGITUDE: 99 13 W
TEMPERATURE IN F: :PCPN: SNOW: WIND :SUNSHINE: SKY :PK WND
================================================================================
1 2 3 4 5 6A 6B 7 8 9 10 11 12 13 14 15 16 17 18
12Z AVG MX 2MIN
DY MAX MIN AVG DEP HDD CDD WTR SNW DPTH SPD SPD DIR MIN PSBL S-S WX SPD DR
================================================================================
1 101 71 86 16 0 21 T 0.0 0 10.7 25 10 M M 4 138 37 20
2 87 59 73 2 0 8 T 0.0 0 11.8 26 340 M M 2 3 36 320
3 85 48 67 -4 0 2 0.00 0.0 0 5.8 15 360 M M 0 21 320
4 92 51 72 1 0 7 0.00 0.0 0 5.1 12 160 M M 0 19 190
5 92 55 74 3 0 9 0.00 0.0 0 11.9 25 140 M M 0 34 130
6 88 67 78 7 0 13 T 0.0 0 10.4 17 100 M M 4 24 150
7 86 70 78 6 0 13 0.00 0.0 0 8.8 21 360 M M 5 28 30
8 87 70 79 7 0 14 T 0.0 0 9.0 21 130 M M 7 18 27 140
9 99 66 83 11 0 18 1.37 0.0 0 6.9 31 320 M M 5 138 53 10
10 85 61 73 1 0 8 T 0.0 0 16.7 32 320 M M 1 43 310
11 88 53 71 -1 0 6 0.00 0.0 0 5.7 12 140 M M 0 17 310
12 89 56 73 0 0 8 0.00 0.0 0 11.5 23 130 M M 0 33 130
13 90 62 76 3 0 11 0.00 0.0 0 13.0 24 130 M M 0 32 170
14 95 66 81 8 0 16 0.00 0.0 0 10.5 23 130 M M 0 29 130
15 94 72 83 10 0 18 T 0.0 0 12.4 23 110 M M 4 35 110
16 84 74 79 6 0 14 T 0.0 0 7.0 17 150 M M 8 18 23 140
================================================================================
SM 1442 1001 0 186 1.37 0.0 157.2 M 40
================================================================================
AV 90.1 62.6 9.8 FASTST M M 3 MAX(MPH)
MISC ----> 32 320 53 10
================================================================================
NOTES:
# LAST OF SEVERAL OCCURRENCES
COLUMN 17 PEAK WIND IN M.P.H.
PRELIMINARY LOCAL CLIMATOLOGICAL DATA (WS FORM: F-6) , PAGE 2
STATION: COTULLA
MONTH: APRIL
YEAR: 2024
LATITUDE: 28 27 N
LONGITUDE: 99 13 W
[TEMPERATURE DATA] [PRECIPITATION DATA] SYMBOLS USED IN COLUMN 16
AVERAGE MONTHLY: 76.3 TOTAL FOR MONTH: 1.37 1 = FOG OR MIST
DPTR FM NORMAL: 4.5 DPTR FM NORMAL: 0.64 2 = FOG REDUCING VISIBILITY
HIGHEST: 101 ON 1 GRTST 24HR 1.37 ON 9- 9 TO 1/4 MILE OR LESS
LOWEST: 48 ON 3 3 = THUNDER
SNOW, ICE PELLETS, HAIL 4 = ICE PELLETS
TOTAL MONTH: 0.0 INCH 5 = HAIL
GRTST 24HR 0.0 6 = FREEZING RAIN OR DRIZZLE
GRTST DEPTH: 0 7 = DUSTSTORM OR SANDSTORM:
VSBY 1/2 MILE OR LESS
8 = SMOKE OR HAZE
[NO. OF DAYS WITH] [WEATHER - DAYS WITH] 9 = BLOWING SNOW
X = TORNADO
MAX 32 OR BELOW: 0 0.01 INCH OR MORE: 1
MAX 90 OR ABOVE: 7 0.10 INCH OR MORE: 1
MIN 32 OR BELOW: 0 0.50 INCH OR MORE: 1
MIN 0 OR BELOW: 0 1.00 INCH OR MORE: 1
[HDD (BASE 65) ]
TOTAL THIS MO. 0 CLEAR (SCALE 0-3) 9
DPTR FM NORMAL -14 PTCLDY (SCALE 4-7) 7
TOTAL FM JUL 1 715 CLOUDY (SCALE 8-10) 0
DPTR FM NORMAL -284
[CDD (BASE 65) ]
TOTAL THIS MO. 186
DPTR FM NORMAL 61 [PRESSURE DATA]
TOTAL FM JAN 1 505 HIGHEST SLP M ON M
DPTR FM NORMAL 150 LOWEST SLP 29.44 ON 9
[REMARKS]