000
CXUS52 KILM 011000
CF6CRE
PRELIMINARY LOCAL CLIMATOLOGICAL DATA (WS FORM: F-6)
STATION: N.MYRTLE BEACH SOUTH CAROLINA
MONTH: OCTOBER
YEAR: 2022
LATITUDE: 33 49 N
LONGITUDE: 78 43 W
TEMPERATURE IN F: :PCPN: SNOW: WIND :SUNSHINE: SKY :PK WND
================================================================================
1 2 3 4 5 6A 6B 7 8 9 10 11 12 13 14 15 16 17 18
12Z AVG MX 2MIN
DY MAX MIN AVG DEP HDD CDD WTR SNW DPTH SPD SPD DIR MIN PSBL S-S WX SPD DR
================================================================================
1 75 58 67 -4 0 2 0.00 M M 9.4 18 230 M M 6 24 250
2 74 58 66 -5 0 1 0.00 M M 6.6 13 350 M M 6 19 360
3 61 51 56 -15 9 0 0.00 M M 8.9 17 360 M M 9 25 30
4 70 49 60 -10 5 0 0.00 M M 5.5 18 20 M M 2 26 40
5 73 48 61 -9 4 0 0.00 M M 4.0 14 310 M M 0 21 270
6 75 51 63 -7 2 0 0.00 M M 4.3 13 200 M M 0 16 190
7 77 54 66 -3 0 1 0.00 M M 5.1 13 200 M M 0 1 18 200
8 75 60 68 -1 0 3 0.00 M M 6.8 14 50 M M 2 1 19 30
9 71 53 62 -6 3 0 0.00 M M 8.8 15 50 M M 1 19 110
10 76 57 67 -1 0 2 0.00 M M 8.6 17 80 M M 8 24 90
11 74 59 67 -1 0 2 0.00 M M 8.5 16 110 M M 7 8 22 110
12 77 60 69 2 0 4 0.00 M M 7.1 15 90 M M 3 8 19 100
13 78 66 72 5 0 7 0.57 M M 5.7 15 190 M M 6 1 21 180
14 76 55 66 -1 0 1 0.00 M M 5.2 13 360 M M 0 1 18 10
15 74 48 61 -5 4 0 0.00 M M 4.4 12 210 M M 0 1 14 210
16 81 55 68 2 0 3 0.00 M M 8.1 16 210 M M 0 21 210
17 78 65 72 6 0 7 T M M 12.7 22 210 M M 1 3 26 220
18 70 44 57 -8 8 0 0.00 M M 7.1 16 360 M M 1 24 360
19 60 37 49 -16 16 0 0.00 M M 5.3 13 280 M M 0 19 340
20 63 36 50 -14 15 0 0.00 M M 2.4 10 170 M M 0 14 160
21 69 38 54 -10 11 0 0.00 M M 2.5 12 50 M M 0 1 16 30
22 77 48 63 -1 2 0 0.00 M M 6.7 15 40 M M 3 20 10
23 74 50 62 -1 3 0 0.00 M M 6.9 17 360 M M 0 25 10
24 67 45 56 -7 9 0 0.00 M M 2.7 9 350 M M 5 12 13 10
25 71 50 61 -2 4 0 0.00 M M 3.8 10 200 M M 3 12 14 180
26 75 54 65 3 0 0 0.00 M M 5.8 18 210 M M 5 12 24 200
27 67 57 62 0 3 0 0.00 M M 9.1 18 40 M M 6 24 40
28 60 57 59 -3 6 0 0.05 M M 11.3 20 20 M M 9 1 26 30
29 62 57 60 -1 5 0 0.10 M M 9.3 16 30 M M 9 1 21 30
30 68 56 62 1 3 0 0.02 M M 5.6 14 30 M M 10 1 16 60
31 75 54 65 4 0 0 0.00 M M 6.7 15 110 M M 1 1 21 110
================================================================================
SM 2223 1630 112 33 0.74 M 204.9 M 103
================================================================================
AV 71.7 52.6 6.6 FASTST M M 3 MAX(MPH)
MISC ----> 22 210 # 26 40
================================================================================
NOTES:
# LAST OF SEVERAL OCCURRENCES
COLUMN 17 PEAK WIND IN M.P.H.
PRELIMINARY LOCAL CLIMATOLOGICAL DATA (WS FORM: F-6) , PAGE 2
STATION: N.MYRTLE BEACH SOUTH CAROLINA
MONTH: OCTOBER
YEAR: 2022
LATITUDE: 33 49 N
LONGITUDE: 78 43 W
[TEMPERATURE DATA] [PRECIPITATION DATA] SYMBOLS USED IN COLUMN 16
AVERAGE MONTHLY: 62.1 TOTAL FOR MONTH: 0.74 1 = FOG OR MIST
DPTR FM NORMAL: -3.9 DPTR FM NORMAL: -3.46 2 = FOG REDUCING VISIBILITY
HIGHEST: 81 ON 16 GRTST 24HR 0.57 ON 13-13 TO 1/4 MILE OR LESS
LOWEST: 36 ON 20 3 = THUNDER
SNOW, ICE PELLETS, HAIL 4 = ICE PELLETS
TOTAL MONTH: M 5 = HAIL
GRTST 24HR M ON M 6 = FREEZING RAIN OR DRIZZLE
GRTST DEPTH: M ON M 7 = DUSTSTORM OR SANDSTORM:
VSBY 1/2 MILE OR LESS
8 = SMOKE OR HAZE
[NO. OF DAYS WITH] [WEATHER - DAYS WITH] 9 = BLOWING SNOW
X = TORNADO
MAX 32 OR BELOW: 0 0.01 INCH OR MORE: 4
MAX 90 OR ABOVE: 0 0.10 INCH OR MORE: 2
MIN 32 OR BELOW: 0 0.50 INCH OR MORE: 1
MIN 0 OR BELOW: 0 1.00 INCH OR MORE: 0
[HDD (BASE 65) ]
TOTAL THIS MO. 112 CLEAR (SCALE 0-3) 18
DPTR FM NORMAL 33 PTCLDY (SCALE 4-7) 9
TOTAL FM JUL 1 117 CLOUDY (SCALE 8-10) 4
DPTR FM NORMAL 34
[CDD (BASE 65) ]
TOTAL THIS MO. 33
DPTR FM NORMAL -76 [PRESSURE DATA]
TOTAL FM JAN 1 1984 HIGHEST SLP 30.32 ON 11
DPTR FM NORMAL -2 LOWEST SLP 29.66 ON 18
[REMARKS]
#FINAL-10-22#