000
CXUS54 KCRP 011707
CF6CRP
PRELIMINARY LOCAL CLIMATOLOGICAL DATA (WS FORM: F-6)
STATION: CORPUS CHRISTI
MONTH: OCTOBER
YEAR: 2023
LATITUDE: 27 46 N
LONGITUDE: 97 30 W
TEMPERATURE IN F: :PCPN: SNOW: WIND :SUNSHINE: SKY :PK WND
================================================================================
1 2 3 4 5 6A 6B 7 8 9 10 11 12 13 14 15 16 17 18
12Z AVG MX 2MIN
DY MAX MIN AVG DEP HDD CDD WTR SNW DPTH SPD SPD DIR MIN PSBL S-S WX SPD DR
================================================================================
1 91 77 84 5 0 19 0.18 0.0 0 10.1 21 90 M M 6 13 31 80
2 84 78 81 2 0 16 2.41 0.0 0 10.6 22 70 M M 9 13 27 70
3 93 78 86 7 0 21 0.00 0.0 0 6.7 16 100 M M 3 3 19 100
4 93 78 86 8 0 21 0.00 0.0 0 9.0 20 120 M M 6 24 130
5 86 72 79 1 0 14 0.45 0.0 0 9.2 31 40 M M 8 1 43 40
6 86 71 79 1 0 14 0.00 0.0 0 9.5 18 30 M M 9 27 10
7 78 68 73 -5 0 8 T 0.0 0 11.6 22 20 M M 10 31 40
8 76 65 71 -6 0 6 T 0.0 0 6.9 14 30 M M 9 18 40
9 81 64 73 -4 0 8 T 0.0 0 3.7 10 110 M M 10 15 120
10 73 68 71 -6 0 6 0.11 0.0 0 6.6 15 40 M M 10 19 50
11 82 67 75 -2 0 10 0.09 0.0 0 7.5 14 30 M M 8 1 18 50
12 88 69 79 3 0 14 0.00 0.0 0 9.1 18 120 M M 4 23 130
13 92 69 81 5 0 16 0.00 0.0 0 5.7 13 30 M M 3 1 18 40
14 81 62 72 -4 0 7 0.00 0.0 0 12.4 28 40 M M 7 41 50
15 82 61 72 -4 0 7 0.00 0.0 0 12.2 22 10 M M 2 29 40
16 76 55 66 -9 0 1 0.00 0.0 0 10.2 22 10 M M 1 36 10
17 80 51 66 -9 0 1 0.00 0.0 0 5.6 13 110 M M 0 16 110
18 86 53 70 -5 0 5 0.00 0.0 0 9.5 21 150 M M 2 28 160
19 92 61 77 3 0 12 0.00 0.0 0 6.0 14 180 M M 4 19 180
20 95 63 79 5 0 14 0.00 0.0 0 4.3 14 140 M M 4 12 17 150
21 92 61 77 3 0 12 0.00 0.0 0 7.9 20 140 M M 7 12 27 140
22 91 68 80 6 0 15 0.01 0.0 0 11.6 23 130 M M 7 1 29 130
23 89 73 81 8 0 16 0.03 0.0 0 16.1 30 140 M M 6 1 38 140
24 88 79 84 11 0 19 0.00 0.0 0 19.2 30 150 M M 7 39 150
25 90 78 84 11 0 19 T 0.0 0 17.2 26 140 M M 7 34 140
26 90 80 85 13 0 20 T 0.0 0 15.6 25 150 M M 9 32 150
27 92 78 85 13 0 20 0.00 0.0 0 13.4 22 140 M M 7 29 140
28 92 76 84 12 0 19 0.00 0.0 0 13.1 23 140 M M 4 33 150
29 90 57 74 3 0 9 0.00 0.0 0 13.5 28 20 M M 5 34 10
30 57 45 51 -20 14 0 0.19 0.0 0 21.1 35 360 M M 10 1 44 360
31 60 44 52 -19 13 0 T 0.0 0 13.7 22 330 M M 8 29 350
================================================================================
SM 2626 2069 27 369 3.47 0.0 328.8 M 192
================================================================================
AV 84.7 66.7 10.6 FASTST M M 6 MAX(MPH)
MISC ----> 35 360 44 360
================================================================================
NOTES:
# LAST OF SEVERAL OCCURRENCES
COLUMN 17 PEAK WIND IN M.P.H.
PRELIMINARY LOCAL CLIMATOLOGICAL DATA (WS FORM: F-6) , PAGE 2
STATION: CORPUS CHRISTI
MONTH: OCTOBER
YEAR: 2023
LATITUDE: 27 46 N
LONGITUDE: 97 30 W
[TEMPERATURE DATA] [PRECIPITATION DATA] SYMBOLS USED IN COLUMN 16
AVERAGE MONTHLY: 75.7 TOTAL FOR MONTH: 3.47 1 = FOG OR MIST
DPTR FM NORMAL: 0.6 DPTR FM NORMAL: 0.34 2 = FOG REDUCING VISIBILITY
HIGHEST: 95 ON 20 GRTST 24HR 2.47 ON 1- 2 TO 1/4 MILE OR LESS
LOWEST: 44 ON 31 3 = THUNDER
SNOW, ICE PELLETS, HAIL 4 = ICE PELLETS
TOTAL MONTH: 0.0 INCH 5 = HAIL
GRTST 24HR 0.0 6 = FREEZING RAIN OR DRIZZLE
GRTST DEPTH: 0 7 = DUSTSTORM OR SANDSTORM:
VSBY 1/2 MILE OR LESS
8 = SMOKE OR HAZE
[NO. OF DAYS WITH] [WEATHER - DAYS WITH] 9 = BLOWING SNOW
X = TORNADO
MAX 32 OR BELOW: 0 0.01 INCH OR MORE: 8
MAX 90 OR ABOVE: 13 0.10 INCH OR MORE: 5
MIN 32 OR BELOW: 0 0.50 INCH OR MORE: 1
MIN 0 OR BELOW: 0 1.00 INCH OR MORE: 1
[HDD (BASE 65) ]
TOTAL THIS MO. 27 CLEAR (SCALE 0-3) 5
DPTR FM NORMAL 15 PTCLDY (SCALE 4-7) 16
TOTAL FM JUL 1 27 CLOUDY (SCALE 8-10) 10
DPTR FM NORMAL 19
[CDD (BASE 65) ]
TOTAL THIS MO. 369
DPTR FM NORMAL 42 [PRESSURE DATA]
TOTAL FM JAN 1 4353 HIGHEST SLP 30.41 ON 31
DPTR FM NORMAL 798 LOWEST SLP 29.62 ON 12
[REMARKS]
#FINAL-10-23#