000
CXUS54 KFWD 010730
CF6CRS
PRELIMINARY LOCAL CLIMATOLOGICAL DATA (WS FORM: F-6)
STATION: CORSICANA
MONTH: SEPTEMBER
YEAR: 2023
LATITUDE: 32 1 N
LONGITUDE: 96 24 W
TEMPERATURE IN F: :PCPN: SNOW: WIND :SUNSHINE: SKY :PK WND
================================================================================
1 2 3 4 5 6A 6B 7 8 9 10 11 12 13 14 15 16 17 18
12Z AVG MX 2MIN
DY MAX MIN AVG DEP HDD CDD WTR SNW DPTH SPD SPD DIR MIN PSBL S-S WX SPD DR
================================================================================
1 98 75 87 5 0 22 0.00 M M 7.0 15 110 M M 0 20 200
2 99 68 84 2 0 19 0.00 M M 4.4 12 50 M M 0 18 80
3 100 77 89 7 0 24 T M M 8.2 25 170 M M 1 3 33 170
4 100 80 90 8 0 25 0.00 M M 11.2 20 150 M M 0 31 140
5 102 81 92 10 0 27 0.00 M M 11.2 21 160 M M 1 28 190
6 104 80 92 11 0 27 0.00 M M 8.6 17 240 M M 0 24 170
7 107 80 94 13 0 29 0.00 M M 8.0 14 200 M M 0 26 220
8 110 82 96 15 0 31 T M M 10.0 28 160 M M 0 3 39 150
9 96 73 85 5 0 20 0.18 M M 8.5 24 150 M M 1 3 31 190
10 94 70 82 2 0 17 0.00 M M 6.1 14 120 M M 0 20 100
11 89 70 80 0 0 15 0.00 M M 6.5 16 310 M M 1 20 310
12 94 74 84 4 0 19 0.00 M M 6.6 15 350 M M 4 23 360
13 83 72 78 -1 0 13 0.02 M M 6.4 10 80 M M 8 18 15 80
14 78 71 75 -4 0 10 1.57 M M 6.4 12 120 M M 8 13 14 120
15 83 73 78 -1 0 13 0.09 M M 4.6 12 110 M M 7 1 14 110
16 88 71 80 2 0 15 0.00 M M 3.2 9 360 M M 2 1 15 20
17 92 70 81 3 0 16 0.00 M M 3.6 13 360 M M 1 18 10
18 92 66 79 1 0 14 0.00 M M 4.7 16 150 M M 0 23 140
19 94 69 82 4 0 17 0.01 M M 10.6 21 160 M M 1 3 27 160
20 94 70 82 5 0 17 T M M 10.7 22 160 M M 1 3 29 170
21 93 73 83 6 0 18 0.00 M M 7.5 12 100 M M 2 20 160
22 97 76 87 10 0 22 0.00 M M 9.5 21 180 M M 0 28 180
23 97 78 88 12 0 23 0.00 M M 11.5 20 150 M M 1 34 170
24 99 73 86 10 0 21 0.65 M M 12.6 26 30 M M 2 138 46 30
25 91 72 82 6 0 17 0.04 M M 6.1 18 50 M M 4 13 28 60
26 93 73 83 7 0 18 0.00 M M 5.2 12 80 M M 0 1 18 50
27 95 71 83 8 0 18 0.00 M M 3.8 12 110 M M 0 15 50
28 96 73 85 10 0 20 0.00 M M 5.7 14 160 M M 1 19 150
29 93 73 83 8 0 18 0.00 M M 6.9 14 100 M M 0 21 120
30 93 71 82 8 0 17 0.00 M M 6.3 14 80 M M 0 19 80
================================================================================
SM 2844 2205 0 582 2.56 M 221.6 M 46
================================================================================
AV 94.8 73.5 7.4 FASTST M M 2 MAX(MPH)
MISC ----> 28 160 46 30
================================================================================
NOTES:
# LAST OF SEVERAL OCCURRENCES
COLUMN 17 PEAK WIND IN M.P.H.
PRELIMINARY LOCAL CLIMATOLOGICAL DATA (WS FORM: F-6) , PAGE 2
STATION: CORSICANA
MONTH: SEPTEMBER
YEAR: 2023
LATITUDE: 32 1 N
LONGITUDE: 96 24 W
[TEMPERATURE DATA] [PRECIPITATION DATA] SYMBOLS USED IN COLUMN 16
AVERAGE MONTHLY: 84.2 TOTAL FOR MONTH: 2.56 1 = FOG OR MIST
DPTR FM NORMAL: 5.6 DPTR FM NORMAL: 0.03 2 = FOG REDUCING VISIBILITY
HIGHEST: 110 ON 8 GRTST 24HR 1.57 ON 14-14 TO 1/4 MILE OR LESS
LOWEST: 66 ON 18 3 = THUNDER
SNOW, ICE PELLETS, HAIL 4 = ICE PELLETS
TOTAL MONTH: M 5 = HAIL
GRTST 24HR M ON M 6 = FREEZING RAIN OR DRIZZLE
GRTST DEPTH: M ON M 7 = DUSTSTORM OR SANDSTORM:
VSBY 1/2 MILE OR LESS
8 = SMOKE OR HAZE
[NO. OF DAYS WITH] [WEATHER - DAYS WITH] 9 = BLOWING SNOW
X = TORNADO
MAX 32 OR BELOW: 0 0.01 INCH OR MORE: 7
MAX 90 OR ABOVE: 25 0.10 INCH OR MORE: 3
MIN 32 OR BELOW: 0 0.50 INCH OR MORE: 2
MIN 0 OR BELOW: 0 1.00 INCH OR MORE: 1
[HDD (BASE 65) ]
TOTAL THIS MO. 0 CLEAR (SCALE 0-3) 25
DPTR FM NORMAL -2 PTCLDY (SCALE 4-7) 5
TOTAL FM JUL 1 0 CLOUDY (SCALE 8-10) 0
DPTR FM NORMAL 0
[CDD (BASE 65) ]
TOTAL THIS MO. 582
DPTR FM NORMAL 174 [PRESSURE DATA]
TOTAL FM JAN 1 3247 HIGHEST SLP M ON M
DPTR FM NORMAL 683 LOWEST SLP 29.75 ON 24
[REMARKS]
#FINAL-09-23#