000
CXUS54 KOUN 010910
CF6CSM
PRELIMINARY LOCAL CLIMATOLOGICAL DATA (WS FORM: F-6)
STATION: CLINTON
MONTH: FEBRUARY
YEAR: 2024
LATITUDE: 35 20 N
LONGITUDE: 99 12 W
TEMPERATURE IN F: :PCPN: SNOW: WIND :SUNSHINE: SKY :PK WND
================================================================================
1 2 3 4 5 6A 6B 7 8 9 10 11 12 13 14 15 16 17 18
12Z AVG MX 2MIN
DY MAX MIN AVG DEP HDD CDD WTR SNW DPTH SPD SPD DIR MIN PSBL S-S WX SPD DR
================================================================================
1 67 46 57 18 8 0 0.03 M M 16.1 25 190 M M 1 32 190
2 63 47 55 16 10 0 0.29 M M 14.5 37 240 M M 4 13 47 240
3 58 47 53 13 12 0 0.00 M M 14.0 25 170 M M 5 12 32 170
4 51 43 47 7 18 0 0.08 M M 15.4 26 360 M M 10 1 35 350
5 58 38 48 8 17 0 T 0.0 M 11.1 22 10 M M 5 28 10
6 57 35 46 6 19 0 0.00 0.0 M 11.9 21 150 M M 0 1 26 150
7 55 45 50 10 15 0 T 0.0 M 18.8 30 170 M M 1 40 180
8 65 41 53 13 12 0 0.00 0.0 0 18.5 28 230 M M 0 34 230
9 57 38 48 8 17 0 0.00 M M 12.4 21 230 M M 0 27 240
10 48 35 42 2 23 0 T M M 14.3 24 20 M M 5 32 10
11 35 32 34 -7 31 0 0.04 M M 19.6 28 360 M M 10 12 35 360
12 50 24 37 -4 28 0 0.00 M M 9.4 16 330 M M 0 21 330
13 57 31 44 3 21 0 0.00 M M 11.8 22 210 M M 0 28 200
14 60 38 49 8 16 0 0.00 M M 17.9 30 180 M M 0 37 180
15 53 1 27 -14 38 0 0.00 M M 10.6 23 10 M M 0 8 28 20
16 40 1 21 -21 44 0 T M M 21.4 36 10 M M 3 8 47 20
17 36 25 31 -11 34 0 0.00 M M 13.3 25 10 M M 6 33 20
18 51 22 37 -5 28 0 0.00 M M 11.7 18 180 M M 0 24 190
19 67 30 49 7 16 0 0.00 M M 12.4 22 340 M M 0 30 330
20 70 36 53 10 12 0 0.00 M M 10.4 21 160 M M 0 25 170
21 77 43 60 17 5 0 0.00 M M 13.1 21 170 M M 0 26 180
22 68 43 56 13 9 0 0.00 M M 18.2 31 330 M M 0 41 340
23 65 38 52 9 13 0 0.00 M M 10.9 23 330 M M 1 32 300
24 72 33 53 9 12 0 0.00 M M 13.1 28 220 M M 0 42 220
25 78 39 59 15 6 0 0.00 M M 10.6 21 190 M M 0 27 190
26 87 48 68 24 0 3 T M M 17.3 36 250 M M 0 47 260
27 80 32 56 11 9 0 0.00 0.0 0 22.9 41 360 M M 3 54 250
28 47 25 36 -9 29 0 0.00 M M 13.2 33 350 M M 0 45 360
29 40 25 33 -12 32 0 0.06 M M 12.5 21 170 M M 6 8 27 180
================================================================================
SM 1712 981 534 3 0.50 0.0 417.3 M 60
================================================================================
AV 59.0 33.8 14.4 FASTST M M 2 MAX(MPH)
MISC ----> 41 360 54 250
================================================================================
NOTES:
# LAST OF SEVERAL OCCURRENCES
COLUMN 17 PEAK WIND IN M.P.H.
PRELIMINARY LOCAL CLIMATOLOGICAL DATA (WS FORM: F-6) , PAGE 2
STATION: CLINTON
MONTH: FEBRUARY
YEAR: 2024
LATITUDE: 35 20 N
LONGITUDE: 99 12 W
[TEMPERATURE DATA] [PRECIPITATION DATA] SYMBOLS USED IN COLUMN 16
AVERAGE MONTHLY: 46.4 TOTAL FOR MONTH: 0.50 1 = FOG OR MIST
DPTR FM NORMAL: 4.8 DPTR FM NORMAL: -0.28 2 = FOG REDUCING VISIBILITY
HIGHEST: 87 ON 26 GRTST 24HR 0.29 ON 2- 2 TO 1/4 MILE OR LESS
LOWEST: 1 ON 16,15 3 = THUNDER
SNOW, ICE PELLETS, HAIL 4 = ICE PELLETS
TOTAL MONTH: 0.0 INCH 5 = HAIL
GRTST 24HR 0.0 6 = FREEZING RAIN OR DRIZZLE
GRTST DEPTH: 0 7 = DUSTSTORM OR SANDSTORM:
VSBY 1/2 MILE OR LESS
8 = SMOKE OR HAZE
[NO. OF DAYS WITH] [WEATHER - DAYS WITH] 9 = BLOWING SNOW
X = TORNADO
MAX 32 OR BELOW: 0 0.01 INCH OR MORE: 5
MAX 90 OR ABOVE: 0 0.10 INCH OR MORE: 1
MIN 32 OR BELOW: 11 0.50 INCH OR MORE: 0
MIN 0 OR BELOW: 0 1.00 INCH OR MORE: 0
[HDD (BASE 65) ]
TOTAL THIS MO. 534 CLEAR (SCALE 0-3) 20
DPTR FM NORMAL -122 PTCLDY (SCALE 4-7) 7
TOTAL FM JUL 1 2732 CLOUDY (SCALE 8-10) 2
DPTR FM NORMAL -295
[CDD (BASE 65) ]
TOTAL THIS MO. 3
DPTR FM NORMAL 3 [PRESSURE DATA]
TOTAL FM JAN 1 3 HIGHEST SLP 30.53 ON 17
DPTR FM NORMAL 3 LOWEST SLP 29.40 ON 27
[REMARKS]
#FINAL-02-24#