000
CXUS55 KOHX 191110
CF6CSV
PRELIMINARY LOCAL CLIMATOLOGICAL DATA (WS FORM: F-6)
STATION: CROSSVILLE
MONTH: APRIL
YEAR: 2024
LATITUDE: 35 57 N
LONGITUDE: 85 5 W
TEMPERATURE IN F: :PCPN: SNOW: WIND :SUNSHINE: SKY :PK WND
================================================================================
1 2 3 4 5 6A 6B 7 8 9 10 11 12 13 14 15 16 17 18
12Z AVG MX 2MIN
DY MAX MIN AVG DEP HDD CDD WTR SNW DPTH SPD SPD DIR MIN PSBL S-S WX SPD DR
================================================================================
1 72 61 67 16 0 2 0.00 M M 5.6 14 220 M M 8 22 200
2 73 56 65 14 0 0 1.24 M M 8.8 24 280 M M 8 13 38 220
3 56 40 48 -3 17 0 0.09 M M 11.4 25 270 M M 9 1 34 250
4 46 35 41 -11 24 0 T M M 11.9 25 270 M M 10 37 290
5 44 34 39 -13 26 0 T M M 7.5 16 350 M M 9 1 23 320
6 57 30 44 -8 21 0 0.00 M M 4.6 17 60 M M 0 23 50
7 69 36 53 0 12 0 0.00 M M 6.0 14 190 M M 2 25 190
8 66 51 59 6 6 0 0.14 M M 5.9 9 180 M M 7 1 20 99
9 60 52 56 3 9 0 0.26 M M 6.0 14 180 M M 10 1 26 190
10 64 56 60 6 5 0 0.03 M M 7.5 15 140 M M 9 1 26 220
11 68 48 58 4 7 0 0.36 M M 11.1 30 270 M M 9 13 48 280
12 55 43 49 -5 16 0 0.03 M M 12.5 35 280 M M 5 50 250
13 69 39 54 -1 11 0 0.00 M M 6.9 21 270 M M 0 30 270
14 79 53 66 11 0 1 0.00 M M 8.8 26 260 M M 0 39 230
15 80 57 69 14 0 4 0.00 M M 7.5 17 270 M M 1 26 260
16 79 58 69 13 0 4 0.00 M M 5.5 15 200 M M 1 25 200
17 69 59 64 8 1 0 0.17 M M 6.4 14 220 M M 6 1 28 170
18 80 60 70 14 0 5 0.00 M M 3.9 10 220 M M 5 1 20 240
================================================================================
SM 1186 868 155 16 2.32 M 137.8 M 99
================================================================================
AV 65.9 48.2 7.7 FASTST M M 6 MAX(MPH)
MISC ----> 35 280 50 250
================================================================================
NOTES:
# LAST OF SEVERAL OCCURRENCES
COLUMN 17 PEAK WIND IN M.P.H.
PRELIMINARY LOCAL CLIMATOLOGICAL DATA (WS FORM: F-6) , PAGE 2
STATION: CROSSVILLE
MONTH: APRIL
YEAR: 2024
LATITUDE: 35 57 N
LONGITUDE: 85 5 W
[TEMPERATURE DATA] [PRECIPITATION DATA] SYMBOLS USED IN COLUMN 16
AVERAGE MONTHLY: 57.1 TOTAL FOR MONTH: 2.32 1 = FOG OR MIST
DPTR FM NORMAL: 3.6 DPTR FM NORMAL: -0.90 2 = FOG REDUCING VISIBILITY
HIGHEST: 80 ON 18,15 GRTST 24HR 1.31 ON 2- 3 TO 1/4 MILE OR LESS
LOWEST: 30 ON 6 3 = THUNDER
SNOW, ICE PELLETS, HAIL 4 = ICE PELLETS
TOTAL MONTH: M 5 = HAIL
GRTST 24HR M ON M 6 = FREEZING RAIN OR DRIZZLE
GRTST DEPTH: M ON M 7 = DUSTSTORM OR SANDSTORM:
VSBY 1/2 MILE OR LESS
8 = SMOKE OR HAZE
[NO. OF DAYS WITH] [WEATHER - DAYS WITH] 9 = BLOWING SNOW
X = TORNADO
MAX 32 OR BELOW: 0 0.01 INCH OR MORE: 8
MAX 90 OR ABOVE: 0 0.10 INCH OR MORE: 5
MIN 32 OR BELOW: 1 0.50 INCH OR MORE: 1
MIN 0 OR BELOW: 0 1.00 INCH OR MORE: 1
[HDD (BASE 65) ]
TOTAL THIS MO. 155 CLEAR (SCALE 0-3) 6
DPTR FM NORMAL -55 PTCLDY (SCALE 4-7) 4
TOTAL FM JUL 1 3626 CLOUDY (SCALE 8-10) 8
DPTR FM NORMAL -547
[CDD (BASE 65) ]
TOTAL THIS MO. 16
DPTR FM NORMAL 16 [PRESSURE DATA]
TOTAL FM JAN 1 16 HIGHEST SLP M ON M
DPTR FM NORMAL 15 LOWEST SLP 29.37 ON 11
[REMARKS]